{"id":10883,"date":"2020-04-30T20:06:44","date_gmt":"2020-04-30T18:06:44","guid":{"rendered":"https:\/\/www.jkg-bruchsal.de\/?page_id=10883"},"modified":"2025-09-10T16:17:42","modified_gmt":"2025-09-10T14:17:42","slug":"it-ausstattung","status":"publish","type":"page","link":"https:\/\/www.jkg-bruchsal.de\/?page_id=10883","title":{"rendered":"IT-Ausstattung"},"content":{"rendered":"<h3>Informationstechnische Infrastruktur am JKG<\/h3>\n<p>Jede(r) Sch\u00fcler*in erh\u00e4lt zu Beginn seines Schulbesuchs am JKG seine Zugangsdaten. Diese werden u.a. f\u00fcr die Nutzung der Computer und Laptops der Schule, aber auch f\u00fcr den digitalen Vertretungsplan (WebUntis) oder f\u00fcr Online-Plattformen wie z.B. Moodle verwendet. In Begleitung einer Lehrkraft k\u00f6nnen Sch\u00fcler*innen in einem Computerraum der Schule ihr Passwort \u00e4ndern. Hierf\u00fcr und auch bei Verlust der Zugangsdaten dient das Klassenlehrerteam als Ansprechpartner.<\/p>\n<p>Die Online-Plattformen sind \u00fcber unsere Service-Seite erreichbar: <a href=\"https:\/\/service.jkg-bruchsal.de\/\" rel=\"noopener noreferrer\" target=\"_blank\">https:\/\/service.jkg-bruchsal.de\/<\/a> <\/p>\n<h3>Nachhaltige IT mit Open-Source-Philosophie<\/h3>\n<p>In unseren Computerr\u00e4umen, Fachr\u00e4umen und Klassenzimmern stehen zu Unterrichtszwecken gebrauchte und aufbereitete Business-PCs zur Verf\u00fcgung, die in der Regel aus Spenden regionaler Beh\u00f6rden und Einrichtungen stammen. Genutzt wird auf den schulischen Ger\u00e4ten durchweg Software, die auch zu Hause kostenlos und frei benutzt werden darf.<\/p>\n<p>Tutorials und Tipps zu unseren Lernplattformen sind hier zu finden: <a href=\"https:\/\/www.jkg-bruchsal.de\/?page_id=10774\">Anleitungen<\/a><\/p>\n","protected":false},"excerpt":{"rendered":"<p>Informationstechnische Infrastruktur am JKG Jede(r) Sch\u00fcler*in erh\u00e4lt zu Beginn seines Schulbesuchs am JKG seine Zugangsdaten. Diese werden u.a. f\u00fcr die Nutzung der Computer und Laptops der Schule, aber auch f\u00fcr den digitalen Vertretungsplan (WebUntis) oder f\u00fcr Online-Plattformen wie z.B. Moodle verwendet. In Begleitung einer Lehrkraft k\u00f6nnen Sch\u00fcler*innen in einem Computerraum der Schule ihr Passwort \u00e4ndern. [&hellip;]<\/p>\n","protected":false},"author":2,"featured_media":0,"parent":0,"menu_order":0,"comment_status":"closed","ping_status":"closed","template":"","meta":{"footnotes":""},"class_list":["post-10883","page","type-page","status-publish","hentry"],"_links":{"self":[{"href":"https:\/\/www.jkg-bruchsal.de\/index.php?rest_route=\/wp\/v2\/pages\/10883","targetHints":{"allow":["GET"]}}],"collection":[{"href":"https:\/\/www.jkg-bruchsal.de\/index.php?rest_route=\/wp\/v2\/pages"}],"about":[{"href":"https:\/\/www.jkg-bruchsal.de\/index.php?rest_route=\/wp\/v2\/types\/page"}],"author":[{"embeddable":true,"href":"https:\/\/www.jkg-bruchsal.de\/index.php?rest_route=\/wp\/v2\/users\/2"}],"replies":[{"embeddable":true,"href":"https:\/\/www.jkg-bruchsal.de\/index.php?rest_route=%2Fwp%2Fv2%2Fcomments&post=10883"}],"version-history":[{"count":1,"href":"https:\/\/www.jkg-bruchsal.de\/index.php?rest_route=\/wp\/v2\/pages\/10883\/revisions"}],"predecessor-version":[{"id":16552,"href":"https:\/\/www.jkg-bruchsal.de\/index.php?rest_route=\/wp\/v2\/pages\/10883\/revisions\/16552"}],"wp:attachment":[{"href":"https:\/\/www.jkg-bruchsal.de\/index.php?rest_route=%2Fwp%2Fv2%2Fmedia&parent=10883"}],"curies":[{"name":"wp","href":"https:\/\/api.w.org\/{rel}","templated":true}]}}