{"id":11075,"date":"2020-06-21T21:43:56","date_gmt":"2020-06-21T19:43:56","guid":{"rendered":"https:\/\/www.jkg-bruchsal.de\/?page_id=11075"},"modified":"2020-07-29T21:46:19","modified_gmt":"2020-07-29T19:46:19","slug":"spendenaktion-fuer-die-bruchsaler-tafel","status":"publish","type":"page","link":"https:\/\/www.jkg-bruchsal.de\/?page_id=11075","title":{"rendered":"Spendenaktion f\u00fcr die Bruchsaler Tafel"},"content":{"rendered":"<p>Liebe Leserinnen und Leser unseres Beitrags!<\/p>\n<p>vielen herzlichen Dank an alle, die unsere Aktion unterst\u00fctzt haben! Hier ist ein Bericht \u00fcber unser Projekt zu lesen: <a href=\"https:\/\/www.jkg-bruchsal.de\/?page_id=1368#Benefiz2020\" rel=\"noopener noreferrer\" target=\"_blank\">Eigentlich hatten wir ein Benefizkonzert geplant, doch dann kam Corona &#8230;<\/a><\/p>\n<p>Auch wenn unser Projekt leider zu Ende ist, k\u00f6nnen Sie hier unsere Videobeitr\u00e4ge weiterhin ansehen:<\/p>\n<p><\/br><\/p>\n<div align=\"center\" class=\"embed-responsive embed-responsive-16by9\">\n    <video class=\"embed-responsive-item\" controls><source src=\"https:\/\/www.jkg-bruchsal.de\/wordpress\/inhalte\/uploads\/2020\/06\/Tafel_Bruchsal.mp4\" type=\"video\/mp4\"><\/video>\n<\/div>\n<p><\/br><\/p>\n<div align=\"center\" class=\"embed-responsive embed-responsive-16by9\">\n    <video class=\"embed-responsive-item\" controls><source src=\"https:\/\/www.jkg-bruchsal.de\/wordpress\/inhalte\/uploads\/2020\/06\/Spendenaufruf_Tafel.mp4\" type=\"video\/mp4\"><\/video>\n<\/div>\n<p><\/br><\/p>\n<p>Weitere Informationen \u00fcber den Tafelladen der Cariats sind hier zu finden: <a href=\"https:\/\/www.caritas-bruchsal.de\/hilfenundangebote\/beduerftigemenschen\/tafelladen\/tafelladen.aspx\" rel=\"noopener noreferrer\" target=\"_blank\">Bruchsaler Tafel (externer Link)<\/a><\/p>\n<p><strong>Danke f\u00fcrs Anschauen!<br \/>\nDie Projektgruppe &#8222;Benefizkonzert&#8220;<\/strong><\/p>\n","protected":false},"excerpt":{"rendered":"<p>Liebe Leserinnen und Leser unseres Beitrags! vielen herzlichen Dank an alle, die unsere Aktion unterst\u00fctzt haben! Hier ist ein Bericht \u00fcber unser Projekt zu lesen: Eigentlich hatten wir ein Benefizkonzert geplant, doch dann kam Corona &#8230; Auch wenn unser Projekt leider zu Ende ist, k\u00f6nnen Sie hier unsere Videobeitr\u00e4ge weiterhin ansehen: Weitere Informationen \u00fcber den [&hellip;]<\/p>\n","protected":false},"author":2,"featured_media":0,"parent":0,"menu_order":0,"comment_status":"closed","ping_status":"closed","template":"","meta":{"footnotes":""},"class_list":["post-11075","page","type-page","status-publish","hentry"],"_links":{"self":[{"href":"https:\/\/www.jkg-bruchsal.de\/index.php?rest_route=\/wp\/v2\/pages\/11075","targetHints":{"allow":["GET"]}}],"collection":[{"href":"https:\/\/www.jkg-bruchsal.de\/index.php?rest_route=\/wp\/v2\/pages"}],"about":[{"href":"https:\/\/www.jkg-bruchsal.de\/index.php?rest_route=\/wp\/v2\/types\/page"}],"author":[{"embeddable":true,"href":"https:\/\/www.jkg-bruchsal.de\/index.php?rest_route=\/wp\/v2\/users\/2"}],"replies":[{"embeddable":true,"href":"https:\/\/www.jkg-bruchsal.de\/index.php?rest_route=%2Fwp%2Fv2%2Fcomments&post=11075"}],"version-history":[{"count":0,"href":"https:\/\/www.jkg-bruchsal.de\/index.php?rest_route=\/wp\/v2\/pages\/11075\/revisions"}],"wp:attachment":[{"href":"https:\/\/www.jkg-bruchsal.de\/index.php?rest_route=%2Fwp%2Fv2%2Fmedia&parent=11075"}],"curies":[{"name":"wp","href":"https:\/\/api.w.org\/{rel}","templated":true}]}}