{"id":112,"date":"2015-07-18T17:03:27","date_gmt":"2015-07-18T15:03:27","guid":{"rendered":"http:\/\/www.jkg-bruchsal.de\/wordpress\/?page_id=112"},"modified":"2025-10-16T11:32:00","modified_gmt":"2025-10-16T09:32:00","slug":"arbeitsgemeinschaften","status":"publish","type":"page","link":"https:\/\/www.jkg-bruchsal.de\/?page_id=112","title":{"rendered":"Arbeitsgemeinschaften"},"content":{"rendered":"<h4>Willkommen auf der AG-Seite des JKG!<\/h4>\n<p><\/br><br \/>\n<em><FONT COLOR=\"#FF0000\">Stand: 16.10.2025<\/FONT><\/em><br \/>\n<\/br><\/p>\n<p>Liebe Sch\u00fclerinnen und Sch\u00fcler, liebe Eltern,<\/p>\n<div class=\"row\">\n<div class=\"col-md-8\">\n<p>am JKG besteht die M\u00f6glichkeit neben dem Pflichtunterricht verschiedene Arbeitsgemeinschaften zu besuchen. Hier erhalten alle Sch\u00fclerinnen und Sch\u00fcler die Gelegenheit, ihren besonderen Neigungen und Talenten nachzugehen. Eine regelm\u00e4\u00dfige Teilnahme ist nat\u00fcrlich unerl\u00e4sslich, um ein erfolgreiches Arbeiten der AG garantieren zu k\u00f6nnen.<\/p>\n<p>Eure Lehrerinnen und Lehrer freuen sich \u00fcber eine rege Teilnahme.<\/p>\n<p><\/br>\n<\/div>\n<div class=\"col-md-3\">\n  <center><a href=\"https:\/\/www.jkg-bruchsal.de\/wordpress\/inhalte\/uploads\/2022\/10\/justi_sbw.jpg\" data-rel=\"lightbox-image-0\" data-rl_title=\"\" data-rl_caption=\"\" title=\"\"><img decoding=\"async\" class=\"img-responsive\" src=\"https:\/\/www.jkg-bruchsal.de\/wordpress\/inhalte\/uploads\/2022\/10\/justi_sbw.jpg\" alt=\"Justi schwarz wei\u00df\" \/><\/a><\/center>\n<\/div>\n<\/div>\n<p>Im Schuljahr 2025\/26 wird es folgendes AG-Angebot am JKG geben:<\/p>\n<p><\/p>\n<div class=\"table-responsive\">\n<table class=\"table table-hover table-bordered table-jkg\">\n<thead>\n<tr>\n<th>AG<\/th>\n<th>Kurzinfo<\/th>\n<th>Leitung<\/th>\n<th>Teilnehmende<\/th>\n<th>Termin, Ort<\/th>\n<\/tr>\n<\/thead>\n<tbody>\n<tr>\n<td><strong>Big Band<\/strong><\/td>\n<td>Dich erwarten Rock, Pop &#038; Jazz im Bigband-Sound und jede Menge Spa\u00df am gemeinsamen Musikmachen!<br \/> <br \/>\n<a href=\"https:\/\/www.jkg-bruchsal.de\/?page_id=1751\">AG-Vorstellung<\/a><\/td>\n<td>Herr Westermann<\/td>\n<td>Klasse 8-13<\/td>\n<td>Donnerstag, 14:00 &#8211; 14:45 Uhr, Mu1, Start: 02.10.2025<\/td>\n<\/tr>\n<tr>\n<td><strong>DELF-AG<\/strong><\/td>\n<td>Vorbereitung auf das Franz\u00f6sische Sprach-Diplom auf das Niveau B1.<br \/> <br \/>\n<a href=\"https:\/\/www.jkg-bruchsal.de\/?page_id=1767\">AG-Vorstellung<\/a><\/td>\n<td>Frau Fath<\/td>\n<td>Klasse 10+11 <\/td>\n<td>dienstags 8.-9. Stunde (14-t\u00e4gig), Raum 311, Start: 14.10.25<\/td>\n<\/tr>\n<tr>\n<td><strong>Energie-AG<\/strong><\/td>\n<td>Die AG richtet sich an alle an Umweltschutz und Naturwissenschaften Interessierten.<\/td>\n<td>Frau Tataru<\/td>\n<td>Klasse 5-11<\/td>\n<td>Donnerstag, 13:45 bis 14:50 Uhr, Raum 306<\/td>\n<\/tr>\n<tr>\n<td><strong>Fu\u00dfball-AG<\/strong><\/td>\n<td>F\u00fcr interessierte Fu\u00dfballer und Fu\u00dfballerinnen, die Spa\u00df am Kicken haben! <\/td>\n<td>Frau Bjelanovic<\/td>\n<td>Klasse 5-6<\/td>\n<td>Freitag, 7. Stunde, Turnhalle Hauptgeb\u00e4ude (Start 10.10.25)<\/td>\n<\/tr>\n<tr>\n<td><strong>Jazz Kids&#8216; Gang<\/strong><\/td>\n<td>Unsere Schulband mit vielen Blasinstrumenten, Schlagzeug, E-Bass, E-Gitarre und Vielem mehr.<br \/>\n<a href=\"https:\/\/www.jkg-bruchsal.de\/?page_id=1749\">AG-Vorstellung<\/a><\/td>\n<td>Herr Kowollik<\/td>\n<td>Klasse 5-7<\/td>\n<td>Dienstag, 7. Stunde, gro\u00dfer Musiksaal (Start: 23.09.25)<\/td>\n<\/tr>\n<tr>\n<td><strong>JKG-Chor<\/strong><\/td>\n<td>Unser gro\u00dfer Chor f\u00fcr Eltern, Sch\u00fcler, Lehrer, Ehemalige<\/td>\n<td>Herr Wippel<\/td>\n<td>ab Klasse 5<\/td>\n<td>Montag, 18:00 bis 19:30 Uhr, Aula<\/td>\n<\/tr>\n<tr>\n<td><strong>OberstufenChor<\/strong><\/td>\n<td><\/td>\n<td>Herr Wippel<\/td>\n<td>Klasse 9-13<\/td>\n<td>Termin und Raum nach Absprache<\/td>\n<\/tr>\n<tr>\n<td><strong>Orchester<\/strong><\/td>\n<td>Wir spielen eine sch\u00f6ne Mischung aus klassischen St\u00fccken, Musicalst\u00fccken und Poparrangements.<br \/>\n<a href=\"https:\/\/www.jkg-bruchsal.de\/?page_id=1747\">AG-Vorstellung<\/a><\/td>\n<\/td>\n<td>Frau Bregler<\/td>\n<td>Klasse 5-13<\/td>\n<td>Dienstag, 7. Stunde, kleiner Musiksaal (Start: 23.10.25)<\/td>\n<\/tr>\n<tr>\n<td><strong>PrayStation-AG<\/strong><\/td>\n<td>Gemeinsam christlichen Glauben erleben und entdecken (z.B. beim Spielen\/Singen\/Beten\/Essen\/Austausch\/Film) <br \/>\n<a href=\"https:\/\/www.jkg-bruchsal.de\/?page_id=15595\">AG-Vorstellung<\/a><\/td>\n<\/td>\n<td>Herr Gayer<\/td>\n<td>Klasse 6-13<\/td>\n<td>Donnerstag  (gr. Musiksaal) und Freitag (Seelsorgezimmer), jeweils in der gr. Pause um 11:00 Uhr <\/td>\n<\/tr>\n<tr>\n<td><strong>Rechtschreibtraining<\/strong><\/td>\n<td>Erarbeitung von Rechtschreibstrategien nach der FRESCH-Methode, <a href=\"https:\/\/www.jkg-bruchsal.de\/?page_id=4957\">AG-Vorstellung<\/a><\/td>\n<td>Frau Winkenwerder, Frau Bail<\/td>\n<td>Klasse 5<\/td>\n<td>Zwei Gruppen: Dienstag (Raum 13) und Freitag (Raum 27), jeweils 7. Stunde (Teilnahme nach Einladung, Beginn in der Woche nach den Herbstferien)<\/td>\n<\/tr>\n<tr>\n<td><strong>Schach-AG<\/strong><\/td>\n<td>\n<a href=\"https:\/\/www.jkg-bruchsal.de\/?page_id=1765\">AG-Vorstellung<\/a><\/td>\n<\/td>\n<td>Herr Noll<\/td>\n<td>Klasse 5-13<\/td>\n<td>Freitag, 7. Stunde, Raum 304, Start: 10.10.25<\/td>\n<\/tr>\n<tr>\n<td><strong>Technik-AG<\/strong><\/td>\n<td>Ton-, Licht- und Veranstaltungstechnik<br \/>\n<a href=\"https:\/\/www.jkg-bruchsal.de\/?page_id=5947\">AG-Vorstellung<\/a><\/td>\n<\/td>\n<td>Herr Blum, Herr Kowollik<\/td>\n<td>Klasse 8-13<\/td>\n<td>nach Vereinbarung<\/td>\n<\/tr>\n<tr>\n<td><strong>Theater-AG<\/strong><\/td>\n<td>Die Theater-AG freut sich immer \u00fcber Neueinsteiger!<br \/>\n<a href=\"https:\/\/www.jkg-bruchsal.de\/?page_id=1739\">AG-Vorstellung<\/a><\/td>\n<\/td>\n<td>Herr Noll<\/td>\n<td>Klasse 7-13<\/td>\n<td>Freitag, 13:45 Uhr, Aula<\/td>\n<\/tr>\n<tr>\n<td><strong>Unterstufenchor<\/strong><\/td>\n<td>Sing mal wieder &#8211; ob Pop, Rock oder Weihnachtslieder! <\/td>\n<td>Frau Doppelbauer<\/td>\n<td>Klasse 5-7<\/td>\n<td>Montag, 7. Stunde, gro\u00dfer Musiksaal (Hauptgeb\u00e4ude)<\/td>\n<\/td>\n<\/tr>\n<tr>\n<td><strong>Unterstufentheater-AG<\/strong><\/td>\n<td>F\u00fcr Theaterfreunde in den 5. bis 7. Klassen<br \/>\n<a href=\"https:\/\/www.jkg-bruchsal.de\/?page_id=1737\">AG-Vorstellung<\/a><\/td>\n<\/td>\n<td>Frau M\u00fcller<\/td>\n<td>Klasse 5-7<\/td>\n<td>Montag, 13 &#8211; 14 Uhr und nach Absprache, Aula<\/td>\n<\/tr>\n<\/tbody>\n<\/table>\n<\/div>\n","protected":false},"excerpt":{"rendered":"<p>Willkommen auf der AG-Seite des JKG! Stand: 16.10.2025 Liebe Sch\u00fclerinnen und Sch\u00fcler, liebe Eltern, am JKG besteht die M\u00f6glichkeit neben dem Pflichtunterricht verschiedene Arbeitsgemeinschaften zu besuchen. Hier erhalten alle Sch\u00fclerinnen und Sch\u00fcler die Gelegenheit, ihren besonderen Neigungen und Talenten nachzugehen. Eine regelm\u00e4\u00dfige Teilnahme ist nat\u00fcrlich unerl\u00e4sslich, um ein erfolgreiches Arbeiten der AG garantieren zu k\u00f6nnen. [&hellip;]<\/p>\n","protected":false},"author":2,"featured_media":0,"parent":44,"menu_order":70,"comment_status":"open","ping_status":"closed","template":"","meta":{"footnotes":""},"class_list":["post-112","page","type-page","status-publish","hentry"],"_links":{"self":[{"href":"https:\/\/www.jkg-bruchsal.de\/index.php?rest_route=\/wp\/v2\/pages\/112","targetHints":{"allow":["GET"]}}],"collection":[{"href":"https:\/\/www.jkg-bruchsal.de\/index.php?rest_route=\/wp\/v2\/pages"}],"about":[{"href":"https:\/\/www.jkg-bruchsal.de\/index.php?rest_route=\/wp\/v2\/types\/page"}],"author":[{"embeddable":true,"href":"https:\/\/www.jkg-bruchsal.de\/index.php?rest_route=\/wp\/v2\/users\/2"}],"replies":[{"embeddable":true,"href":"https:\/\/www.jkg-bruchsal.de\/index.php?rest_route=%2Fwp%2Fv2%2Fcomments&post=112"}],"version-history":[{"count":49,"href":"https:\/\/www.jkg-bruchsal.de\/index.php?rest_route=\/wp\/v2\/pages\/112\/revisions"}],"predecessor-version":[{"id":14841,"href":"https:\/\/www.jkg-bruchsal.de\/index.php?rest_route=\/wp\/v2\/pages\/112\/revisions\/14841"}],"up":[{"embeddable":true,"href":"https:\/\/www.jkg-bruchsal.de\/index.php?rest_route=\/wp\/v2\/pages\/44"}],"wp:attachment":[{"href":"https:\/\/www.jkg-bruchsal.de\/index.php?rest_route=%2Fwp%2Fv2%2Fmedia&parent=112"}],"curies":[{"name":"wp","href":"https:\/\/api.w.org\/{rel}","templated":true}]}}

<h4>Willkommen auf der AG-Seite des JKG!</h4>
<p></br><br />
<em><FONT COLOR="#FF0000">Stand: 16.10.2025</FONT></em><br />
</br></p>
<p>Liebe Schülerinnen und Schüler, liebe Eltern,</p>
<div class="row">
<div class="col-md-8">
<p>am JKG besteht die Möglichkeit neben dem Pflichtunterricht verschiedene Arbeitsgemeinschaften zu besuchen. Hier erhalten alle Schülerinnen und Schüler die Gelegenheit, ihren besonderen Neigungen und Talenten nachzugehen. Eine regelmäßige Teilnahme ist natürlich unerlässlich, um ein erfolgreiches Arbeiten der AG garantieren zu können.</p>
<p>Eure Lehrerinnen und Lehrer freuen sich über eine rege Teilnahme.</p>
<p></br>
</div>
<div class="col-md-3">
  <center><a href="https://www.jkg-bruchsal.de/wordpress/inhalte/uploads/2022/10/justi_sbw.jpg" data-rel="lightbox-image-0" data-rl_title="" data-rl_caption="" title=""><img decoding="async" class="img-responsive" src="https://www.jkg-bruchsal.de/wordpress/inhalte/uploads/2022/10/justi_sbw.jpg" alt="Justi schwarz weiß" /></a></center>
</div>
</div>
<p>Im Schuljahr 2025/26 wird es folgendes AG-Angebot am JKG geben:</p>
<p></p>
<div class="table-responsive">
<table class="table table-hover table-bordered table-jkg">
<thead>
<tr>
<th>AG</th>
<th>Kurzinfo</th>
<th>Leitung</th>
<th>Teilnehmende</th>
<th>Termin, Ort</th>
</tr>
</thead>
<tbody>
<tr>
<td><strong>Big Band</strong></td>
<td>Dich erwarten Rock, Pop &#038; Jazz im Bigband-Sound und jede Menge Spaß am gemeinsamen Musikmachen!<br /> <br />
<a href="https://www.jkg-bruchsal.de/?page_id=1751">AG-Vorstellung</a></td>
<td>Herr Westermann</td>
<td>Klasse 8-13</td>
<td>Donnerstag, 14:00 &#8211; 14:45 Uhr, Mu1, Start: 02.10.2025</td>
</tr>
<tr>
<td><strong>DELF-AG</strong></td>
<td>Vorbereitung auf das Französische Sprach-Diplom auf das Niveau B1.<br /> <br />
<a href="https://www.jkg-bruchsal.de/?page_id=1767">AG-Vorstellung</a></td>
<td>Frau Fath</td>
<td>Klasse 10+11 </td>
<td>dienstags 8.-9. Stunde (14-tägig), Raum 311, Start: 14.10.25</td>
</tr>
<tr>
<td><strong>Energie-AG</strong></td>
<td>Die AG richtet sich an alle an Umweltschutz und Naturwissenschaften Interessierten.</td>
<td>Frau Tataru</td>
<td>Klasse 5-11</td>
<td>Donnerstag, 13:45 bis 14:50 Uhr, Raum 306</td>
</tr>
<tr>
<td><strong>Fußball-AG</strong></td>
<td>Für interessierte Fußballer und Fußballerinnen, die Spaß am Kicken haben! </td>
<td>Frau Bjelanovic</td>
<td>Klasse 5-6</td>
<td>Freitag, 7. Stunde, Turnhalle Hauptgebäude (Start 10.10.25)</td>
</tr>
<tr>
<td><strong>Jazz Kids&#8216; Gang</strong></td>
<td>Unsere Schulband mit vielen Blasinstrumenten, Schlagzeug, E-Bass, E-Gitarre und Vielem mehr.<br />
<a href="https://www.jkg-bruchsal.de/?page_id=1749">AG-Vorstellung</a></td>
<td>Herr Kowollik</td>
<td>Klasse 5-7</td>
<td>Dienstag, 7. Stunde, großer Musiksaal (Start: 23.09.25)</td>
</tr>
<tr>
<td><strong>JKG-Chor</strong></td>
<td>Unser großer Chor für Eltern, Schüler, Lehrer, Ehemalige</td>
<td>Herr Wippel</td>
<td>ab Klasse 5</td>
<td>Montag, 18:00 bis 19:30 Uhr, Aula</td>
</tr>
<tr>
<td><strong>OberstufenChor</strong></td>
<td></td>
<td>Herr Wippel</td>
<td>Klasse 9-13</td>
<td>Termin und Raum nach Absprache</td>
</tr>
<tr>
<td><strong>Orchester</strong></td>
<td>Wir spielen eine schöne Mischung aus klassischen Stücken, Musicalstücken und Poparrangements.<br />
<a href="https://www.jkg-bruchsal.de/?page_id=1747">AG-Vorstellung</a></td>
</td>
<td>Frau Bregler</td>
<td>Klasse 5-13</td>
<td>Dienstag, 7. Stunde, kleiner Musiksaal (Start: 23.10.25)</td>
</tr>
<tr>
<td><strong>PrayStation-AG</strong></td>
<td>Gemeinsam christlichen Glauben erleben und entdecken (z.B. beim Spielen/Singen/Beten/Essen/Austausch/Film) <br />
<a href="https://www.jkg-bruchsal.de/?page_id=15595">AG-Vorstellung</a></td>
</td>
<td>Herr Gayer</td>
<td>Klasse 6-13</td>
<td>Donnerstag  (gr. Musiksaal) und Freitag (Seelsorgezimmer), jeweils in der gr. Pause um 11:00 Uhr </td>
</tr>
<tr>
<td><strong>Rechtschreibtraining</strong></td>
<td>Erarbeitung von Rechtschreibstrategien nach der FRESCH-Methode, <a href="https://www.jkg-bruchsal.de/?page_id=4957">AG-Vorstellung</a></td>
<td>Frau Winkenwerder, Frau Bail</td>
<td>Klasse 5</td>
<td>Zwei Gruppen: Dienstag (Raum 13) und Freitag (Raum 27), jeweils 7. Stunde (Teilnahme nach Einladung, Beginn in der Woche nach den Herbstferien)</td>
</tr>
<tr>
<td><strong>Schach-AG</strong></td>
<td>
<a href="https://www.jkg-bruchsal.de/?page_id=1765">AG-Vorstellung</a></td>
</td>
<td>Herr Noll</td>
<td>Klasse 5-13</td>
<td>Freitag, 7. Stunde, Raum 304, Start: 10.10.25</td>
</tr>
<tr>
<td><strong>Technik-AG</strong></td>
<td>Ton-, Licht- und Veranstaltungstechnik<br />
<a href="https://www.jkg-bruchsal.de/?page_id=5947">AG-Vorstellung</a></td>
</td>
<td>Herr Blum, Herr Kowollik</td>
<td>Klasse 8-13</td>
<td>nach Vereinbarung</td>
</tr>
<tr>
<td><strong>Theater-AG</strong></td>
<td>Die Theater-AG freut sich immer über Neueinsteiger!<br />
<a href="https://www.jkg-bruchsal.de/?page_id=1739">AG-Vorstellung</a></td>
</td>
<td>Herr Noll</td>
<td>Klasse 7-13</td>
<td>Freitag, 13:45 Uhr, Aula</td>
</tr>
<tr>
<td><strong>Unterstufenchor</strong></td>
<td>Sing mal wieder &#8211; ob Pop, Rock oder Weihnachtslieder! </td>
<td>Frau Doppelbauer</td>
<td>Klasse 5-7</td>
<td>Montag, 7. Stunde, großer Musiksaal (Hauptgebäude)</td>
</td>
</tr>
<tr>
<td><strong>Unterstufentheater-AG</strong></td>
<td>Für Theaterfreunde in den 5. bis 7. Klassen<br />
<a href="https://www.jkg-bruchsal.de/?page_id=1737">AG-Vorstellung</a></td>
</td>
<td>Frau Müller</td>
<td>Klasse 5-7</td>
<td>Montag, 13 &#8211; 14 Uhr und nach Absprache, Aula</td>
</tr>
</tbody>
</table>
</div>

<p>Willkommen auf der AG-Seite des JKG! Stand: 16.10.2025 Liebe Schülerinnen und Schüler, liebe Eltern, am JKG besteht die Möglichkeit neben dem Pflichtunterricht verschiedene Arbeitsgemeinschaften zu besuchen. Hier erhalten alle Schülerinnen und Schüler die Gelegenheit, ihren besonderen Neigungen und Talenten nachzugehen. Eine regelmäßige Teilnahme ist natürlich unerlässlich, um ein erfolgreiches Arbeiten der AG garantieren zu können. [&hellip;]</p>
