{"id":120,"date":"2015-07-18T17:06:53","date_gmt":"2015-07-18T15:06:53","guid":{"rendered":"http:\/\/www.jkg-bruchsal.de\/wordpress\/?page_id=120"},"modified":"2026-04-15T16:55:05","modified_gmt":"2026-04-15T14:55:05","slug":"angehende-fuenftklaessler","status":"publish","type":"page","link":"https:\/\/www.jkg-bruchsal.de\/?page_id=120","title":{"rendered":"Angehende F\u00fcnftkl\u00e4ssler"},"content":{"rendered":"<h4>Liebe Eltern, liebe Sch\u00fclerinnen und Sch\u00fcler!<\/h4>\n<div class=\"row\">\n<div class=\"col-md-3 hidden-xs bootstrapfloat\">\n      <a href=\"https:\/\/www.jkg-bruchsal.de\/wordpress\/inhalte\/uploads\/2017\/10\/Justi-normal.jpg\" data-rel=\"lightbox-image-0\" data-rl_title=\"\" data-rl_caption=\"\" title=\"\"><img decoding=\"async\" class=\"img-responsive\" src=\"https:\/\/www.jkg-bruchsal.de\/wordpress\/inhalte\/uploads\/2017\/10\/Justi-normal.jpg\" alt=\"Justi\" \/><\/a>\n    <\/div>\n<div class=\"col-md-9\">\n<p>Herzlich willkommen auf der Homepage des Justus-Knecht-Gymnasiums! Auf dieser Seite sind alle wichtigen Informationen f\u00fcr angehende F\u00fcnftkl\u00e4sslerinnen und F\u00fcnftkl\u00e4ssler zusammengefasst.<\/p>\n<p>Wir laden Sie und Euch ein, das Justus-Knecht-Gymnasium kennenzulernen!<\/p>\n<p>Im M\u00e4rz 2027 k\u00f6nnen Sie Ihr Kind f\u00fcr das Schuljahr 2027\/28 bei uns anmelden. Weitere Informationen zur Anmeldung finden Sie Anfang 2027 auf der Startseite der Homepage. <\/p>\n<p>Bei Fragen zur Anmeldung und zu Beratungsangeboten k\u00f6nnen Sie uns \u00fcber das <a href=\"https:\/\/www.jkg-bruchsal.de\/?page_id=87\" rel=\"noopener\" target=\"_blank\">Sekretariat<\/a> telefonisch erreichen und einen Beratungstermin vereinbaren. <\/p>\n<p>Im oberen Men\u00fc finden Sie unter &#8222;Bildungsangebote&#8220; alle wichtigen Informationen rund ums JKG. Unser Schulmaskottchen Justi und wir freuen uns auf Sie!<\/p>\n<\/p><\/div>\n<\/div>\n<p><\/br><\/p>\n<h4><a name=\"Buttons 2025\"><\/a><strong>DAS JKG AUF EINEN BLICK<\/strong><\/h4>\n<p>F\u00fcr unsere neuen F\u00fcnftkl\u00e4sslerinnen und F\u00fcnftkl\u00e4ssler: Durch Anclicken der Felder kannst du dir einen Eindruck von deiner neuen Schule verschaffen:<\/p>\n<div class=\"col-md-12\">\n<div class=\"row\">\n<div class=\"col-xs-4 bootstrapfloat\">\n<a href=\"https:\/\/www.jkg-bruchsal.de\/wordpress\/inhalte\/uploads\/2025\/11\/Button-1-Text.jpg\" data-rel=\"lightbox-image-1\" data-rl_title=\"\" data-rl_caption=\"\" title=\"\"><img decoding=\"async\" class=\"img-responsive\" src=\"https:\/\/www.jkg-bruchsal.de\/wordpress\/inhalte\/uploads\/2025\/11\/Button-1.jpg\" alt=\"Button\" style=\"padding: 7px;\" \/><\/a>\n<\/div>\n<div class=\"col-xs-4 bootstrapfloat\">\n<a href=\"https:\/\/www.jkg-bruchsal.de\/wordpress\/inhalte\/uploads\/2025\/11\/Button-2-Text.jpg\" data-rel=\"lightbox-image-2\" data-rl_title=\"\" data-rl_caption=\"\" title=\"\"><img decoding=\"async\" class=\"img-responsive\" src=\"https:\/\/www.jkg-bruchsal.de\/wordpress\/inhalte\/uploads\/2025\/11\/Button-2.jpg\" alt=\"Button\" style=\"padding: 7px;\" \/><\/a>\n<\/div>\n<div class=\"col-xs-4 bootstrapfloat\">\n<a href=\"https:\/\/www.jkg-bruchsal.de\/wordpress\/inhalte\/uploads\/2025\/11\/Button-3-Text.jpg\" data-rel=\"lightbox-image-3\" data-rl_title=\"\" data-rl_caption=\"\" title=\"\"><img decoding=\"async\" class=\"img-responsive\" src=\"https:\/\/www.jkg-bruchsal.de\/wordpress\/inhalte\/uploads\/2025\/11\/Button-3.jpg\" alt=\"Button\" style=\"padding: 7px;\" \/><\/a>\n<\/div>\n<\/div>\n<div class=\"row\">\n<div class=\"col-xs-4 bootstrapfloat\">\n<a href=\"https:\/\/www.jkg-bruchsal.de\/wordpress\/inhalte\/uploads\/2025\/11\/Button-4-Text.jpg\" data-rel=\"lightbox-image-4\" data-rl_title=\"\" data-rl_caption=\"\" title=\"\"><img decoding=\"async\" class=\"img-responsive\" src=\"https:\/\/www.jkg-bruchsal.de\/wordpress\/inhalte\/uploads\/2025\/11\/Button-4.jpg\" alt=\"Button\" style=\"padding: 7px;\" \/><\/a>\n<\/div>\n<div class=\"col-xs-4 bootstrapfloat\">\n<a href=\"https:\/\/www.jkg-bruchsal.de\/wordpress\/inhalte\/uploads\/2025\/11\/Button-5-Text.jpg\" data-rel=\"lightbox-image-5\" data-rl_title=\"\" data-rl_caption=\"\" title=\"\"><img decoding=\"async\" class=\"img-responsive\" src=\"https:\/\/www.jkg-bruchsal.de\/wordpress\/inhalte\/uploads\/2025\/11\/Button-5.jpg\" alt=\"Button\" style=\"padding: 7px;\" \/><\/a>\n<\/div>\n<div class=\"col-xs-4 bootstrapfloat\">\n<a href=\"https:\/\/www.jkg-bruchsal.de\/wordpress\/inhalte\/uploads\/2025\/11\/Button-6-Text.jpg\" data-rel=\"lightbox-image-6\" data-rl_title=\"\" data-rl_caption=\"\" title=\"\"><img decoding=\"async\" class=\"img-responsive\" src=\"https:\/\/www.jkg-bruchsal.de\/wordpress\/inhalte\/uploads\/2025\/11\/Button-6.jpg\" alt=\"Button\" style=\"padding: 7px;\" \/><\/a>\n<\/div>\n<\/div>\n<div class=\"row\">\n<div class=\"col-xs-4 bootstrapfloat\">\n<a href=\"https:\/\/www.jkg-bruchsal.de\/wordpress\/inhalte\/uploads\/2025\/11\/Button-7-Text.jpg\" data-rel=\"lightbox-image-7\" data-rl_title=\"\" data-rl_caption=\"\" title=\"\"><img decoding=\"async\" class=\"img-responsive\" src=\"https:\/\/www.jkg-bruchsal.de\/wordpress\/inhalte\/uploads\/2025\/11\/Button-7.jpg\" alt=\"Button\" style=\"padding: 7px;\" \/><\/a>\n<\/div>\n<div class=\"col-xs-4 bootstrapfloat\">\n<a href=\"https:\/\/www.jkg-bruchsal.de\/wordpress\/inhalte\/uploads\/2025\/11\/Button-8-Text.jpg\" data-rel=\"lightbox-image-8\" data-rl_title=\"\" data-rl_caption=\"\" title=\"\"><img decoding=\"async\" class=\"img-responsive\" src=\"https:\/\/www.jkg-bruchsal.de\/wordpress\/inhalte\/uploads\/2025\/11\/Button-8.jpg\" alt=\"Button\" style=\"padding: 7px;\" \/><\/a>\n<\/div>\n<div class=\"col-xs-4 bootstrapfloat\">\n<a href=\"https:\/\/www.jkg-bruchsal.de\/wordpress\/inhalte\/uploads\/2025\/11\/Button-9-Text.jpg\" data-rel=\"lightbox-image-9\" data-rl_title=\"\" data-rl_caption=\"\" title=\"\"><img decoding=\"async\" class=\"img-responsive\" src=\"https:\/\/www.jkg-bruchsal.de\/wordpress\/inhalte\/uploads\/2025\/11\/Button-9.jpg\" alt=\"Button\" style=\"padding: 7px;\" \/><\/a>\n<\/div>\n<\/div>\n<div class=\"row\">\n<div class=\"col-xs-4 bootstrapfloat\">\n<a href=\"https:\/\/www.jkg-bruchsal.de\/wordpress\/inhalte\/uploads\/2025\/11\/Button-10-Text.jpg\" data-rel=\"lightbox-image-10\" data-rl_title=\"\" data-rl_caption=\"\" title=\"\"><img decoding=\"async\" class=\"img-responsive\" src=\"https:\/\/www.jkg-bruchsal.de\/wordpress\/inhalte\/uploads\/2025\/11\/Button-10.jpg\" alt=\"Button\" style=\"padding: 7px;\" \/><\/a>\n<\/div>\n<div class=\"col-xs-4 bootstrapfloat\">\n<a href=\"https:\/\/www.jkg-bruchsal.de\/wordpress\/inhalte\/uploads\/2025\/11\/Button-11-Text.jpg\" data-rel=\"lightbox-image-11\" data-rl_title=\"\" data-rl_caption=\"\" title=\"\"><img decoding=\"async\" class=\"img-responsive\" src=\"https:\/\/www.jkg-bruchsal.de\/wordpress\/inhalte\/uploads\/2025\/11\/Button-11.jpg\" alt=\"Button\" style=\"padding: 7px;\" \/><\/a>\n<\/div>\n<div class=\"col-xs-4 bootstrapfloat\">\n<a href=\"https:\/\/www.jkg-bruchsal.de\/wordpress\/inhalte\/uploads\/2025\/11\/Button-12-Text.jpg\" data-rel=\"lightbox-image-12\" data-rl_title=\"\" data-rl_caption=\"\" title=\"\"><img decoding=\"async\" class=\"img-responsive\" src=\"https:\/\/www.jkg-bruchsal.de\/wordpress\/inhalte\/uploads\/2025\/11\/Button-12.jpg\" alt=\"Button\" style=\"padding: 7px;\" \/><\/a>\n<\/div>\n<\/div>\n<p><\/br>\n<\/div>\n<p>Weitere Informationen rund ums JKG sind im oberen Men\u00fc &#8222;Bildungsangebote&#8220; zu finden.<\/p>\n<p><\/br><\/p>\n<h4><a name=\"JKG-Flyer\"><\/a><strong>Die JKG-Brosch\u00fcre<\/strong><\/h4>\n<p>&#8230; in der neuesten Auflage von Dezember 2025!<\/p>\n<a href=\"https:\/\/www.jkg-bruchsal.de\/wordpress\/inhalte\/uploads\/2026\/01\/Flyer-2025-2026-klein.pdf\" rel=\"noopener\" target=\"_blank\"><img decoding=\"async\" class=\"img-responsive\" src=\"https:\/\/www.jkg-bruchsal.de\/wordpress\/inhalte\/uploads\/2025\/01\/k-Flyer-2025.jpg\" alt=\"Flyer\" style=\"padding: 7px;\" \/><\/a>\n<p><\/br><\/p>\n<h4><strong>NAVi 4 BW &#8211; Das neue Aufnahmeverfahren in Baden-W\u00fcrttemberg<\/strong><\/h4>\n<p>F\u00fcr Sch\u00fclerinnen und Sch\u00fcler, die ab September 2025 eine weiterf\u00fchrende Schule besuchen wollen, gibt es ab sofort ein neues Aufnahmeverfahren. Das unten stehende Schaubild (Quelle: Kultusministerium BW) informiert \u00fcber den Bildungsweg nach der Grundschule. Wenn Sie auf das Bild clicken, so \u00f6ffnet sich die gesamte Brosch\u00fcre des Kultusministeriums zum Thema &#8222;NAVi 4&#8220;.<\/p>\n<a href=\"https:\/\/www.jkg-bruchsal.de\/wordpress\/inhalte\/uploads\/2024\/11\/Praesentation-Schularten-BW.pdf\" rel=\"noopener\" target=\"_blank\"><img decoding=\"async\" class=\"img-responsive\" src=\"https:\/\/www.jkg-bruchsal.de\/wordpress\/inhalte\/uploads\/2024\/11\/Der-Weg-in-die-weiterfuehrende-Schule-KM-2024.jpg\" alt=\"Schaubild Kommunikations-Guide\" \/><\/a>\n<p><\/br><\/p>\n<p>Neu ist, dass f\u00fcr den Besuch eines Gymnasiums bestimmte Voraussetzungen erf\u00fcllt sein m\u00fcssen: Neben dem Elternwille muss entweder das Ergebnis der Kompetenzmessung &#8222;Kompass 4&#8220; oder die p\u00e4dagogische Gesamtw\u00fcrdigung der Grundschule eine <strong>Empfehlung f\u00fcr das Gymnasium <\/strong>aussprechen. Sollte der Besuchs eines Gymnasiums angestrebt werden, obwohl die Grundschule keine Empfehlung ausspricht, so kann das Kind in diesem Fall an einem <strong>Potenzialtest <\/strong>teilnehmen. Dieser findet Anfang 2026 an dem Gymnasium statt, welches in der Grundschulempfehlung mitgeteilt wird, und entscheidet entg\u00fcltig, ob der Besuch eines Gymnasiums m\u00f6glich ist. In dem Test werden Kompetenzen in den F\u00e4chern Deutsch, Mathematik und in weiteren Bereichen abgepr\u00fcft. Das Gymnasium, an dem der Test durchgef\u00fchrt wird, ist nicht automatisch das Gymnasium, welches das Kind besuchen m\u00f6chte. Die Anmeldung zum Potenzialtest wird zu Beginn des Kalenderjahres 2026 m\u00f6glich sein.<\/p>\n<p><\/br><\/p>\n<p>Am 1. M\u00e4rz 2020 trat das <strong>Masernschutzgesetz <\/strong>f\u00fcr den Schutz vor Masern und zur St\u00e4rkung der Impfpr\u00e4vention in Kraft. Nach \u00a7 20 Absatz 9 Infektionsschutzgesetz (IfSG) haben Sch\u00fclerinnen und Sch\u00fcler vor der Teilnahme am Unterricht einen Nachweis dar\u00fcber vorzulegen, dass sie ausreichend gegen Masern geimpft oder gegen Masern immun sind. <\/p>\n<p><\/br><\/p>\n","protected":false},"excerpt":{"rendered":"<p>Liebe Eltern, liebe Sch\u00fclerinnen und Sch\u00fcler! Herzlich willkommen auf der Homepage des Justus-Knecht-Gymnasiums! Auf dieser Seite sind alle wichtigen Informationen f\u00fcr angehende F\u00fcnftkl\u00e4sslerinnen und F\u00fcnftkl\u00e4ssler zusammengefasst. Wir laden Sie und Euch ein, das Justus-Knecht-Gymnasium kennenzulernen! Im M\u00e4rz 2027 k\u00f6nnen Sie Ihr Kind f\u00fcr das Schuljahr 2027\/28 bei uns anmelden. Weitere Informationen zur Anmeldung finden Sie [&hellip;]<\/p>\n","protected":false},"author":2,"featured_media":0,"parent":44,"menu_order":110,"comment_status":"open","ping_status":"closed","template":"","meta":{"footnotes":""},"class_list":["post-120","page","type-page","status-publish","hentry"],"_links":{"self":[{"href":"https:\/\/www.jkg-bruchsal.de\/index.php?rest_route=\/wp\/v2\/pages\/120","targetHints":{"allow":["GET"]}}],"collection":[{"href":"https:\/\/www.jkg-bruchsal.de\/index.php?rest_route=\/wp\/v2\/pages"}],"about":[{"href":"https:\/\/www.jkg-bruchsal.de\/index.php?rest_route=\/wp\/v2\/types\/page"}],"author":[{"embeddable":true,"href":"https:\/\/www.jkg-bruchsal.de\/index.php?rest_route=\/wp\/v2\/users\/2"}],"replies":[{"embeddable":true,"href":"https:\/\/www.jkg-bruchsal.de\/index.php?rest_route=%2Fwp%2Fv2%2Fcomments&post=120"}],"version-history":[{"count":54,"href":"https:\/\/www.jkg-bruchsal.de\/index.php?rest_route=\/wp\/v2\/pages\/120\/revisions"}],"predecessor-version":[{"id":14916,"href":"https:\/\/www.jkg-bruchsal.de\/index.php?rest_route=\/wp\/v2\/pages\/120\/revisions\/14916"}],"up":[{"embeddable":true,"href":"https:\/\/www.jkg-bruchsal.de\/index.php?rest_route=\/wp\/v2\/pages\/44"}],"wp:attachment":[{"href":"https:\/\/www.jkg-bruchsal.de\/index.php?rest_route=%2Fwp%2Fv2%2Fmedia&parent=120"}],"curies":[{"name":"wp","href":"https:\/\/api.w.org\/{rel}","templated":true}]}}