{"id":133,"date":"2015-07-18T17:11:28","date_gmt":"2015-07-18T15:11:28","guid":{"rendered":"http:\/\/www.jkg-bruchsal.de\/wordpress\/?page_id=133"},"modified":"2015-09-07T17:38:30","modified_gmt":"2015-09-07T15:38:30","slug":"leitbild","status":"publish","type":"page","link":"https:\/\/www.jkg-bruchsal.de\/?page_id=133","title":{"rendered":"Unser Leitbild"},"content":{"rendered":"<figure>\n  <a href=\"https:\/\/www.jkg-bruchsal.de\/wordpress\/inhalte\/uploads\/2015\/07\/Leitbild.jpg\" data-rel=\"lightbox-image-0\" data-rl_title=\"\" data-rl_caption=\"\" title=\"\"><img decoding=\"async\" class=\"img-responsive\" src=\"https:\/\/www.jkg-bruchsal.de\/wordpress\/inhalte\/uploads\/2015\/07\/Leitbild.jpg\" alt=\"Leitbild\" \/><\/a><br \/>\n<\/figure>\n<h3>Lehren und Lernen stehen im Zentrum unseres Alltags<\/h3>\n<ul>\n<li>\n<p>Unsere Lehrer unterrichten aus \u00dcberzeugung, mit Leidenschaft und Engagement.<\/p>\n<\/li>\n<li>\n<p>Unsere Sch\u00fcler haben Freude am Lernen und an ihren Entwicklungsfortschritten.<\/p>\n<\/li>\n<\/ul>\n<p><\/br><\/p>\n<h3>Gemeinschaft pflegen<\/h3>\n<ul>\n<li>\n<p>Wir achten aufeinander, unterst\u00fctzen und erg\u00e4nzen einander.<\/p>\n<\/li>\n<li>\n<p>Wir begegnen einander offen und freundlich und akzeptieren uns in unserer Unterschiedlichkeit.<\/p>\n<\/li>\n<li>\n<p>Wir interessieren uns f\u00fcr die Einzigartigkeit des anderen und w\u00fcrdigen ihn in seiner Individualit\u00e4t.<\/p>\n<\/li>\n<\/ul>\n<p><\/br><\/p>\n<h3>Werte leben<\/h3>\n<ul>\n<li>\n<p>Wir gehen verantwortungsbewusst und sorgsam mit den Menschen und Dingen um, die uns umgeben.<\/p>\n<\/li>\n<li>\n<p>Wir pflegen einen offenen Umgang miteinander, sagen auch in schwierigen Situationen die Wahrheit und k\u00f6nnen Fehler zugeben.<\/p>\n<\/li>\n<li>\n<p>Wir arbeiten gewissenhaft und halten uns an Absprachen.<\/p>\n<\/li>\n<\/ul>\n<p><\/br><br \/>\n<a href=\"https:\/\/www.jkg-bruchsal.de\/wordpress\/inhalte\/uploads\/2015\/07\/JKG-Leitbild-Endfassung.pdf\" target=\"_blank\">Das Leitbild zum Download (PDF)<\/a><\/p>\n<p><\/br><br \/>\n<em>Justus-Knecht-Gymnasium, Oktober 2012<\/em><\/p>\n","protected":false},"excerpt":{"rendered":"<p>Lehren und Lernen stehen im Zentrum unseres Alltags Unsere Lehrer unterrichten aus \u00dcberzeugung, mit Leidenschaft und Engagement. Unsere Sch\u00fcler haben Freude am Lernen und an ihren Entwicklungsfortschritten. Gemeinschaft pflegen Wir achten aufeinander, unterst\u00fctzen und erg\u00e4nzen einander. Wir begegnen einander offen und freundlich und akzeptieren uns in unserer Unterschiedlichkeit. Wir interessieren uns f\u00fcr die Einzigartigkeit des [&hellip;]<\/p>\n","protected":false},"author":2,"featured_media":0,"parent":47,"menu_order":20,"comment_status":"open","ping_status":"open","template":"","meta":{"footnotes":""},"class_list":["post-133","page","type-page","status-publish","hentry"],"_links":{"self":[{"href":"https:\/\/www.jkg-bruchsal.de\/index.php?rest_route=\/wp\/v2\/pages\/133","targetHints":{"allow":["GET"]}}],"collection":[{"href":"https:\/\/www.jkg-bruchsal.de\/index.php?rest_route=\/wp\/v2\/pages"}],"about":[{"href":"https:\/\/www.jkg-bruchsal.de\/index.php?rest_route=\/wp\/v2\/types\/page"}],"author":[{"embeddable":true,"href":"https:\/\/www.jkg-bruchsal.de\/index.php?rest_route=\/wp\/v2\/users\/2"}],"replies":[{"embeddable":true,"href":"https:\/\/www.jkg-bruchsal.de\/index.php?rest_route=%2Fwp%2Fv2%2Fcomments&post=133"}],"version-history":[{"count":0,"href":"https:\/\/www.jkg-bruchsal.de\/index.php?rest_route=\/wp\/v2\/pages\/133\/revisions"}],"up":[{"embeddable":true,"href":"https:\/\/www.jkg-bruchsal.de\/index.php?rest_route=\/wp\/v2\/pages\/47"}],"wp:attachment":[{"href":"https:\/\/www.jkg-bruchsal.de\/index.php?rest_route=%2Fwp%2Fv2%2Fmedia&parent=133"}],"curies":[{"name":"wp","href":"https:\/\/api.w.org\/{rel}","templated":true}]}}