{"id":13438,"date":"2021-07-24T20:37:54","date_gmt":"2021-07-24T18:37:54","guid":{"rendered":"https:\/\/www.jkg-bruchsal.de\/?page_id=13438"},"modified":"2021-07-24T21:00:45","modified_gmt":"2021-07-24T19:00:45","slug":"schulplaner","status":"publish","type":"page","link":"https:\/\/www.jkg-bruchsal.de\/?page_id=13438","title":{"rendered":"Schulplaner"},"content":{"rendered":"<h3>Das JKG-eigene Hausaufgabenheft<\/h3>\n<div class=\"col-md-12\">\n<div class=\"row\">\n<div class=\"col-md-5 bootstrapfloat\">\n      <a href=\"https:\/\/www.jkg-bruchsal.de\/wordpress\/inhalte\/uploads\/2021\/07\/Schuljahresplaner-Cover-21-22.jpg\" data-rel=\"lightbox-image-0\" data-rl_title=\"\" data-rl_caption=\"\" title=\"\"><img decoding=\"async\" class=\"img-responsive\" src=\"https:\/\/www.jkg-bruchsal.de\/wordpress\/inhalte\/uploads\/2021\/07\/Schuljahresplaner-Cover-21-22.jpg\" alt=\"Schulplaner\" \/><\/a>\n    <\/div>\n<p>Unsere Sch\u00fcler*innen der Klassen 5-10 verwenden den Schulplaner als Hausaufgabenheft. Er wird f\u00fcr alle Unter- und Mittelstufenklassen auch Dank der Unterst\u00fctzung des Freundeskreises kostenlos zu Verf\u00fcgung gestellt.<\/p>\n<p>Im Schuljahr 2016\/17 wurde im Rahmen der Projektstunde in Klasse 8 das JKG-eigene Hausaufgabenbuch als Schulplaner erstellt. Seitdem wird er j\u00e4hrlich aktualisiert. Neben den \u00fcblichen Kalenderseiten haben unsere Sch\u00fcler*innen alle wichtigen Informationen zum Schulalltag auf einen Blick: Ansprechpartner, Adressen, Schulordnung, Leitbild und vieles mehr. Dar\u00fcber hinaus sind kleine Lernhilfen zu einzelnen F\u00e4chern enthalten.<\/p>\n<p>Der JKG-Schulplaner dient auch besonders der Umsetzung unseres <a href=\"https:\/\/www.jkg-bruchsal.de\/?page_id=13445\" rel=\"noopener\" target=\"_blank\">Hausaufgabenguides<\/a>.<\/p>\n<p>Sch\u00fcler*innen der Oberstufenklassen k\u00f6nnen den Planer freiwillig bestellen bzw. auch zu Beginn des Schuljahres im Sekretariat f\u00fcr 5 \u20ac erwerben.<\/p>\n<p><em>Organisation: Frau Dehoust<\/em><\/p>\n<\/p><\/div>\n<\/p><\/div>\n","protected":false},"excerpt":{"rendered":"<p>Das JKG-eigene Hausaufgabenheft Unsere Sch\u00fcler*innen der Klassen 5-10 verwenden den Schulplaner als Hausaufgabenheft. Er wird f\u00fcr alle Unter- und Mittelstufenklassen auch Dank der Unterst\u00fctzung des Freundeskreises kostenlos zu Verf\u00fcgung gestellt. Im Schuljahr 2016\/17 wurde im Rahmen der Projektstunde in Klasse 8 das JKG-eigene Hausaufgabenbuch als Schulplaner erstellt. Seitdem wird er j\u00e4hrlich aktualisiert. Neben den \u00fcblichen [&hellip;]<\/p>\n","protected":false},"author":2,"featured_media":0,"parent":0,"menu_order":0,"comment_status":"closed","ping_status":"closed","template":"","meta":{"footnotes":""},"class_list":["post-13438","page","type-page","status-publish","hentry"],"_links":{"self":[{"href":"https:\/\/www.jkg-bruchsal.de\/index.php?rest_route=\/wp\/v2\/pages\/13438","targetHints":{"allow":["GET"]}}],"collection":[{"href":"https:\/\/www.jkg-bruchsal.de\/index.php?rest_route=\/wp\/v2\/pages"}],"about":[{"href":"https:\/\/www.jkg-bruchsal.de\/index.php?rest_route=\/wp\/v2\/types\/page"}],"author":[{"embeddable":true,"href":"https:\/\/www.jkg-bruchsal.de\/index.php?rest_route=\/wp\/v2\/users\/2"}],"replies":[{"embeddable":true,"href":"https:\/\/www.jkg-bruchsal.de\/index.php?rest_route=%2Fwp%2Fv2%2Fcomments&post=13438"}],"version-history":[{"count":0,"href":"https:\/\/www.jkg-bruchsal.de\/index.php?rest_route=\/wp\/v2\/pages\/13438\/revisions"}],"wp:attachment":[{"href":"https:\/\/www.jkg-bruchsal.de\/index.php?rest_route=%2Fwp%2Fv2%2Fmedia&parent=13438"}],"curies":[{"name":"wp","href":"https:\/\/api.w.org\/{rel}","templated":true}]}}