{"id":13623,"date":"2021-09-24T10:02:04","date_gmt":"2021-09-24T08:02:04","guid":{"rendered":"https:\/\/www.jkg-bruchsal.de\/?page_id=13623"},"modified":"2025-09-17T08:24:18","modified_gmt":"2025-09-17T06:24:18","slug":"hausmeister","status":"publish","type":"page","link":"https:\/\/www.jkg-bruchsal.de\/?page_id=13623","title":{"rendered":"Hausmeister"},"content":{"rendered":"<h3>Unser Hausmeister<\/h3>\n<p>Seit dem Schuljahr 2022\/23 hei\u00dfen wir unseren neuen Hausmeister herzlich Willkommen! Wir w\u00fcnschen Herrn Wilhelm einen guten Start! Er ist f\u00fcr das Hauptgeb\u00e4ude und den Leichtbau zust\u00e4ndig.<\/p>\n<p><\/br><\/p>\n<hr>\n<p><\/p>\n<h3>Eine echte Legende verl\u00e4sst das Gel\u00e4nde<\/h3>\n<h4>Hausmeister Viktor Sauer geht nach 43 Jahren in Rente<\/h4>\n<div class=\"col-md-12\">\n<div class=\"row\">\n<div class=\"col-md-5 hidden-sm hidden-xs bootstrapfloat\">\n     <a href=\"https:\/\/www.jkg-bruchsal.de\/wordpress\/inhalte\/uploads\/2021\/07\/Rente-Herr-Sauer-2.jpg\" data-rel=\"lightbox-image-0\" data-rl_title=\"\" data-rl_caption=\"\" title=\"\"><img decoding=\"async\" class=\"img-responsive\" src=\"https:\/\/www.jkg-bruchsal.de\/wordpress\/inhalte\/uploads\/2021\/07\/Rente-Herr-Sauer-2.jpg\" alt=\"Herr Sauer\"\/><\/a>\n    <\/div>\n<p>\u201eLass, ich mach\u2019s\u2026\u201c Diesen oder einen \u00e4hnlichen Satz bekam JKG-Musiklehrer Patrick Wippel oft zu h\u00f6ren, wenn er wieder einmal vergebens versuchte, eine Vitrine zu \u00f6ffnen oder selbst eine Pinnwand aufzuh\u00e4ngen. Hausmeister Viktor Sauer war es, der diesen \u2013 f\u00fcr zahlreiche Kolleginnen und Kollegen am JKG erl\u00f6senden \u2013 Satz oftmals aussprach. Wenn seine tiefe, sonore, manchmal etwas rauchige Stimme zu h\u00f6ren war, war klar: Hilfe ist im Anmarsch. Sein ge\u00fcbtes Auge erkannte auch sofort, wer \u201ezwai linke H\u00e4nd\u201c hatte, und wem dringend geholfen werden musste, frei nach dem Bauhaus-Motto \u201eWenn\u2019s gut werden muss&#8230;\u201c<\/p>\n<p>F\u00fcr Generationen von Lehrerinnen und Lehrern sowie Sch\u00fclerinnen und Sch\u00fclern war er Helfer in der Not, (Seelen-)Klempner und vieles mehr. Ob es \u00dcberschwemmung in den Toiletten gab, ob Kopierpapier oder auch mal Klopapier fehlte, ob St\u00fchle und Tische zu reparieren waren oder auch nur, wenn der Weihnachtsbaum zu stellen und zu zieren war: \u201eViktor Sauer war stets zur Stelle\u201c, so Schulleiterin Andrea Mutter.<\/p>\n<\/p><\/div>\n<\/p><\/div>\n<p>Als dreifacher Vater kannte er nicht nur die Sorgen, N\u00f6te und auch Tricks der Kinder ganz genau, sondern verstand es auch immer, wie man am besten auf Teenager und junge Erwachsene zugeht. Im Laufe seiner nun 43 Dienstjahre traf er ebenfalls immer den richtigen und jeweils passenden Ton gegen\u00fcber Lehrerinnen und Lehrern sowie Schulleitungen. Seine Dienstg\u00e4nge ins Sekretariat bedeuteten zwar immer einen Stapel mit neuen Auftr\u00e4gen und To-do-Listen, dennoch war mit seinen \u201est\u00e4dtischen\u201c Kolleginnen, den beiden Hauptsekret\u00e4rinnen Melanie Knodel und Gundi Gaag, ein herzliches Arbeitsverh\u00e4ltnis zu sp\u00fcren, ebenso in der Zusammenarbeit mit den Damen vom Reinigungsdienst.<\/p>\n<p>Dass Viktor Sauer auch ein humorvoller Mensch ist, wurde deutlich, als er 2011 von der Bruchsaler Hebelschule ans Justus-Knecht-Gymnasium wechselte: \u201eEndlich hab ich die Grundschulempfehlung bekommen und darf auf\u2019s Gymnasium!\u201c Allerdings, so stellte er jetzt zum Ende seiner Dienstzeit schmunzelnd fest, hat es ihm trotz \u201eG10\u201c nicht zum Abitur gereicht. Die Schulgemeinde des JKG wird \u201eihren\u201c Hausmeister Viktor Sauer vermissen und entl\u00e4sst ihn in den Sommerferien nun schweren Herzens in das Rentner-Dasein.<\/p>\n<p><em>Text und Foto: Wip (Juli 2021)<\/em><\/p>\n","protected":false},"excerpt":{"rendered":"<p>Unser Hausmeister Seit dem Schuljahr 2022\/23 hei\u00dfen wir unseren neuen Hausmeister herzlich Willkommen! Wir w\u00fcnschen Herrn Wilhelm einen guten Start! Er ist f\u00fcr das Hauptgeb\u00e4ude und den Leichtbau zust\u00e4ndig. Eine echte Legende verl\u00e4sst das Gel\u00e4nde Hausmeister Viktor Sauer geht nach 43 Jahren in Rente \u201eLass, ich mach\u2019s\u2026\u201c Diesen oder einen \u00e4hnlichen Satz bekam JKG-Musiklehrer Patrick [&hellip;]<\/p>\n","protected":false},"author":2,"featured_media":0,"parent":0,"menu_order":0,"comment_status":"closed","ping_status":"closed","template":"","meta":{"footnotes":""},"class_list":["post-13623","page","type-page","status-publish","hentry"],"_links":{"self":[{"href":"https:\/\/www.jkg-bruchsal.de\/index.php?rest_route=\/wp\/v2\/pages\/13623","targetHints":{"allow":["GET"]}}],"collection":[{"href":"https:\/\/www.jkg-bruchsal.de\/index.php?rest_route=\/wp\/v2\/pages"}],"about":[{"href":"https:\/\/www.jkg-bruchsal.de\/index.php?rest_route=\/wp\/v2\/types\/page"}],"author":[{"embeddable":true,"href":"https:\/\/www.jkg-bruchsal.de\/index.php?rest_route=\/wp\/v2\/users\/2"}],"replies":[{"embeddable":true,"href":"https:\/\/www.jkg-bruchsal.de\/index.php?rest_route=%2Fwp%2Fv2%2Fcomments&post=13623"}],"version-history":[{"count":5,"href":"https:\/\/www.jkg-bruchsal.de\/index.php?rest_route=\/wp\/v2\/pages\/13623\/revisions"}],"predecessor-version":[{"id":16585,"href":"https:\/\/www.jkg-bruchsal.de\/index.php?rest_route=\/wp\/v2\/pages\/13623\/revisions\/16585"}],"wp:attachment":[{"href":"https:\/\/www.jkg-bruchsal.de\/index.php?rest_route=%2Fwp%2Fv2%2Fmedia&parent=13623"}],"curies":[{"name":"wp","href":"https:\/\/api.w.org\/{rel}","templated":true}]}}

<h3>Unser Hausmeister</h3>
<p>Seit dem Schuljahr 2022/23 heißen wir unseren neuen Hausmeister herzlich Willkommen! Wir wünschen Herrn Wilhelm einen guten Start! Er ist für das Hauptgebäude und den Leichtbau zuständig.</p>
<p></br></p>
<hr>
<p></p>
<h3>Eine echte Legende verlässt das Gelände</h3>
<h4>Hausmeister Viktor Sauer geht nach 43 Jahren in Rente</h4>
<div class="col-md-12">
<div class="row">
<div class="col-md-5 hidden-sm hidden-xs bootstrapfloat">
     <a href="https://www.jkg-bruchsal.de/wordpress/inhalte/uploads/2021/07/Rente-Herr-Sauer-2.jpg" data-rel="lightbox-image-0" data-rl_title="" data-rl_caption="" title=""><img decoding="async" class="img-responsive" src="https://www.jkg-bruchsal.de/wordpress/inhalte/uploads/2021/07/Rente-Herr-Sauer-2.jpg" alt="Herr Sauer"/></a>
    </div>
<p>„Lass, ich mach’s…“ Diesen oder einen ähnlichen Satz bekam JKG-Musiklehrer Patrick Wippel oft zu hören, wenn er wieder einmal vergebens versuchte, eine Vitrine zu öffnen oder selbst eine Pinnwand aufzuhängen. Hausmeister Viktor Sauer war es, der diesen – für zahlreiche Kolleginnen und Kollegen am JKG erlösenden – Satz oftmals aussprach. Wenn seine tiefe, sonore, manchmal etwas rauchige Stimme zu hören war, war klar: Hilfe ist im Anmarsch. Sein geübtes Auge erkannte auch sofort, wer „zwai linke Händ“ hatte, und wem dringend geholfen werden musste, frei nach dem Bauhaus-Motto „Wenn’s gut werden muss&#8230;“</p>
<p>Für Generationen von Lehrerinnen und Lehrern sowie Schülerinnen und Schülern war er Helfer in der Not, (Seelen-)Klempner und vieles mehr. Ob es Überschwemmung in den Toiletten gab, ob Kopierpapier oder auch mal Klopapier fehlte, ob Stühle und Tische zu reparieren waren oder auch nur, wenn der Weihnachtsbaum zu stellen und zu zieren war: „Viktor Sauer war stets zur Stelle“, so Schulleiterin Andrea Mutter.</p>
</p></div>
</p></div>
<p>Als dreifacher Vater kannte er nicht nur die Sorgen, Nöte und auch Tricks der Kinder ganz genau, sondern verstand es auch immer, wie man am besten auf Teenager und junge Erwachsene zugeht. Im Laufe seiner nun 43 Dienstjahre traf er ebenfalls immer den richtigen und jeweils passenden Ton gegenüber Lehrerinnen und Lehrern sowie Schulleitungen. Seine Dienstgänge ins Sekretariat bedeuteten zwar immer einen Stapel mit neuen Aufträgen und To-do-Listen, dennoch war mit seinen „städtischen“ Kolleginnen, den beiden Hauptsekretärinnen Melanie Knodel und Gundi Gaag, ein herzliches Arbeitsverhältnis zu spüren, ebenso in der Zusammenarbeit mit den Damen vom Reinigungsdienst.</p>
<p>Dass Viktor Sauer auch ein humorvoller Mensch ist, wurde deutlich, als er 2011 von der Bruchsaler Hebelschule ans Justus-Knecht-Gymnasium wechselte: „Endlich hab ich die Grundschulempfehlung bekommen und darf auf’s Gymnasium!“ Allerdings, so stellte er jetzt zum Ende seiner Dienstzeit schmunzelnd fest, hat es ihm trotz „G10“ nicht zum Abitur gereicht. Die Schulgemeinde des JKG wird „ihren“ Hausmeister Viktor Sauer vermissen und entlässt ihn in den Sommerferien nun schweren Herzens in das Rentner-Dasein.</p>
<p><em>Text und Foto: Wip (Juli 2021)</em></p>

<p>Unser Hausmeister Seit dem Schuljahr 2022/23 heißen wir unseren neuen Hausmeister herzlich Willkommen! Wir wünschen Herrn Wilhelm einen guten Start! Er ist für das Hauptgebäude und den Leichtbau zuständig. Eine echte Legende verlässt das Gelände Hausmeister Viktor Sauer geht nach 43 Jahren in Rente „Lass, ich mach’s…“ Diesen oder einen ähnlichen Satz bekam JKG-Musiklehrer Patrick [&hellip;]</p>
