{"id":1368,"date":"2015-08-13T19:29:51","date_gmt":"2015-08-13T17:29:51","guid":{"rendered":"https:\/\/www.jkg-bruchsal.de\/wordpress\/?page_id=1368"},"modified":"2025-11-25T19:27:07","modified_gmt":"2025-11-25T18:27:07","slug":"projektstunde-kl-8","status":"publish","type":"page","link":"https:\/\/www.jkg-bruchsal.de\/?page_id=1368","title":{"rendered":"Projektstunde Kl. 8 \/ 9"},"content":{"rendered":"<h4>Teamwork!<\/h4>\n<p>Ziele sind die Weiterf\u00fchrung der Methoden- und Sozialkompetenzen, mit welchen in den Klassen 5 begonnen wurde. Die Weiterentwicklung der Teamf\u00e4higkeit der Sch\u00fclerinnen und Sch\u00fcler in realen Situationen (\u201eGemeinsam arbeiten lernen\u201c) und die selbstst\u00e4ndige Planung, Entwicklung und Durchf\u00fchrung eines Jahresprojektes ist Ziel dieser Projektstunde. Die Projekte sollen \u201eim realen Leben verankert\u201c sein, im innerschulischen oder gesellschaftlichen Bereich und nicht im Klassenverband stattfinden. <\/p>\n<p>Alle Sch\u00fclerinnen und Sch\u00fcler der Klassen 8 (G9 JKG) bzw. 9 (G9 BW) k\u00f6nnen sich zu Beginn des Schuljahres in eines von mehreren Projekten \u201eeinw\u00e4hlen\u201c. <\/p>\n<p>\u00dcber das gesamte Schuljahr verteilt ist f\u00fcr die Sch\u00fclerinnen und Sch\u00fcler ein zeitlicher Aufwand von ca. 40 (Zeit-) Stunden vorgesehen. Am Ende des Schuljahres fertigt jede Sch\u00fclerinnen bzw. jeder Sch\u00fcler einen Projektbericht an. Die Teilnahme am jeweiligen Jahresprojekt wird durch eine Verbalbemerkung im Zeugnis best\u00e4tigt.<\/p>\n<p><\/br><\/p>\n<hr>\n<h2>Projekte der vergangenen Jahre<\/h2>\n<hr>\n<h3><a name=\"Pimp up the toiletts\"><\/a>Pimp up the toiletts<\/h3>\n<p>F\u00fcr die meisten Sch\u00fclerinnen und Sch\u00fcler sind die Schultoiletten ein unangenehmer Ort. Die W\u00e4nde sind bekritzelt, es stinkt und in den Kabinen erwarten einen b\u00f6se \u00dcberraschungen. Genau hier wird auch am meisten zerst\u00f6rt und verschmutzt, es entladen sich Aggressionen und Frust. <\/p>\n<p>Im 8er-Projekt \u201ePimp up the toiletts\u201c hat im Schuljahr 2024\/25 eine Sch\u00fclergruppe einen Versuch gestartet, um diesen Kreislauf zu durchbrechen. Im Projekt wurden die Toiletten am JKG untersucht, die Reinigungskr\u00e4fte und der Hausmeister befragt und Projekte anderer Schulen recherchiert. Mit viel Engagement, Ausdauer und Kreativit\u00e4t haben die Sch\u00fclerinnen und Sch\u00fcler eigene Ideen zur Gestaltung von drei Toilettenr\u00e4umen entwickelt und diese umgesetzt. <\/p>\n<p>Dabei sind zwei Kriminal-Klos und eine Feel-Good-Toilette entstanden, die sich sehen lassen k\u00f6nnen. Mit farbigen W\u00e4nden, Wand- und Bodendekorationen und viel Liebe zum Detail wurden die R\u00e4ume neu renoviert und der Schulgemeinschaft pr\u00e4sentiert. F\u00fcr viele Projektteilnehmer war es eine neue und bereichernde Erfahrung selbst etwas in der Schule mitgestalten zu k\u00f6nnen und so den Schulalltag im wahrsten Sinn farbiger zu gestalten. <\/p>\n<p><em>Text und Fotos: Gma<\/em><\/p>\n<div id=\"myCarouselKlooperation\" class=\"carousel slide\" data-ride=\"carousel\">\n  <!-- Indicators --><\/p>\n<ol class=\"carousel-indicators\">\n<li data-target=\"#myCarouselKlooperation\" data-slide-to=\"0\" class=\"active\"><\/li>\n<li data-target=\"#myCarouselKlooperation\" data-slide-to=\"1\"><\/li>\n<li data-target=\"#myCarouselKlooperation\" data-slide-to=\"2\"><\/li>\n<li data-target=\"#myCarouselKlooperation\" data-slide-to=\"3\"><\/li>\n<li data-target=\"#myCarouselKlooperation\" data-slide-to=\"4\"><\/li>\n<li data-target=\"#myCarouselKlooperation\" data-slide-to=\"5\"><\/li>\n<li data-target=\"#myCarouselKlooperation\" data-slide-to=\"6\"><\/li>\n<li data-target=\"#myCarouselKlooperation\" data-slide-to=\"7\"><\/li>\n<li data-target=\"#myCarouselKlooperation\" data-slide-to=\"8\"><\/li>\n<li data-target=\"#myCarouselKlooperation\" data-slide-to=\"9\"><\/li>\n<\/ol>\n<p>  <!-- Wrapper for slides --><\/p>\n<div class=\"carousel-inner\" role=\"listbox\">\n<div class=\"item active\">\n      <a href=\"https:\/\/www.jkg-bruchsal.de\/wordpress\/inhalte\/uploads\/2025\/09\/Toilettenprojekt-1-rotated.jpg\" data-rel=\"lightbox-image-0\" data-rl_title=\"\" data-rl_caption=\"\" title=\"\"><img decoding=\"async\" class=\"img-responsive\" src=\"https:\/\/www.jkg-bruchsal.de\/wordpress\/inhalte\/uploads\/2025\/09\/Toilettenprojekt-1-rotated.jpg\" alt=\"Toilettenprojekt\" \/><\/a>\n    <\/div>\n<div class=\"item\">\n       <a href=\"https:\/\/www.jkg-bruchsal.de\/wordpress\/inhalte\/uploads\/2025\/09\/Toilettenprojekt-2.jpg\" data-rel=\"lightbox-image-1\" data-rl_title=\"\" data-rl_caption=\"\" title=\"\"><img decoding=\"async\" class=\"img-responsive\" src=\"https:\/\/www.jkg-bruchsal.de\/wordpress\/inhalte\/uploads\/2025\/09\/Toilettenprojekt-2.jpg\" alt=\"Toilettenprojekt\" \/><\/a>\n    <\/div>\n<div class=\"item\">\n       <a href=\"https:\/\/www.jkg-bruchsal.de\/wordpress\/inhalte\/uploads\/2025\/09\/Toilettenprojekt-3.jpg\" data-rel=\"lightbox-image-2\" data-rl_title=\"\" data-rl_caption=\"\" title=\"\"><img decoding=\"async\" class=\"img-responsive\" src=\"https:\/\/www.jkg-bruchsal.de\/wordpress\/inhalte\/uploads\/2025\/09\/Toilettenprojekt-3.jpg\" alt=\"Toilettenprojekt\" \/><\/a>\n    <\/div>\n<div class=\"item\">\n      <a href=\"https:\/\/www.jkg-bruchsal.de\/wordpress\/inhalte\/uploads\/2025\/09\/Toilettenprojekt-4-rotated.jpg\" data-rel=\"lightbox-image-3\" data-rl_title=\"\" data-rl_caption=\"\" title=\"\"><img decoding=\"async\" class=\"img-responsive\" src=\"https:\/\/www.jkg-bruchsal.de\/wordpress\/inhalte\/uploads\/2025\/09\/Toilettenprojekt-4-rotated.jpg\" alt=\"Toilettenprojekt\" \/><\/a>\n    <\/div>\n<div class=\"item\">\n      <a href=\"https:\/\/www.jkg-bruchsal.de\/wordpress\/inhalte\/uploads\/2025\/09\/Toilettenprojekt-5-rotated.jpg\" data-rel=\"lightbox-image-4\" data-rl_title=\"\" data-rl_caption=\"\" title=\"\"><img decoding=\"async\" class=\"img-responsive\" src=\"https:\/\/www.jkg-bruchsal.de\/wordpress\/inhalte\/uploads\/2025\/09\/Toilettenprojekt-5-rotated.jpg\" alt=\"Toilettenprojekt\" \/><\/a>\n    <\/div>\n<div class=\"item\">\n      <a href=\"https:\/\/www.jkg-bruchsal.de\/wordpress\/inhalte\/uploads\/2025\/09\/Toilettenprojekt-6.jpg\" data-rel=\"lightbox-image-5\" data-rl_title=\"\" data-rl_caption=\"\" title=\"\"><img decoding=\"async\" class=\"img-responsive\" src=\"https:\/\/www.jkg-bruchsal.de\/wordpress\/inhalte\/uploads\/2025\/09\/Toilettenprojekt-6.jpg\" alt=\"Toilettenprojekt\" \/><\/a>\n    <\/div>\n<div class=\"item\">\n      <a href=\"https:\/\/www.jkg-bruchsal.de\/wordpress\/inhalte\/uploads\/2025\/09\/Toilettenprojekt-7.jpg\" data-rel=\"lightbox-image-6\" data-rl_title=\"\" data-rl_caption=\"\" title=\"\"><img decoding=\"async\" class=\"img-responsive\" src=\"https:\/\/www.jkg-bruchsal.de\/wordpress\/inhalte\/uploads\/2025\/09\/Toilettenprojekt-7.jpg\" alt=\"Toilettenprojekt\" \/><\/a>\n    <\/div>\n<div class=\"item\">\n       <a href=\"https:\/\/www.jkg-bruchsal.de\/wordpress\/inhalte\/uploads\/2025\/09\/Toilettenprojekt-8.jpg\" data-rel=\"lightbox-image-7\" data-rl_title=\"\" data-rl_caption=\"\" title=\"\"><img decoding=\"async\" class=\"img-responsive\" src=\"https:\/\/www.jkg-bruchsal.de\/wordpress\/inhalte\/uploads\/2025\/09\/Toilettenprojekt-8.jpg\" alt=\"Toilettenprojekt\" \/><\/a>\n    <\/div>\n<div class=\"item\">\n      <a href=\"https:\/\/www.jkg-bruchsal.de\/wordpress\/inhalte\/uploads\/2025\/09\/Toilettenprojekt-9.jpg\" data-rel=\"lightbox-image-8\" data-rl_title=\"\" data-rl_caption=\"\" title=\"\"><img decoding=\"async\" class=\"img-responsive\" src=\"https:\/\/www.jkg-bruchsal.de\/wordpress\/inhalte\/uploads\/2025\/09\/Toilettenprojekt-9.jpg\" alt=\"Toilettenprojekt\" \/><\/a>\n    <\/div>\n<\/p><\/div>\n<p>  <!-- Left and right controls --><br \/>\n  <a class=\"left carousel-control\" href=\"#myCarouselKlooperation\" role=\"button\" data-slide=\"prev\"><br \/>\n    <span class=\"glyphicon glyphicon-chevron-left\"><\/span><br \/>\n  <\/a><br \/>\n  <a class=\"right carousel-control\" href=\"#myCarouselKlooperation\" role=\"button\" data-slide=\"next\"><br \/>\n    <span class=\"glyphicon glyphicon-chevron-right\"><\/span><br \/>\n  <\/a>\n<\/div>\n<p><\/br><\/p>\n<hr>\n<p><\/br><\/p>\n<hr>\n<h3><a name=\"JKG-Flasche\"><\/a>JKG-Trinkflasche<\/h3>\n<div class=\"col-md-12\">\n<div class=\"row\">\n<div class=\"col-md-3 bootstrapfloat\">\n      <a href=\"https:\/\/www.jkg-bruchsal.de\/wordpress\/inhalte\/uploads\/2024\/11\/Flaschenbild.jpg\" data-rel=\"lightbox-image-9\" data-rl_title=\"\" data-rl_caption=\"\" title=\"\"><img decoding=\"async\" class=\"img-responsive\" src=\"https:\/\/www.jkg-bruchsal.de\/wordpress\/inhalte\/uploads\/2024\/11\/Flaschenbild.jpg\" alt=\"JKG-Trinkflasche\" \/><\/a>\n    <\/div>\n<p>Nachdem alle Flaschen der ersten Produktion verkauft worden sind, wurden die von Achtkl\u00e4sslern gestalteten Flaschen mit der freundlichen Unterst\u00fctzung des Freundeskreises nun nachbestellt. Die Flasche besteht aus doppelwandigem Edelstahl und isoliert warme und kalte Getr\u00e4nke. Sie hat ein Fassungsverm\u00f6gen von 750 ml. Die Lackierung ist schadstoffgepr\u00fcft. Die Flasche ist im Direktverkauf im Sekretariat erh\u00e4ltlich oder bei Frau Gro\u00dfmann bestellbar (in die Mailadresse das K\u00fcrzel \u201eGma\u201c einsetzen: K\u00fcrzel@jkg-bruchsal.de).<\/p>\n<\/p><\/div>\n<\/p><\/div>\n<p><em>Text und Foto: Gma<\/em><\/p>\n<hr>\n<p><\/br><\/p>\n<h3><a name=\"Freizeitf\u00fchrer\"><\/a>Freizeitf\u00fchrer f\u00fcr Jugendliche<\/h3>\n<p>Dir ist langweilig und du weist nicht, was du machen sollst? Auch wenn du in den Ferien nicht verreist oder deine Freunde am Wochenende keine Zeit haben, gibt es einige M\u00f6glichkeiten ganz in der N\u00e4he etwas zu erleben und Spa\u00df zu haben! <\/p>\n<p>Schau dir unseren unten stehenden Freizeitf\u00fchrer f\u00fcr Jugendliche an. Dort findest du viele spannende Ideen und Orte f\u00fcr dich und deine Freunde, die man allein oder in der Gruppe rund um Bruchsal erkunden kann! <\/p>\n<p>Der Freizeitf\u00fchrer stellt Freizeitangebote f\u00fcr Jugendliche in Bruchsal, verschiedene Kletterparks, Zoos, Indoorhallen, Minigolfpl\u00e4tze, Museen, Schwimmb\u00e4der und Baggerseen vor. Bestimmt ist auch f\u00fcr dich etwas Interessantes dabei. Au\u00dferdem findest du Tipps, wo du deine Mittagspause verbringen kannst und wo es rund ums JKG etwas Leckeres zu kaufen gibt. <\/p>\n<p>Viel Spa\u00df!<\/p>\n<div class=\"col-md-12\">\n<div class=\"row\">\n<div class=\"col-md-4 bootstrapfloat\">\nAktionen ohne Geld<br \/>\n      <a href=\"https:\/\/www.jkg-bruchsal.de\/wordpress\/inhalte\/uploads\/2023\/05\/pROJEKTFREIZEITFUeHRER-Aktionen-ohne-Geld.pdf\" rel=\"noopener\" target=\"_blank\"><img decoding=\"async\" class=\"img-responsive\" src=\"https:\/\/www.jkg-bruchsal.de\/wordpress\/inhalte\/uploads\/2023\/05\/Bild-Aktiv-ohne-Geld-.jpg\" alt=\"Aktionen ohne Geld\" \/><\/a>\n       <\/div>\n<div class=\"col-md-4 bootstrapfloat\">\nAktiv in Bruchsal<br \/>\n      <a href=\"https:\/\/www.jkg-bruchsal.de\/wordpress\/inhalte\/uploads\/2023\/05\/Projektfreizeitfuehrer-Aktiv-in-Bruchsal.pdf\" rel=\"noopener\" target=\"_blank\"><img decoding=\"async\" class=\"img-responsive\" src=\"https:\/\/www.jkg-bruchsal.de\/wordpress\/inhalte\/uploads\/2023\/05\/Bild-Aktiv-in-Bruchsal.jpg\" alt=\"Aktiv in Bruchsal\" \/><\/a>\n       <\/div>\n<div class=\"col-md-4 bootstrapfloat\">\nIndoorhallen<br \/>\n      <a href=\"https:\/\/www.jkg-bruchsal.de\/wordpress\/inhalte\/uploads\/2023\/05\/Projektfreizeitfuehrer_Indoorhallen.pdf\" rel=\"noopener\" target=\"_blank\"><img decoding=\"async\" class=\"img-responsive\" src=\"https:\/\/www.jkg-bruchsal.de\/wordpress\/inhalte\/uploads\/2023\/05\/Bild-Indoorhallen.jpg\" alt=\"Indoorhallen\" \/><\/a>\n       <\/div>\n<\/p><\/div>\n<div class=\"row\">\n<div class=\"col-md-4 bootstrapfloat\">\nKletterpark<br \/>\n      <a href=\"https:\/\/www.jkg-bruchsal.de\/wordpress\/inhalte\/uploads\/2023\/05\/Projekt-Freizeitfuehrer-Kletterpark.pdf\" rel=\"noopener\" target=\"_blank\"><img decoding=\"async\" class=\"img-responsive\" src=\"https:\/\/www.jkg-bruchsal.de\/wordpress\/inhalte\/uploads\/2023\/05\/Bild-Kletterparks.jpg\" alt=\"Kletterpark\" \/><\/a>\n       <\/div>\n<div class=\"col-md-4 bootstrapfloat\">\nMittagspause<br \/>\n      <a href=\"https:\/\/www.jkg-bruchsal.de\/wordpress\/inhalte\/uploads\/2023\/05\/Freizeitfuehrer-Mittagspause-neu.pdf\" rel=\"noopener\" target=\"_blank\"><img decoding=\"async\" class=\"img-responsive\" src=\"https:\/\/www.jkg-bruchsal.de\/wordpress\/inhalte\/uploads\/2023\/05\/Bild-Mittagspause.jpg\" alt=\"Mittagspause\" \/><\/a>\n       <\/div>\n<div class=\"col-md-4 bootstrapfloat\">\nMinigolf<br \/>\n      <a href=\"https:\/\/www.jkg-bruchsal.de\/wordpress\/inhalte\/uploads\/2023\/05\/Projekt-Freizeitfuehrer-Minigolf.pdf\" rel=\"noopener\" target=\"_blank\"><img decoding=\"async\" class=\"img-responsive\" src=\"https:\/\/www.jkg-bruchsal.de\/wordpress\/inhalte\/uploads\/2023\/05\/Bild-Minigolf.jpg\" alt=\"Minigolf\" \/><\/a>\n       <\/div>\n<\/p><\/div>\n<div class=\"row\">\n<div class=\"col-md-4 bootstrapfloat\">\nMuseen<br \/>\n      <a href=\"https:\/\/www.jkg-bruchsal.de\/wordpress\/inhalte\/uploads\/2023\/05\/Projektfreizeitfuehrer_-Museen.pdf\" rel=\"noopener\" target=\"_blank\"><img decoding=\"async\" class=\"img-responsive\" src=\"https:\/\/www.jkg-bruchsal.de\/wordpress\/inhalte\/uploads\/2023\/05\/Bild-Museen.jpg\" alt=\"Museen\" \/><\/a>\n       <\/div>\n<div class=\"col-md-4 bootstrapfloat\">\nSchwimmb\u00e4der<br \/>\n      <a href=\"https:\/\/www.jkg-bruchsal.de\/wordpress\/inhalte\/uploads\/2023\/05\/Projektfreizeitfuehrer_Schwimmbaeder.pdf\" rel=\"noopener\" target=\"_blank\"><img decoding=\"async\" class=\"img-responsive\" src=\"https:\/\/www.jkg-bruchsal.de\/wordpress\/inhalte\/uploads\/2023\/05\/Bild-Schwimmbaeder.jpg\" alt=\"Schwimmb\u00e4der\" \/><\/a>\n       <\/div>\n<div class=\"col-md-4 bootstrapfloat\">\nZoos<br \/>\n      <a href=\"https:\/\/www.jkg-bruchsal.de\/wordpress\/inhalte\/uploads\/2023\/05\/Projekt-Freizeitfuehrer-Zoos.pdf\" rel=\"noopener\" target=\"_blank\"><img decoding=\"async\" class=\"img-responsive\" src=\"https:\/\/www.jkg-bruchsal.de\/wordpress\/inhalte\/uploads\/2023\/05\/Bild-Zoos.jpg\" alt=\"Zoos\" \/><\/a>\n       <\/div>\n<\/p><\/div>\n<\/p><\/div>\n<p><em>Leitung des Projektes: A. Gro\u00dfmann<\/em><\/p>\n<hr>\n<h3><a name=\"B\u00fccherquiz\"><\/a>Tag des Buches 2021<\/h3>\n<p><em>Lesen hei\u00dft, durch fremde Hand tr\u00e4umen. (Fernando Pessoa)<\/em><\/p>\n<div class=\"col-md-12\">\n<div class=\"row\">\n<div class=\"col-md-4 bootstrapfloat\">\n      <a href=\"https:\/\/www.jkg-bruchsal.de\/wordpress\/inhalte\/uploads\/2021\/04\/k-IMG_20210420_121519.jpg\" data-rel=\"lightbox-image-10\" data-rl_title=\"\" data-rl_caption=\"\" title=\"\"><img decoding=\"async\" class=\"img-responsive\" src=\"https:\/\/www.jkg-bruchsal.de\/wordpress\/inhalte\/uploads\/2021\/04\/k-IMG_20210420_121519.jpg\" alt=\"Tag vom Buch\" \/><\/a>\n    <\/div>\n<p>Was gibt es Sch\u00f6neres, als mit einem guten Buch auf der Couch oder im Liegestuhl zu liegen und sich in die Welt der Fantasie und der Abenteuer entf\u00fchren zu lassen? Gerade in Corona-Zeiten sind solche Auszeiten, in den wir auch mal auf (Fantasie)-Reisen gehen k\u00f6nnen, unheimlich wertvoll.<\/p>\n<p>Gerne h\u00e4tte die Projektgruppe \u201eSch\u00fclerbibliothek\u201c der Achtkl\u00e4ssler am heutigen Tag des Buches (23. April) eine Leseaktion geplant, die leider nun pandemiebedingt nicht realisierbar ist. Um euch aber trotzdem Appetit aufs Lesen zu machen, hat die Projektgruppe B\u00fccherquizze erstellt, die ihr digital bearbeiten k\u00f6nnt. Klickt einfach auf den entsprechenden Link unter diesem Text und testet, wie gut ihr euer Lieblingsbuch kennt.<\/p>\n<p>\u00dcbrigens: Die Sch\u00fclerbibliothek kann zwar aktuell keine festen \u00d6ffnungszeiten anbieten, dennoch k\u00f6nnt ihr B\u00fccher ausleihen. Wir bieten euch \u201e<a href=\"https:\/\/www.jkg-bruchsal.de\/?page_id=987#Sch\u00fclerbibliothek\" rel=\"noopener\" target=\"_blank\">Books on Demand<\/a>\u201c an. In der Sch\u00fclerbibliothek findet ihr aktuelle Jugendb\u00fccher f\u00fcr alle Altersstufen, Romane f\u00fcr Oberstufensch\u00fcler, Lernhilfen (auch Hilfen f\u00fcr die Abiturvorbereitung) und B\u00fccher zur Vorbereitung von GFS.<\/p>\n<\/p><\/div>\n<\/p><\/div>\n<p><em>Text: Bai, Zie<\/em><\/p>\n<p><strong>Quizfragen<\/strong><\/p>\n<ul>\n<li><a href=\"https:\/\/docs.google.com\/forms\/d\/e\/1FAIpQLScPZ60Ycj678V-HwUpm1eHh-gD8pJz3GBdOvGJcrsEh7vqg8g\/viewform?vc=0&#038;c=0&#038;w=1&#038;flr=0\" rel=\"noopener\" target=\"_blank\">Die Buchspringer (Mechthild Gl\u00e4ser)<\/a><\/li>\n<li><a href=\"https:\/\/docs.google.com\/forms\/d\/e\/1FAIpQLSeP-XsJTs3PrfB1sqZbVECTcirJ4A-IwbOpXZFUScA8DslDTw\/viewform?vc=0&#038;c=0&#038;w=1&#038;flr=0\" rel=\"noopener\" target=\"_blank\">Animox (Aim\u00e9e Carter) Quiz 1<\/a><\/li>\n<li><a href=\"https:\/\/forms.gle\/6EorCRQb5SsuK29T8\" rel=\"noopener\" target=\"_blank\">Animox (Aim\u00e9e Carter) Quiz 2<\/a><\/li>\n<li><a href=\"https:\/\/docs.google.com\/forms\/d\/e\/1FAIpQLSc6IU5_1Tj4tJVZTTEdtZnQlCMGUXrU7kUqKDFzMbCKYZ7cJg\/viewform?vc=0&#038;c=0&#038;w=1&#038;flr=0\" rel=\"noopener\" target=\"_blank\">Die Tribute von Panem (Suzanne Collins)<\/a><\/li>\n<li><a href=\"https:\/\/docs.google.com\/forms\/d\/e\/1FAIpQLSeMLhCmrYi4dJmETK7kzZ-39dhzG2sBzs9izo2QyqZjssVACQ\/viewform?usp=sf_link\" rel=\"noopener\" target=\"_blank\">Die Tribute von Panem: Flammender Zorn (Suzanne Collins)<\/a><\/li>\n<li><a href=\"https:\/\/docs.google.com\/forms\/d\/e\/1FAIpQLScJwdKln3Xh8JpTCViEXr46Ka06tCmSEEoZrbIWORBYQnwUaQ\/viewform?vc=0&#038;c=0&#038;w=1&#038;flr=0\" rel=\"noopener\" target=\"_blank\">Alea Aquarius: Der Ruf des Wassers (Tanja Stewner)<\/a><\/li>\n<li><a href=\"https:\/\/docs.google.com\/forms\/d\/e\/1FAIpQLSeo6X_KeEFht93PHnVI0YGYHLwmAQYG0QFslfr9_IUhYyT8dw\/viewform?vc=0&#038;c=0&#038;w=1&#038;flr=0\" rel=\"noopener\" target=\"_blank\">Alea Aquarius (Tanja Stewner)<\/a><\/li>\n<li><a href=\"https:\/\/docs.google.com\/forms\/d\/e\/1FAIpQLSe7qryYKcMRAurOIbAzGEajvSx11En430UAB5pKHeXupGMsEg\/viewform?vc=0&#038;c=0&#038;w=1&#038;flr=0\" rel=\"noopener\" target=\"_blank\">One of us is lying (Karen M. McManus)<\/a><\/li>\n<li><a href=\"https:\/\/docs.google.com\/forms\/d\/1EB5MqQme87pDnfB6z3C8Nut81zpMSVFNHWGbS7TSKhg\/edit\" rel=\"noopener\" target=\"_blank\">Tann\u00f6d (Andrea Maria Schenkel)<\/a><\/li>\n<li><a href=\"https:\/\/docs.google.com\/forms\/d\/e\/1FAIpQLSf2tkGr3nfTepw_ZYqqnoC3t3qnepKSmMyIYL3yNKZiA1TUgg\/viewform?usp=sf_link\" rel=\"noopener\" target=\"_blank\">Der letzte Elf (Silvana De Mari)<\/a><\/li>\n<\/ul>\n<p><em>(jeweils externe Links)<\/em><\/p>\n<hr>\n<h3><a name=\"Benefiz2020\"><\/a>Spendenaktion f\u00fcr die Bruchsaler Tafel<\/h3>\n<h4>Eigentlich hatten wir ein Benefizkonzert geplant, doch dann kam Corona &#8230;<\/h4>\n<div class=\"col-md-12\">\n<div class=\"row\">\n<div class=\"col-md-4 bootstrapfloat\">\n      <a href=\"https:\/\/www.jkg-bruchsal.de\/wordpress\/inhalte\/uploads\/2020\/06\/Tafel-Spendenaktion.jpg\" data-rel=\"lightbox-image-11\" data-rl_title=\"\" data-rl_caption=\"\" title=\"\"><img decoding=\"async\" class=\"img-responsive\" src=\"https:\/\/www.jkg-bruchsal.de\/wordpress\/inhalte\/uploads\/2020\/06\/Tafel-Spendenaktion.jpg\" alt=\"Tafel-Spendenaktion\" \/><\/a>\n    <\/div>\n<p>Sch\u00fclerinnen und Sch\u00fcler des neunj\u00e4hrigen Bildungsgangs am JKG hatten im Rahmen ihres Projektes eigentlich ein Benefizkonzert f\u00fcr die Bruchsaler Tafel geplant. Doch dann kam alles anders: Die Achtkl\u00e4ssler*innen konnten wegen der Covid-19-Pandemie das Konzert nicht veranstalten.<\/p>\n<p>Im neunj\u00e4hrigen Bildungsgang w\u00e4hlen die Sch\u00fclerinnen und Sch\u00fcler des JKG eines von mehreren sozialen Projekten. Die Gruppe &#8222;Benefizkonzert&#8220; wollte auf ihrer Veranstaltung Spenden f\u00fcr den Bruchsaler Tafelladen sammeln &#8211; zahlreiche Menschen in der Region sind auf dieses Angebot der Caritas angewiesen. <\/p>\n<p>Schon seit September wurden T\u00e4nze, Theaterst\u00fccke und Lieder f\u00fcr die Veranstaltung einstudiert, die wegen der Covid-19-Pandemie nun ausfallen musste. Um die &#8222;Tafel&#8220; trotzdem zu unterst\u00fctzen, haben die Sch\u00fclerinnen und Sch\u00fcler des Projekts spontan andere Wege gefunden: Es wurde Fundraising \u00fcber Social Media betrieben, Flohmarktverk\u00e4ufe in der Nachbarschaft fanden statt, selbstgemachte Marmelade wurde verkauft oder <a href=\"https:\/\/www.jkg-bruchsal.de\/?page_id=11075\" rel=\"noopener noreferrer\" target=\"_blank\">Videos mit Spendenaufruf<\/a> wurden selbst produziert. <\/p>\n<\/p><\/div>\n<\/p><\/div>\n<div class=\"col-md-12\">\n<div class=\"row\">\n<div class=\"col-md-4 bootstrapfloat\">\n      <a href=\"https:\/\/www.jkg-bruchsal.de\/wordpress\/inhalte\/uploads\/2020\/07\/Marmelade-statt-Benefizkonzert.jpg\" data-rel=\"lightbox-image-12\" data-rl_title=\"\" data-rl_caption=\"\" title=\"\"><img decoding=\"async\" class=\"img-responsive\" src=\"https:\/\/www.jkg-bruchsal.de\/wordpress\/inhalte\/uploads\/2020\/07\/Marmelade-statt-Benefizkonzert.jpg\" alt=\"Tafel-Spendenaktion\" \/><\/a>\n    <\/div>\n<p>Alle Aktionen zusammen haben eine stolze Spendensumme von 770 Euro ergeben. Eine pers\u00f6nliche \u00dcbergabe eines Schecks war leider auch nicht m\u00f6glich, aber Frau Stemann-Fuchs, die Leiterin der Bruchsaler Caritas, schreibt in einem Gru\u00df an die Projektgruppe: &#8222;Wir freuen uns, dass eine so hohe Summe zu Gunsten der Tafel zusammengekommen ist. Ich m\u00f6chte mich hiermit bei der Projektgruppe und ihrem Leiter Herrn Kowollik herzlich bedanken!&#8220;<\/p>\n<\/p><\/div>\n<\/p><\/div>\n<p><em>Fotos: Projektgruppe, Text: Kow<\/em><\/p>\n<hr>\n<h3><a name=\"V\u00f6lkerballturnier\"><\/a>Projekt &#8222;V\u00f6lkerballturnier&#8220;<\/h3>\n<div class=\"col-md-12\">\n<div class=\"row\">\n<div class=\"col-md-5 bootstrapfloat\">\n      <a href=\"https:\/\/www.jkg-bruchsal.de\/wordpress\/inhalte\/uploads\/2019\/05\/k-20190301_113828.jpg\" data-rel=\"lightbox-image-13\" data-rl_title=\"\" data-rl_caption=\"\" title=\"\"><img decoding=\"async\" class=\"img-responsive\" src=\"https:\/\/www.jkg-bruchsal.de\/wordpress\/inhalte\/uploads\/2019\/05\/k-20190301_113828.jpg\" alt=\"V\u00f6lkerballturnier\" \/><\/a>\n    <\/div>\n<p>Am 1. M\u00e4rz 2019 fand das V\u00f6lkerballturnier der 6. Klasse in der TSG-Sporthalle statt, bei dem jede Klasse gegen jede andere antrat. Das Turnier wurde von der 8.Klasse (G9) im Zuge eines Projektes unter der Leitung von Frau Bjelanovic\u00b4 geplant und durchgef\u00fchrt. Das Turnier begann um 8 Uhr mit der ersten H\u00e4lfte der Spiele, bei dem ein Spiel 15 Minuten ging. Die ersten 10 Minuten konnte man sich wieder einwerfen die letzten 5 Minuten allerdings nicht mehr. <\/p>\n<p>Da das Turnier kurz vor den Faschingsferien war, fand zwischendurch ein erfolgreicher Kost\u00fcmwettbewerb statt, bei dem das beste, kreativste und sch\u00f6nste Kost\u00fcm einen Snackbox Gutschein im Wert von 10\u20ac gewonnen hat. W\u00e4hrend  Musik lief, haben die Teilnehmer des Wettbewerbs getanzt und von der Projektgruppe hat sich jeder jeweils 2 Leute mit einem tollen Kost\u00fcm ausgesucht. Die anderen waren dann leider ausgeschieden. Anschlie\u00dfend wurden nach und nach Leute rausgeschickt, bis nur noch die letzten 3 mit den besten Kost\u00fcmen da waren. Die letzten 3 mussten dann ihr Kost\u00fcm vorstellen. Danach hat die Projektgruppe sich einen Sieger rausgesucht, der ihrer Meinung nach das tollste, s\u00fc\u00dfeste und kreativste Kost\u00fcm hatte. Dem Gewinner wurde dann der Gutschein \u00fcberreicht. Gewonnen hatte Siena aus der 6t. <\/p>\n<p>Nach dem Kost\u00fcmwettbewerb fand die 2. H\u00e4lfte der Spiele statt. Das Turnier endete gegen 13 Uhr. Doch bevor die Klassen nach Hause gehen durften, fand noch die Siegerehrung statt. Diese wurde ebenfalls von der Projektgruppe durchgef\u00fchrt. Es wurden die Pl\u00e4tze von 1-6 bekannt gegeben. Die Pl\u00e4tze 1-3 haben eine Urkunde und einen Preis bekommen. Der Sieger des V\u00f6lkerballturniers war die Klasse 6u. Anschlie\u00dfend wurden noch die Siegerfotos mit den Gewinnern des Turniers und des Wettbewerbs gemacht. Nach der Siegerehrung durften die Klassen nach Hause. W\u00e4hrend des V\u00f6lkerballturniers hatte die Projektgruppe einen erfolgreichen Kuchenverkauf. In den einzelnen Pausen und w\u00e4hrend des Wettbewerbs lief Faschingsmusik. Diese hat f\u00fcr eine sehr gute Stimmung in der Halle gesorgt.<\/p>\n<\/p><\/div>\n<\/p><\/div>\n<p><em>Text: Hannah (8u)<br \/>\nFoto: Bje <\/em><\/p>\n<hr>\n","protected":false},"excerpt":{"rendered":"<p>Teamwork! Ziele sind die Weiterf\u00fchrung der Methoden- und Sozialkompetenzen, mit welchen in den Klassen 5 begonnen wurde. Die Weiterentwicklung der Teamf\u00e4higkeit der Sch\u00fclerinnen und Sch\u00fcler in realen Situationen (\u201eGemeinsam arbeiten lernen\u201c) und die selbstst\u00e4ndige Planung, Entwicklung und Durchf\u00fchrung eines Jahresprojektes ist Ziel dieser Projektstunde. Die Projekte sollen \u201eim realen Leben verankert\u201c sein, im innerschulischen oder [&hellip;]<\/p>\n","protected":false},"author":2,"featured_media":0,"parent":1366,"menu_order":10,"comment_status":"closed","ping_status":"closed","template":"","meta":{"footnotes":""},"class_list":["post-1368","page","type-page","status-publish","hentry"],"_links":{"self":[{"href":"https:\/\/www.jkg-bruchsal.de\/index.php?rest_route=\/wp\/v2\/pages\/1368","targetHints":{"allow":["GET"]}}],"collection":[{"href":"https:\/\/www.jkg-bruchsal.de\/index.php?rest_route=\/wp\/v2\/pages"}],"about":[{"href":"https:\/\/www.jkg-bruchsal.de\/index.php?rest_route=\/wp\/v2\/types\/page"}],"author":[{"embeddable":true,"href":"https:\/\/www.jkg-bruchsal.de\/index.php?rest_route=\/wp\/v2\/users\/2"}],"replies":[{"embeddable":true,"href":"https:\/\/www.jkg-bruchsal.de\/index.php?rest_route=%2Fwp%2Fv2%2Fcomments&post=1368"}],"version-history":[{"count":25,"href":"https:\/\/www.jkg-bruchsal.de\/index.php?rest_route=\/wp\/v2\/pages\/1368\/revisions"}],"predecessor-version":[{"id":15044,"href":"https:\/\/www.jkg-bruchsal.de\/index.php?rest_route=\/wp\/v2\/pages\/1368\/revisions\/15044"}],"up":[{"embeddable":true,"href":"https:\/\/www.jkg-bruchsal.de\/index.php?rest_route=\/wp\/v2\/pages\/1366"}],"wp:attachment":[{"href":"https:\/\/www.jkg-bruchsal.de\/index.php?rest_route=%2Fwp%2Fv2%2Fmedia&parent=1368"}],"curies":[{"name":"wp","href":"https:\/\/api.w.org\/{rel}","templated":true}]}}