{"id":16016,"date":"2024-10-01T17:18:32","date_gmt":"2024-10-01T15:18:32","guid":{"rendered":"https:\/\/www.jkg-bruchsal.de\/?page_id=16016"},"modified":"2024-10-01T17:28:11","modified_gmt":"2024-10-01T15:28:11","slug":"stadtradeln-2","status":"publish","type":"page","link":"https:\/\/www.jkg-bruchsal.de\/?page_id=16016","title":{"rendered":"Stadtradeln"},"content":{"rendered":"<h3><a name=\"Stadtradeln 2024\"><\/a>Stadtradeln 2024 \u2013 1,2,3, \u2026 das JKG war dabei!<\/h3>\n<div class=\"col-md-12\">\n<div class=\"row\">\n<div class=\"col-md-5 bootstrapfloat\">\n      <a href=\"https:\/\/www.jkg-bruchsal.de\/wordpress\/inhalte\/uploads\/2024\/10\/k-IMG_0425.jpg\" data-rel=\"lightbox-image-0\" data-rl_title=\"\" data-rl_caption=\"\" title=\"\"><img decoding=\"async\" class=\"img-responsive\" src=\"https:\/\/www.jkg-bruchsal.de\/wordpress\/inhalte\/uploads\/2024\/10\/k-IMG_0425.jpg\" alt=\"Stadtradeln 2024\" \/><\/a>\n    <\/div>\n<p>Mit einem beachtlichen Kilometerstand von 12.852 km erreichten 95 Radelnde aus der ganzen Schulgemeinschaft des JKG ein tolles Ergebnis beim diesj\u00e4hrigen Stadtradeln in Bruchsal.<\/p>\n<p>Das Wetter zeigte sich in der ersten Woche von seiner besten Seite. Viele Sch\u00fclerinnen und Sch\u00fcler schwangen sich mit Elan auf ihrer Fahrr\u00e4der und erlebten, wie viel Spa\u00df Bewegung an der frischen Luft macht. Auch einige Lehrerinnen und Lehrer lie\u00dfen das Auto stehen und sparten der Umwelt CO2 und den Kolleg_innen Parkpl\u00e4tze ein. Aber auch einige Eltern, Freunde und Unterst\u00fctzer radelten f\u00fcr das Schulteam des JKG und sammelten flei\u00dfig Kilometer. Besonders die F\u00fcnften Klassen schlossen sich zu Klassenteams zusammen und spornten sich gegenseitig an, die gesamten drei Wochen auch mal bei schlechterem Wetter durchzuhalten. <\/p>\n<p>Unterm Strich konnten wir einen dritten, einen zweiten und einen inoffiziellen ersten Platz verbuchen: Keine Schule in Bruchsal fuhr mehr Kilometer als das JKG (1.Platz). Lediglich das Werksteam der SEW (31.569km) konnte sich deutlich absetzen. Aber schon bei der Teilnehmerzahl waren die Abst\u00e4nde l\u00e4ngst nicht mehr so gro\u00df: Hinter der Konrad-Adenauer-Schule (209 Teilnehmer_innen) reihte sich das JKG als zweitplatzierte Schule (95 Teilnehmer_innen) ein. Im Gesamtfeld alle Teams schob sich auch hier noch das SEW-Team mit 119 aktiv Radelnden dazwischen, also Platz drei f\u00fcr das JKG.<\/p>\n<pAm 24.09.2024 fand nun die \u00f6ffentlichen Pr\u00e4mierung durch Oberb\u00fcrgermeisterin Cornelia Petzold-Schick vor dem Rathaus statt. Neben Preisen f\u00fcr die Teilnehmer_innen mit den meisten Kilometern in der ganzen Stadt gab es dabei auch viel Applaus f\u00fcr die erfolgreichen Schulen. Um Frau Petzold-Schick zu zitieren: \u201eVielleicht gibt es ja f\u00fcr alle noch ein Eis!?\u201c \u2013 n\u00e4chstes Jahr vielleicht. >\n<p>F\u00fcr Ende Juni 2025 stehen wir auf jeden Fall schon in den Startl\u00f6chern!<\/p>\n<\/p><\/div>\n<\/p><\/div>\n<p><em>Text und Fotos: Kdr (September 2024)<\/em><\/p>\n<p><\/br><\/p>\n<div class=\"row\">\n<div class=\"col-md-6\">\n  <a href=\"https:\/\/www.jkg-bruchsal.de\/wordpress\/inhalte\/uploads\/2024\/10\/IMG_0423_klein.jpeg.jpg\" data-rel=\"lightbox-image-1\" data-rl_title=\"\" data-rl_caption=\"\" title=\"\"><img decoding=\"async\" style=\"margin-bottom: 20px\" class=\"img-responsive\" src=\"https:\/\/www.jkg-bruchsal.de\/wordpress\/inhalte\/uploads\/2024\/10\/IMG_0423_klein.jpeg.jpg\" alt=\"Stadtradeln Urkunde 2024 (1)\" \/><\/a>\n<\/div>\n<div class=\"col-md-6\">\n  <a href=\"https:\/\/www.jkg-bruchsal.de\/wordpress\/inhalte\/uploads\/2024\/10\/IMG_0420_klein.jpeg.jpg\" data-rel=\"lightbox-image-2\" data-rl_title=\"\" data-rl_caption=\"\" title=\"\"><img decoding=\"async\" style=\"margin-bottom: 20px\" class=\"img-responsive\" src=\"https:\/\/www.jkg-bruchsal.de\/wordpress\/inhalte\/uploads\/2024\/10\/IMG_0420_klein.jpeg.jpg\" alt=\"Stadtradeln Urkunde (2)\" \/><\/a>\n<\/div>\n<\/div>\n<a href=\"https:\/\/www.jkg-bruchsal.de\/wordpress\/inhalte\/uploads\/2024\/10\/k-IMG_0428.JPG.jpg\" data-rel=\"lightbox-image-3\" data-rl_title=\"\" data-rl_caption=\"\" title=\"\"><img decoding=\"async\" class=\"img-responsive\" src=\"https:\/\/www.jkg-bruchsal.de\/wordpress\/inhalte\/uploads\/2024\/10\/k-IMG_0428.JPG.jpg\" alt=\"Stadtradeln 2024 - 2\" \/><\/a>\n<hr>\n<p><\/br><\/p>\n","protected":false},"excerpt":{"rendered":"<p>Stadtradeln 2024 \u2013 1,2,3, \u2026 das JKG war dabei! Mit einem beachtlichen Kilometerstand von 12.852 km erreichten 95 Radelnde aus der ganzen Schulgemeinschaft des JKG ein tolles Ergebnis beim diesj\u00e4hrigen Stadtradeln in Bruchsal. Das Wetter zeigte sich in der ersten Woche von seiner besten Seite. Viele Sch\u00fclerinnen und Sch\u00fcler schwangen sich mit Elan auf ihrer [&hellip;]<\/p>\n","protected":false},"author":2,"featured_media":0,"parent":0,"menu_order":0,"comment_status":"closed","ping_status":"closed","template":"","meta":{"footnotes":""},"class_list":["post-16016","page","type-page","status-publish","hentry"],"_links":{"self":[{"href":"https:\/\/www.jkg-bruchsal.de\/index.php?rest_route=\/wp\/v2\/pages\/16016","targetHints":{"allow":["GET"]}}],"collection":[{"href":"https:\/\/www.jkg-bruchsal.de\/index.php?rest_route=\/wp\/v2\/pages"}],"about":[{"href":"https:\/\/www.jkg-bruchsal.de\/index.php?rest_route=\/wp\/v2\/types\/page"}],"author":[{"embeddable":true,"href":"https:\/\/www.jkg-bruchsal.de\/index.php?rest_route=\/wp\/v2\/users\/2"}],"replies":[{"embeddable":true,"href":"https:\/\/www.jkg-bruchsal.de\/index.php?rest_route=%2Fwp%2Fv2%2Fcomments&post=16016"}],"version-history":[{"count":4,"href":"https:\/\/www.jkg-bruchsal.de\/index.php?rest_route=\/wp\/v2\/pages\/16016\/revisions"}],"predecessor-version":[{"id":16027,"href":"https:\/\/www.jkg-bruchsal.de\/index.php?rest_route=\/wp\/v2\/pages\/16016\/revisions\/16027"}],"wp:attachment":[{"href":"https:\/\/www.jkg-bruchsal.de\/index.php?rest_route=%2Fwp%2Fv2%2Fmedia&parent=16016"}],"curies":[{"name":"wp","href":"https:\/\/api.w.org\/{rel}","templated":true}]}}

<h3><a name="Stadtradeln 2024"></a>Stadtradeln 2024 – 1,2,3, … das JKG war dabei!</h3>
<div class="col-md-12">
<div class="row">
<div class="col-md-5 bootstrapfloat">
      <a href="https://www.jkg-bruchsal.de/wordpress/inhalte/uploads/2024/10/k-IMG_0425.jpg" data-rel="lightbox-image-0" data-rl_title="" data-rl_caption="" title=""><img decoding="async" class="img-responsive" src="https://www.jkg-bruchsal.de/wordpress/inhalte/uploads/2024/10/k-IMG_0425.jpg" alt="Stadtradeln 2024" /></a>
    </div>
<p>Mit einem beachtlichen Kilometerstand von 12.852 km erreichten 95 Radelnde aus der ganzen Schulgemeinschaft des JKG ein tolles Ergebnis beim diesjährigen Stadtradeln in Bruchsal.</p>
<p>Das Wetter zeigte sich in der ersten Woche von seiner besten Seite. Viele Schülerinnen und Schüler schwangen sich mit Elan auf ihrer Fahrräder und erlebten, wie viel Spaß Bewegung an der frischen Luft macht. Auch einige Lehrerinnen und Lehrer ließen das Auto stehen und sparten der Umwelt CO2 und den Kolleg_innen Parkplätze ein. Aber auch einige Eltern, Freunde und Unterstützer radelten für das Schulteam des JKG und sammelten fleißig Kilometer. Besonders die Fünften Klassen schlossen sich zu Klassenteams zusammen und spornten sich gegenseitig an, die gesamten drei Wochen auch mal bei schlechterem Wetter durchzuhalten. </p>
<p>Unterm Strich konnten wir einen dritten, einen zweiten und einen inoffiziellen ersten Platz verbuchen: Keine Schule in Bruchsal fuhr mehr Kilometer als das JKG (1.Platz). Lediglich das Werksteam der SEW (31.569km) konnte sich deutlich absetzen. Aber schon bei der Teilnehmerzahl waren die Abstände längst nicht mehr so groß: Hinter der Konrad-Adenauer-Schule (209 Teilnehmer_innen) reihte sich das JKG als zweitplatzierte Schule (95 Teilnehmer_innen) ein. Im Gesamtfeld alle Teams schob sich auch hier noch das SEW-Team mit 119 aktiv Radelnden dazwischen, also Platz drei für das JKG.</p>
<pAm 24.09.2024 fand nun die öffentlichen Prämierung durch Oberbürgermeisterin Cornelia Petzold-Schick vor dem Rathaus statt. Neben Preisen für die Teilnehmer_innen mit den meisten Kilometern in der ganzen Stadt gab es dabei auch viel Applaus für die erfolgreichen Schulen. Um Frau Petzold-Schick zu zitieren: „Vielleicht gibt es ja für alle noch ein Eis!?“ – nächstes Jahr vielleicht. >
<p>Für Ende Juni 2025 stehen wir auf jeden Fall schon in den Startlöchern!</p>
</p></div>
</p></div>
<p><em>Text und Fotos: Kdr (September 2024)</em></p>
<p></br></p>
<div class="row">
<div class="col-md-6">
  <a href="https://www.jkg-bruchsal.de/wordpress/inhalte/uploads/2024/10/IMG_0423_klein.jpeg.jpg" data-rel="lightbox-image-1" data-rl_title="" data-rl_caption="" title=""><img decoding="async" style="margin-bottom: 20px" class="img-responsive" src="https://www.jkg-bruchsal.de/wordpress/inhalte/uploads/2024/10/IMG_0423_klein.jpeg.jpg" alt="Stadtradeln Urkunde 2024 (1)" /></a>
</div>
<div class="col-md-6">
  <a href="https://www.jkg-bruchsal.de/wordpress/inhalte/uploads/2024/10/IMG_0420_klein.jpeg.jpg" data-rel="lightbox-image-2" data-rl_title="" data-rl_caption="" title=""><img decoding="async" style="margin-bottom: 20px" class="img-responsive" src="https://www.jkg-bruchsal.de/wordpress/inhalte/uploads/2024/10/IMG_0420_klein.jpeg.jpg" alt="Stadtradeln Urkunde (2)" /></a>
</div>
</div>
<a href="https://www.jkg-bruchsal.de/wordpress/inhalte/uploads/2024/10/k-IMG_0428.JPG.jpg" data-rel="lightbox-image-3" data-rl_title="" data-rl_caption="" title=""><img decoding="async" class="img-responsive" src="https://www.jkg-bruchsal.de/wordpress/inhalte/uploads/2024/10/k-IMG_0428.JPG.jpg" alt="Stadtradeln 2024 - 2" /></a>
<hr>
<p></br></p>

<p>Stadtradeln 2024 – 1,2,3, … das JKG war dabei! Mit einem beachtlichen Kilometerstand von 12.852 km erreichten 95 Radelnde aus der ganzen Schulgemeinschaft des JKG ein tolles Ergebnis beim diesjährigen Stadtradeln in Bruchsal. Das Wetter zeigte sich in der ersten Woche von seiner besten Seite. Viele Schülerinnen und Schüler schwangen sich mit Elan auf ihrer [&hellip;]</p>
