{"id":16257,"date":"2024-12-03T17:11:56","date_gmt":"2024-12-03T16:11:56","guid":{"rendered":"https:\/\/www.jkg-bruchsal.de\/?page_id=16257"},"modified":"2026-01-09T15:29:09","modified_gmt":"2026-01-09T14:29:09","slug":"frederick-tag","status":"publish","type":"page","link":"https:\/\/www.jkg-bruchsal.de\/?page_id=16257","title":{"rendered":"Frederick-Tag"},"content":{"rendered":"<div class=\"row\">\n<div class=\"col-md-6\">\n    <a class=\"btn btn-primary\" style=\"float:left;\" href=\"https:\/\/www.jkg-bruchsal.de\/?page_id=1113\"><span class=\"hidden-xs\"><< \u00dcbersicht: Fach Deutsch<\/span><i class=\"glyphicon glyphicon-arrow-left visible-xs\"><\/i><\/a>\n  <\/div>\n<\/div>\n<p><br class=\"hidden-xs brmenue\"><\/p>\n<h3><a name=\"Frederick-Tag 2025\"><\/a>Crazy Family: Eine v\u00f6llig verr\u00fcckte Familie<\/h3>\n<h4>Autorenlesung mit Markus Orths zum Frederick-Tag 2025<\/h4>\n<div class=\"col-md-12\">\n<div class=\"row\">\n<div class=\"col-md-4 bootstrapfloat\">\n      <a href=\"https:\/\/www.jkg-bruchsal.de\/wordpress\/inhalte\/uploads\/2026\/01\/k-IMG_0256.jpeg\" data-rel=\"lightbox-image-0\" data-rl_title=\"\" data-rl_caption=\"\" title=\"\"><img decoding=\"async\" class=\"img-responsive\" src=\"https:\/\/www.jkg-bruchsal.de\/wordpress\/inhalte\/uploads\/2026\/01\/k-IMG_0256.jpeg\" alt=\"Frederick-Tag 2025\" \/><\/a>\n    <\/div>\n<p>Am 01.12.25 durften wir in der Aula des Justus-Knecht-Gymnasiums einen ganz besonderen Gast begr\u00fc\u00dfen: Der bekannte Kinder- und Jugendbuchautor Markus Orths war zu Besuch und las f\u00fcr unsere Sechstkl\u00e4sslerinnen und Sechstkl\u00e4ssler aus seiner beliebten Buchreihe \u201eCrazy Family\u201c vor.<\/p>\n<p>Schon zu Beginn der Veranstaltung war die Neugier der Sch\u00fclerinnen und Sch\u00fcler gro\u00df. Einige kannten die Buchreihe bereits, andere waren gespannt darauf, die verr\u00fcckte Familie zum ersten Mal kennenzulernen. Dass diese Familie tats\u00e4chlich \u201ecrazy\u201c ist, konnten sich die Zuh\u00f6rerinnen und Zuh\u00f6rer gleich zu Beginn der Lesung selbst \u00fcberzeugen. In der ersten gelesenen Passage erfuhren sie, wie die Kinder der Familie Hackbart zu ihren Namen kamen. Wir lernten die \u00e4lteste, supervern\u00fcnftige Tochter Brooklyn kennen, ebenso wie ihren Bruder Zosch, der am liebsten zockt, M\u00f6nkemeier, den K\u00fcnstler, sowie die j\u00fcngste Tochter Lulu, ein absolutes Wunderkind mit Hochbegabung. So au\u00dfergew\u00f6hnlich die Kinder sind, so verr\u00fcckt sind auch die Eltern: Frau Hackbart verdient als Truckerfahrerin das Geld f\u00fcr die Familie und l\u00e4sst gerne einmal ihre Muskeln spielen, w\u00e4hrend Herr Hackbart als Hausmann seinem etwas ungew\u00f6hnlichen Hobby nachgeht \u2013 er sammelt leidenschaftlich antike Klob\u00fcrsten. In der zweiten gelesenen Passage wurde Herrn Hackebarts antike Klob\u00fcrste versteigert, wobei er mit unlauteren Mitteln versuchte, den Preis in die H\u00f6he zu treiben.<\/p>\n<p>Markus Orths schaffte es von der ersten Minute an, sein junges Publikum zu begeistern. Mit viel Humor, lebendiger Stimme, passenden Requisiten und den witzigen Illustrationen des Buches erweckte er die Figuren der \u201eCrazy Family\u201c zum Leben und sorgte immer wieder f\u00fcr lautes Lachen im Raum. Besonders bei der Auktionsszene fieberten die Zuh\u00f6rerinnen und Zuh\u00f6rer mit: W\u00fcrde es Herrn Hackbart gelingen, die antike Klob\u00fcrste f\u00fcr viel Geld zu versteigern, ohne dass der Betrug auffliegt?<\/p>\n<p>Im Anschluss an die Lesung nahm sich Markus Orths viel Zeit f\u00fcr die zahlreichen Fragen der Sch\u00fclerinnen und Sch\u00fcler. Diese nutzten die Gelegenheit begeistert und wollten unter anderem wissen, wie er auf seine Ideen kommt, ob die Figuren aus seinen B\u00fcchern reale Vorbilder haben und wie lange es dauert, ein Buch zu schreiben. Geduldig und humorvoll beantwortete der Autor alle Fragen und gab dabei spannende Einblicke in seinen Alltag als Schriftsteller. Zum Schluss hatte Herr Orths noch eine \u00dcberraschung f\u00fcr die Sch\u00fclerinnen und Sch\u00fcler parat: jeder durfte ein Lesezeichnen mit Autogramm mit nach Hause nehmen.<\/p>\n<p>Die Lesung war f\u00fcr unsere Sechstkl\u00e4sslerinnen und Sechstkl\u00e4ssler nicht nur unterhaltsam, sondern auch eine wertvolle Begegnung mit einem echten Autor und ein gewinnbringender Beitrag zur Lesef\u00f6rderung anl\u00e4sslich des Fredericktages. Das Ziel, Freude an B\u00fcchern und am Lesen zu wecken, wurde dabei voll erreicht.<\/p>\n<p>Wir bedanken uns herzlich bei Markus Orths f\u00fcr seinen Besuch und diese gelungene Veranstaltung, die unseren Sch\u00fclerinnen und Sch\u00fclern sicher noch lange in Erinnerung bleiben wird.<\/p>\n<\/p><\/div>\n<\/p><\/div>\n<p><em>Text und Foto: Bai (Dezember 2025)<\/em><\/p>\n<hr>\n<h3><a name=\"Frederick-Tag 2024\"><\/a>Autorin Nikola Schumacher zu Gast am JKG<\/h3>\n<h4>&#8222;Geheimnis im Schloss&#8220; zum Frederick-Tag 2024<\/h4>\n<div class=\"col-md-12\">\n<div class=\"row\">\n<div class=\"col-md-4 bootstrapfloat\">\n      <a href=\"https:\/\/www.jkg-bruchsal.de\/wordpress\/inhalte\/uploads\/2024\/10\/k-IMG_20241017_112606026-rotated.jpg\" data-rel=\"lightbox-image-1\" data-rl_title=\"\" data-rl_caption=\"\" title=\"\"><img decoding=\"async\" class=\"img-responsive\" src=\"https:\/\/www.jkg-bruchsal.de\/wordpress\/inhalte\/uploads\/2024\/10\/k-IMG_20241017_112606026-rotated.jpg\" alt=\"Frederick-Tag 2024\" \/><\/a>\n    <\/div>\n<p>Am Donnerstag, den 17.11.24 versammelten sich unsere 6. Klassen  in der 3. Stunde bzw. in der 5. Stunde in der Aula um sich von der Bruchsaler Autorin Nikola Schumacher (ehemals Wengler) aus ihrem Jugendbuch \u201eGeheimnis im Schloss\u201c vorlesen zu lassen. Das Thema Vorlesen steht n\u00e4mlich in der als \u201eFrederick-Tag\u201c bezeichneten Aktionswoche bundesweit im Fokus vieler Bildungseinrichtungen. So hat die Fachschaft Deutsch sich ebenfalls bem\u00fcht, eine interessante Veranstaltung an unserer Schule zu organisieren, die zudem den Auftakt f\u00fcr den im November stattfindenden Vorlesewettbewerb der 6. Klassen bilden soll. <\/p>\n<p>Bevor es losging, berichtete die Autorin, wie sie auf die Idee f\u00fcr ihr Buch gekommen war. Sie hatte selbst eine F\u00fchrung zum Thema \u201eKeller und G\u00e4nge\u201c im Bruchsaler Schloss mitgemacht, fand diese aber relativ unspektakul\u00e4r. Sie h\u00e4tte sich erhofft, vielleicht Geheimg\u00e4nge oder Verliese gezeigt zu bekommen. Flugs schrieb sie daraufhin ein eigenes Buch, in dem die Protagonistin, die Sch\u00fclerin Sara aus Wien, in den Weihnachtsferien ihre Tante in Bruchsal besucht und dabei ein richtig spannendes Abenteuer mit ihren Freunden erlebt. In der Vorlesestelle versuchen n\u00e4mlich die Kinder, die durch ungl\u00fcckliche Umst\u00e4nde im Schloss eingeschlossen waren, durch einen alten Geheimgang wieder ins Freie zu gelangen. Dabei entwickeln die Freunde nicht nur pfiffige Ideen, sondern zollen sich  &#8211; trotz flapsiger Jugendsprache \u2013 gegenseitigen Respekt f\u00fcr ihre unterschiedlichen St\u00e4rken. <\/p>\n<p>Das Vorlesen aus dem Buch unterbrach Frau Schumacher immer wieder spontan und bezog mit unerwarteten und pers\u00f6nlichen Fragen die Zuh\u00f6renden mit ein. Besonders lebendig wurde das junge Publikum, als es mit vorbereiteten Papierkugeln durch den Saal werfen durfte. <\/p>\n<p>Am Ende verriet die Autorin den Sch\u00fclerInnen, dass es doch etwas l\u00e4nger dauert ein Buch zu schreiben und erkl\u00e4rte, welche Arbeitsschritte daf\u00fcr n\u00f6tig sind. Die Geschichten f\u00fcr ihre B\u00fccher entwickelt Nikola Schuhmacher dabei immer zuerst im Kopf, was durchaus 1-2 Jahre dauern kann. Sie recherchiert genauestens die Stadtgeschichte und beginnt erst dann mit der Niederschrift, die dann auch noch einmal einige Monate in Anspruch nimmt. Ihr Ziel sei es, den jugendlichen Lesern die Bruchsaler Geschichte auf spielerische Art n\u00e4herzubringen. Dabei halte sie sich an die vorhandenen Quellen, schm\u00fccke diese aus und dichte ihre Geschichte drumherum und lasse so fr\u00fchere Zeiten lebendig werden. Auch  ihr erstes Jugendbuch \u201e\u201cGeheimnisvolle Ferien\u201c handelt von der Bruchsaler Geschichte. Es vermittelt in einer spannenden Kriminalgeschichte Kenntnisse \u00fcber das mittelalterliche Bruchsal zur Zeit der Ottonen. <\/p>\n<p>Freundlich, geduldig und pers\u00f6nlich unterhielt sich die Autorin mit den Sch\u00fclern und gestand ihnen auch, dass sie selbst in ihrer Schulzeit nicht besonders gern gelesen habe. Vielleicht hat sie deshalb auch bei ihren B\u00fcchern f\u00fcr die \u201eLesemuffel\u201c vorgesorgt. Beide Jugendb\u00fccher gibt es auch als H\u00f6rbuch. F\u00fcr die neugierig gewordenen Lesefans stehen  jedenfalls auch mehrere Buchausgaben in der Sch\u00fclerbibliothek zur Ausleihe bereit. <\/p>\n<\/p><\/div>\n<\/p><\/div>\n<p><em>Text und Foto: Gma (Oktober 2024)<\/em><\/p>\n<hr>\n<h3><a name=\"Frederick-Tag\"><\/a>Zum Frederick-Tag 2022<\/h3>\n<h4>Lesepatinnen und -paten zu Besuch am JKG<\/h4>\n<div class=\"col-md-12\">\n<div class=\"row\">\n<div class=\"col-md-5 bootstrapfloat\">\n      <a href=\"https:\/\/www.jkg-bruchsal.de\/wordpress\/inhalte\/uploads\/2022\/11\/Fredricktag-2022.jpg\" data-rel=\"lightbox-image-2\" data-rl_title=\"\" data-rl_caption=\"\" title=\"\"><img decoding=\"async\" class=\"img-responsive\" src=\"https:\/\/www.jkg-bruchsal.de\/wordpress\/inhalte\/uploads\/2022\/11\/Fredricktag-2022.jpg\" alt=\"Frederick-Tag 2022\" \/><\/a>\n    <\/div>\n<p>In der Zeit vom 17.-28. Oktober wurde am JKG genau wie \u00fcberall in Baden-W\u00fcrttemberg eifrig vorgelesen, denn beim \u201eFrederick-Tag 2022\u201c waren wieder alle Bildungseinrichtungen aufgerufen, Kinder und Jugendliche durch besondere Leseaktionen f\u00fcr B\u00fccher zu begeistern. Der Namenspate f\u00fcr die bekannte Literaturaktion ist dabei seit \u00fcber 20 Jahren die w\u00f6rter-, farben- und sonnenstrahlensammelnde Maus Frederick aus dem ber\u00fchmten Bilderbuch von Leo Lionni. <\/p>\n<p>In Absprache mit der Fachschaft Deutsch wurden diesmal besonders die 6. Klassen ber\u00fccksichtigt, weil diese sich ab November selbst f\u00fcr den Vorlesewettbewerb vorbereiten m\u00fcssen und so einen guten Auftakt geboten bekamen. Frau Mutter war es in kurzer Zeit gelungen f\u00fcr alle sechs Klassen Lesepaten und Lesepatinnen zu finden, die w\u00e4hrend einer Schulstunde bereit waren, aus einem Buch ihrer Wahl vorzulesen  und sich anschlie\u00dfend mit den Sch\u00fclern \u00fcber die Geschichte  zu unterhalten. So kamen aus dem Gemeinderat Frau Ruth Birkle, Mitglied des Freundeskreises und langj\u00e4hrige JKG-Mutter, und Frau Evelin Steinke-Leitz ans JKG, aus dem Amt f\u00fcr Familie und Soziales Frau Inge Ganter und ebenfalls vom Freundeskreis unsere ehemalige Deutschkollegin Cornelia Bl\u00fcmle. Mit Herrn Prof.Dr. Schnatterbeck, dem ehemaligen Schulpr\u00e4sidenten, reihte sich ein an der Schule ebenfalls wohlbekanntes Gesicht in den Vorleserkreis. Bei den Besuchen h\u00f6rten die Sechstkl\u00e4ssler Ausschnitte aus Jugendbuchklassikern, wie z.B. \u201eMomo\u201c von Michael Ende oder \u201eVorstadtkrokodile\u201c von Max von der Gr\u00fcn. Sozialkritisch herausgefordert wurden die Zuh\u00f6rer von dem neueren Jugendbuch \u201eFeuerwanzen l\u00fcgen nicht\u201c von Stefanie H\u00f6fler oder vom \u201eTagebuch der Anne Frank\u201c. Sogar aus einem Sachbuch, das durch die Kinderuniversit\u00e4t Bruchsal inspiriert worden war, wurde vorgelesen. Eine bunte Auswahl von Themen, die auf jeden Fall verschiedene Interessen angesprochen hat. Durch den ungewohnten Rahmen wurde zudem der \u00fcbliche Schulalltag aufgelockert und bereichert. An dieser Stelle ein herzlicher Dank an alle Lesepatinnen und -paten!  <\/p>\n<\/p><\/div>\n<\/p><\/div>\n<div class=\"col-md-12\">\n<div class=\"row\">\n<div class=\"col-md-6 bootstrapfloat\">\n      <a href=\"https:\/\/www.jkg-bruchsal.de\/wordpress\/inhalte\/uploads\/2022\/11\/Lesepaten3.jpg\" data-rel=\"lightbox-image-3\" data-rl_title=\"\" data-rl_caption=\"\" title=\"\"><img decoding=\"async\" class=\"img-responsive\" src=\"https:\/\/www.jkg-bruchsal.de\/wordpress\/inhalte\/uploads\/2022\/11\/Lesepaten3.jpg\" alt=\"Lesepaten 1\" \/><\/a>\n    <\/div>\n<div class=\"col-md-6 bootstrapfloat\">\n      <a href=\"https:\/\/www.jkg-bruchsal.de\/wordpress\/inhalte\/uploads\/2022\/11\/Lesepaten4.jpg\" data-rel=\"lightbox-image-4\" data-rl_title=\"\" data-rl_caption=\"\" title=\"\"><img decoding=\"async\" class=\"img-responsive\" src=\"https:\/\/www.jkg-bruchsal.de\/wordpress\/inhalte\/uploads\/2022\/11\/Lesepaten4.jpg\" alt=\"Lesepaten 2\" \/><\/a>\n    <\/div>\n<\/p><\/div>\n<\/p><\/div>\n<p><em>Text: Gma<br \/>\nFotos: Ak<\/em><\/p>\n<hr>\n","protected":false},"excerpt":{"rendered":"","protected":false},"author":2,"featured_media":0,"parent":0,"menu_order":0,"comment_status":"closed","ping_status":"closed","template":"","meta":{"footnotes":""},"class_list":["post-16257","page","type-page","status-publish","hentry"],"_links":{"self":[{"href":"https:\/\/www.jkg-bruchsal.de\/index.php?rest_route=\/wp\/v2\/pages\/16257","targetHints":{"allow":["GET"]}}],"collection":[{"href":"https:\/\/www.jkg-bruchsal.de\/index.php?rest_route=\/wp\/v2\/pages"}],"about":[{"href":"https:\/\/www.jkg-bruchsal.de\/index.php?rest_route=\/wp\/v2\/types\/page"}],"author":[{"embeddable":true,"href":"https:\/\/www.jkg-bruchsal.de\/index.php?rest_route=\/wp\/v2\/users\/2"}],"replies":[{"embeddable":true,"href":"https:\/\/www.jkg-bruchsal.de\/index.php?rest_route=%2Fwp%2Fv2%2Fcomments&post=16257"}],"version-history":[{"count":3,"href":"https:\/\/www.jkg-bruchsal.de\/index.php?rest_route=\/wp\/v2\/pages\/16257\/revisions"}],"predecessor-version":[{"id":16260,"href":"https:\/\/www.jkg-bruchsal.de\/index.php?rest_route=\/wp\/v2\/pages\/16257\/revisions\/16260"}],"wp:attachment":[{"href":"https:\/\/www.jkg-bruchsal.de\/index.php?rest_route=%2Fwp%2Fv2%2Fmedia&parent=16257"}],"curies":[{"name":"wp","href":"https:\/\/api.w.org\/{rel}","templated":true}]}}