{"id":16261,"date":"2024-12-03T17:13:14","date_gmt":"2024-12-03T16:13:14","guid":{"rendered":"https:\/\/www.jkg-bruchsal.de\/?page_id=16261"},"modified":"2025-02-19T06:52:55","modified_gmt":"2025-02-19T05:52:55","slug":"buecher-show","status":"publish","type":"page","link":"https:\/\/www.jkg-bruchsal.de\/?page_id=16261","title":{"rendered":"B\u00fccher-Show"},"content":{"rendered":"<div class=\"row\">\n<div class=\"col-md-6\">\n    <a class=\"btn btn-primary\" style=\"float:left;\" href=\"https:\/\/www.jkg-bruchsal.de\/?page_id=1113\"><span class=\"hidden-xs\"><< \u00dcbersicht: Fach Deutsch<\/span><i class=\"glyphicon glyphicon-arrow-left visible-xs\"><\/i><\/a>\n  <\/div>\n<\/div>\n<p><br class=\"hidden-xs brmenue\"><\/p>\n<hr>\n<h3><a name=\"B\u00fcchershow\"><\/a>Tolle B\u00fccher f\u00fcr B\u00fccherfans\u2026<\/h3>\n<h4>\u2026und solche, die es noch werden wollen<\/h4>\n<div class=\"col-md-12\">\n<div class=\"row\">\n<div class=\"col-md-4 bootstrapfloat\">\n      <a href=\"https:\/\/www.jkg-bruchsal.de\/wordpress\/inhalte\/uploads\/2025\/02\/k-IMG_0200.jpg\" data-rel=\"lightbox-image-0\" data-rl_title=\"\" data-rl_caption=\"\" title=\"\"><img decoding=\"async\" class=\"img-responsive\" src=\"https:\/\/www.jkg-bruchsal.de\/wordpress\/inhalte\/uploads\/2025\/02\/k-IMG_0200.jpg\" alt=\"B\u00fcchershow 2025\" \/><\/a>\n    <\/div>\n<p>Am 7. Februar 2025 fand am Justus-Knecht-Gymnasium eine besondere Veranstaltung zur Lesef\u00f6rderung statt: die B\u00fcchershow Tolles Buch. Unsere F\u00fcnftkl\u00e4ssler kamen in den Genuss einer spannenden Literaturshow rund um die Welt der Jugendb\u00fccher.<\/p>\n<p>Frau Kemnitz, ausgewiesene Kennerin der Buchszene und leidenschaftliche Leserin, hatte wieder sechs aktuelle und abwechslungsreiche Jugendb\u00fccher ausgew\u00e4hlt, die sie den F\u00fcnftkl\u00e4sslern pr\u00e4sentierte. Mit viel Begeisterung und lebendigen Erz\u00e4hlungen machte sie die Geschichten f\u00fcr die jungen Zuh\u00f6rer greifbar und weckte die Lust am Weiterlesen. Dabei gab es nicht nur spannende Buchausz\u00fcge, sondern auch interaktive Elemente, bei denen die Sch\u00fclerinnen und Sch\u00fcler mitraten und ihre Meinung \u00e4u\u00dfern konnten. In der abschlie\u00dfenden Abstimmung zeigt sich ein klarer Favorit: Crater Lake von Jennifer Killick.<\/p>\n<p>Die Veranstaltung bot den F\u00fcnftkl\u00e4sslern eine tolle Gelegenheit, neue B\u00fccher zu entdecken und sich f\u00fcr das Lesen zu begeistern. Viele Sch\u00fclerinnen und Sch\u00fcler zeigten gro\u00dfes Interesse an den vorgestellten B\u00fcchern, und so war der Ansturm auf die Sch\u00fclerbibliothek, wo die vorgestellten B\u00fccher ausgeliehen werden k\u00f6nnen, am n\u00e4chsten \u00d6ffnungstag riesig.<\/p>\n<\/p><\/div>\n<\/p><\/div>\n<p>Die B\u00fcchershow Tolles Buch war wieder ein voller Erfolg und ein wertvoller Beitrag zur F\u00f6rderung der Lesekompetenz. <\/p>\n<p><em>Text und Foto: Bai (Februar 2025)<\/em><\/p>\n<hr>\n<h3><a name=\"B\u00fcchershow 2024\"><\/a>Tolle B\u00fccher am JKG<\/h3>\n<h4>B\u00fcchershow begeistert unsere f\u00fcnften Klassen<\/h4>\n<div class=\"col-md-12\">\n<div class=\"row\">\n<div class=\"col-md-4 bootstrapfloat\">\n      <a href=\"https:\/\/www.jkg-bruchsal.de\/wordpress\/inhalte\/uploads\/2024\/03\/k-Buechershow-2024.jpg\" data-rel=\"lightbox-image-1\" data-rl_title=\"\" data-rl_caption=\"\" title=\"\"><img decoding=\"async\" class=\"img-responsive\" src=\"https:\/\/www.jkg-bruchsal.de\/wordpress\/inhalte\/uploads\/2024\/03\/k-Buechershow-2024.jpg\" alt=\"B\u00fcchershow 2024\" \/><\/a>\n    <\/div>\n<p>Voller Vorfreude erwarteten wir die B\u00fcchershow \u201eTolles Buch\u201c, die am 7. Februar 2024 zum zweiten Mal am JKG zu Gast war. Bereits im vergangenen Jahr hatte Frau Kemnitz unsere F\u00fcnftkl\u00e4ssler mit ihrer Buchempfehlungsshow begeistert. Ihre Leidenschaft f\u00fcr tolle Jugendb\u00fccher und die Welt des Lesens war f\u00f6rmlich greifbar, und der Funke der Begeisterung sprang schnell auf die F\u00fcnftkl\u00e4ssler \u00fcber.<\/p>\n<p>In diesem Jahr pr\u00e4sentierte Frau Kemnitz sechs aktuelle Jugendb\u00fccher, aus denen die Sch\u00fclerinnen und Sch\u00fcler ihren pers\u00f6nlichen Favoriten ausw\u00e4hlen konnten. Die beiden Gewinner waren \u201eNot all Heroes wear Capes\u201c von Ben Brooks und \u201eAuf dem Gipfel wachsen Chinanudeln\u201c von Sebastian Kiefer.<\/p>\n<p>In \u201eNot all Heroes wear Capes\u201c entdeckten die F\u00fcnftkl\u00e4sslerinnen und F\u00fcnftkl\u00e4ssler die faszinierende Welt der Alltagshelden und erkannten, dass in jedem von ihnen ein verborgener Held schlummert.<\/p>\n<p>Der elfj\u00e4hrige Elmo schl\u00fcpft in \u201eAuf dem Gipfel wachsen Chinanudeln\u201c in die Rolle eines Detektivs. Gemeinsam mit der Gamerin Tuna begibt er sich auf ein atemberaubendes Abenteuer, auf der Suche nach der geheimnisvollen Meistermelodie eines Online-Spiels.<\/p>\n<p>Alle vorgestellten B\u00fccher sowie viele weitere tolle Jugendb\u00fccher warten nun in der Sch\u00fclerbibliothek darauf, von neugierigen Leseratten entdeckt und gelesen zu werden.<\/p>\n<\/p><\/div>\n<\/p><\/div>\n<p><em>Text und Foto: Bai (Februar 2024)<\/em><\/p>\n<hr>\n<h3><a name=\"B\u00fcchershow\"><\/a>Tolles Buch? Tolles Buch!!!<\/h3>\n<h4>B\u00fcchershow mit Tina Kemnitz am JKG<\/h4>\n<div class=\"col-md-12\">\n<div class=\"row\">\n<div class=\"col-md-4 bootstrapfloat\">\n      <a href=\"https:\/\/www.jkg-bruchsal.de\/wordpress\/inhalte\/uploads\/2023\/06\/Buechershow-Mai-2023.jpg\" data-rel=\"lightbox-image-2\" data-rl_title=\"\" data-rl_caption=\"\" title=\"\"><img decoding=\"async\" class=\"img-responsive\" src=\"https:\/\/www.jkg-bruchsal.de\/wordpress\/inhalte\/uploads\/2023\/06\/Buechershow-Mai-2023.jpg\" alt=\"B\u00fcchershow 2023\" \/><\/a>\n    <\/div>\n<p>Es gibt zahlreiche tolle Kinder- und Jugendb\u00fccher, und es w\u00e4re jammerschade, wenn niemand sie lesen w\u00fcrde.<\/p>\n<p>Kinder und Jugendliche f\u00fcr Literatur und f\u00fcr das Lesen zu begeistern hat sich Tina Kemnitz auf die Fahnen geschrieben. Am 19.05.23 gastierte sie mit zwei Literaturshows am JKG, im Gep\u00e4ck sechs tolle Jugendb\u00fccher, die sie mit viel Verve und Begeisterung unseren F\u00fcnftkl\u00e4sslern in der Aula vorstellte.<\/p>\n<p>Gebannt verfolgten die Sch\u00fclerinnen und Sch\u00fcler die Geschichte einer Familie, die beim Segeln auf dem Meer zwei Kinder rettet. F\u00fcr Erheiterung sorgten die lustigen Streiche des Paulie Fink. In \u201eDer Urwald hat meinen Vater verschluckt\u201c begleiteten wir Eva ein St\u00fcck auf der Suche nach ihrem Vater und in \u201eHier im echten Leben\u201c lernten wir Ware kennen, den Tr\u00e4umer, der eine interessante Bekanntschaft in einer alten, verfallenen Kirche macht. Auch \u201eV\u00f6llig meschugge?!\u201c, Andreas Steinh\u00f6fels Comicroman, und \u201eWinterhaus\u201c von Ben Guterson kamen bei den Zuh\u00f6rerinnen und Zuh\u00f6rern bestens an, was sich in der anschlie\u00dfenden Abstimmung \u00fcber die vorgestellten B\u00fccher widerspiegelte.<\/p>\n<p>Die B\u00fccher warten nun in unserer Sch\u00fclerbibliothek darauf, von neugierigen Lesern ausgeliehen zu werden.<\/p>\n<p>\u00dcbrigens: Wenn ihr weitere tolle B\u00fccher sucht, schaut mal unter <a href=\"https:\/\/www.buchfindomat.de\" rel=\"noopener\" target=\"_blank\">www.buchfindomat.de<\/a> (externer Link). Dort findet ihr viele spannende Lesetipps f\u00fcr jede Altersstufe.<\/p>\n<\/p><\/div>\n<\/p><\/div>\n<p><em>Text und Foto: Bai (Mai 2023)<\/em><\/p>\n<hr>\n","protected":false},"excerpt":{"rendered":"","protected":false},"author":2,"featured_media":0,"parent":0,"menu_order":0,"comment_status":"closed","ping_status":"closed","template":"","meta":{"footnotes":""},"class_list":["post-16261","page","type-page","status-publish","hentry"],"_links":{"self":[{"href":"https:\/\/www.jkg-bruchsal.de\/index.php?rest_route=\/wp\/v2\/pages\/16261","targetHints":{"allow":["GET"]}}],"collection":[{"href":"https:\/\/www.jkg-bruchsal.de\/index.php?rest_route=\/wp\/v2\/pages"}],"about":[{"href":"https:\/\/www.jkg-bruchsal.de\/index.php?rest_route=\/wp\/v2\/types\/page"}],"author":[{"embeddable":true,"href":"https:\/\/www.jkg-bruchsal.de\/index.php?rest_route=\/wp\/v2\/users\/2"}],"replies":[{"embeddable":true,"href":"https:\/\/www.jkg-bruchsal.de\/index.php?rest_route=%2Fwp%2Fv2%2Fcomments&post=16261"}],"version-history":[{"count":4,"href":"https:\/\/www.jkg-bruchsal.de\/index.php?rest_route=\/wp\/v2\/pages\/16261\/revisions"}],"predecessor-version":[{"id":16264,"href":"https:\/\/www.jkg-bruchsal.de\/index.php?rest_route=\/wp\/v2\/pages\/16261\/revisions\/16264"}],"wp:attachment":[{"href":"https:\/\/www.jkg-bruchsal.de\/index.php?rest_route=%2Fwp%2Fv2%2Fmedia&parent=16261"}],"curies":[{"name":"wp","href":"https:\/\/api.w.org\/{rel}","templated":true}]}}