{"id":1755,"date":"2015-08-16T00:15:30","date_gmt":"2015-08-15T22:15:30","guid":{"rendered":"https:\/\/www.jkg-bruchsal.de\/wordpress\/?page_id=1755"},"modified":"2021-01-27T21:10:48","modified_gmt":"2021-01-27T20:10:48","slug":"klassenpaten","status":"publish","type":"page","link":"https:\/\/www.jkg-bruchsal.de\/?page_id=1755","title":{"rendered":"Klassenpaten"},"content":{"rendered":"<div class=\"row\">\n<div class=\"col-md-6\">\n    <a class=\"btn btn-primary\" style=\"float:left;\" href=\"https:\/\/www.jkg-bruchsal.de\/?page_id=112\"><span class=\"hidden-xs\"><< \u00dcbersicht: Arbeitsgemeinschaften<\/span><i class=\"glyphicon glyphicon-arrow-left visible-xs\"><\/i><\/a>\n  <\/div>\n<div class=\"col-md-6\">\n    <a class=\"btn btn-primary\" style=\"float:right;\" href=\"https:\/\/www.jkg-bruchsal.de\/?page_id=561\"><span class=\"hidden-xs\">P\u00e4dagogisches Konzept der Unterstufe >><\/span><i class=\"glyphicon glyphicon-arrow-right visible-xs\"><\/i><\/a>\n  <\/div>\n<\/div>\n<hr>\n<h3>Unsere Klassenpaten &#8211; Ansprechpartner f\u00fcr die F\u00fcnfer<\/h3>\n<p>Die Klassenpaten am JKG sind engagierte Zehntkl\u00e4ssler, die unseren neuen F\u00fcnftkl\u00e4sslern bei der Eingew\u00f6hnung am JKG helfen und als Ansprechpartner f\u00fcr sie da zu sein. Sie unterst\u00fctzen die neuen JKG-Sch\u00fcler bei der Schulrallye in der ersten Woche, helfen bei Fragen und Problemen und kommen regelm\u00e4\u00dfig in den Pausen vorbei, um Spiele zu spielen.<\/p>\n<p><strong>Betreuende Lehrkr\u00e4fte<\/strong>:<br \/>\nFrau Roth, Frau Winkenwerder<\/p>\n<p><em>Text: Hs, Hof (August 2015)<\/em><\/p>\n<p><\/br><\/p>\n<hr>\n<h3><a name=\"Fastnacht2018\"><\/a>Survived! Faschingsparty 2018<\/h3>\n<h4>Faschingsparty der Klassenpaten f\u00fcr die Klassen 5 2018<\/h4>\n<div class=\"col-md-12\">\n<div class=\"row\">\n<div class=\"col-md-5 bootstrapfloat\">\n        <a href=\"https:\/\/www.jkg-bruchsal.de\/wordpress\/inhalte\/uploads\/2018\/02\/Fastnachtsparty-2018-1.jpg\" data-rel=\"lightbox-image-0\" data-rl_title=\"\" data-rl_caption=\"\" title=\"\"><img decoding=\"async\" class=\"img-responsive\" src=\"https:\/\/www.jkg-bruchsal.de\/wordpress\/inhalte\/uploads\/2018\/02\/Fastnachtsparty-2018-1.jpg\" alt=\"Fastnachtsparty-2018-1\" \/><\/a>\n    <\/div>\n<p>Wie jedes Jahr veranstalteten wir, die Klassenpaten, am schmutzigen Donnerstag eine Faschingsparty f\u00fcr die 5. Klassen. Um 15 Uhr ging die Party los. Im festlich dekorierten &#8222;Esszimmer&#8220; konnte man seine mitgebrachten Leckereien ablegen, das vielf\u00e4ltige Buffet konnte sich sehen lassen. Hier hat jeder etwas f\u00fcr seinen Geschmack gefunden, von S\u00fc\u00dfem bis zu Herzhaftem.<\/p>\n<p>Durchgehend Stimmung machende Musik lief im Partyraum, mit einigen Lichteffekten und lauter Musikanlage konnte man dem Tanzvergn\u00fcgen freien Lauf lassen. Im Spielzimmer wurde das Eis mit einer Reise nach Jerusalem gebrochen, danach folgten weitere lustige Faschingsspiele. Auch dieses Jahr gab es wieder einen Kost\u00fcmwettbewerb, bei dem unter anderem ein Schlumpf und ein Jedi-Ritter \u00fcberzeugen konnten. Gegen Ende lie\u00df sich noch eine Klassenpatin freiwillig zu einer Mumie mit Toilettenpapier einrollen, da ihr eigenes Kost\u00fcm zu langweilig war.<\/p>\n<p>Um 17 Uhr war der Spa\u00df leider vorbei und die Kinder wurden mit zufriedenen Gesichtern abgeholt, was uns zeigte, dass es ein gelungener Nachmittag war. Wir m\u00f6chten uns herzlich bei Frau Hofmann f\u00fcr die Hilfe bei der Organisation und bei den zahlreichen Referendaren und Lehrern, die uns bei der Aufsicht unterst\u00fctzt haben, bedanken.<\/p>\n<p>Die Klassenpaten der 5. Klassen<\/p>\n<\/p><\/div>\n<\/div>\n<figure>\n<div class=\"col-md-12\">\n<div class=\"row\">\n<div class=\"col-md-12 bootstrapfloat\">\n        <a href=\"https:\/\/www.jkg-bruchsal.de\/wordpress\/inhalte\/uploads\/2018\/02\/Fastnachtsparty-2018-2.jpg\" data-rel=\"lightbox-image-1\" data-rl_title=\"\" data-rl_caption=\"\" title=\"\"><img decoding=\"async\" class=\"img-responsive\" src=\"https:\/\/www.jkg-bruchsal.de\/wordpress\/inhalte\/uploads\/2018\/02\/Fastnachtsparty-2018-2.jpg\" alt=\"Fastnachtsparty-2018-2\" \/><\/a>\n    <\/div><figcaption>\nDie Gewinner des Kost\u00fcmwettbewerbs.<br \/>\n  <\/figcaption><\/figure>\n<p><em>Text: Marie-Ellen Carcar,<br \/>\nFotos: Hof<\/em><\/p>\n<p><\/br><\/p>\n<hr>\n<h3><a name=\"Fastnacht2017\"><\/a>N\u00e4rrisches Treiben am JKG<\/h3>\n<h4>Faschingsparty der Klassenpaten f\u00fcr die Klassen 5<\/h4>\n<div class=\"col-md-12\">\n<div class=\"row\">\n<div class=\"col-md-5 bootstrapfloat\">\n        <a href=\"https:\/\/www.jkg-bruchsal.de\/wordpress\/inhalte\/uploads\/2015\/08\/k-Fastnachtsparty-2017-2.jpg\" data-rel=\"lightbox-image-2\" data-rl_title=\"\" data-rl_caption=\"\" title=\"\"><img decoding=\"async\" class=\"img-responsive\" src=\"https:\/\/www.jkg-bruchsal.de\/wordpress\/inhalte\/uploads\/2015\/08\/k-Fastnachtsparty-2017-2.jpg\" alt=\"Fastnachtsparty-2017-2\" \/><\/a>\n    <\/div>\n<p>Am Mittwoch, den 22.02., veranstalteten wir, die Klassenpaten, f\u00fcr die 5. Klassen eine Faschingsparty. Um 15:00 Uhr ging es dann auch schon los: wie schon bei der Halloweenparty gab es wieder einen Essensraum mit einem gut best\u00fcckten Buffet, zu dem jeder einen kleinen Beitrag geleistet hat. Au\u00dferdem gab es ein Spielzimmer, in dem wir viele verschiedene Spiele gespielt haben. Des Weiteren gab es auch noch einen Partyraum, in dem ausgiebig getanzt werden konnte.<\/p>\n<p>Gegen Ende gab es dann wieder einen Kost\u00fcmwettbewerb. Um 17:00 Uhr ging unsere Party dann viel zu schnell wieder zu Ende. Aber man soll ja aufh\u00f6ren, wenn es am sch\u00f6nsten ist. Wir hoffen, es hat Euch F\u00fcnftkl\u00e4sslern genauso gut gefallen. Bedanken wollen wir uns auch dieses Mal bei Frau Hiss und Frau Hofmann, die sich wieder die M\u00fche gemacht haben, die Party zu organisieren und bei den zahlreichen Referendaren, die uns bei der Aufsicht unterst\u00fctzt haben.<\/p>\n<\/p><\/div>\n<\/p><\/div>\n<figure>\n<div class=\"col-md-12\">\n<div class=\"row\">\n<div class=\"col-md-12 bootstrapfloat\">\n        <a href=\"https:\/\/www.jkg-bruchsal.de\/wordpress\/inhalte\/uploads\/2015\/08\/k-Fastnachtsparty-2017-1.jpg\" data-rel=\"lightbox-image-3\" data-rl_title=\"\" data-rl_caption=\"\" title=\"\"><img decoding=\"async\" class=\"img-responsive\" src=\"https:\/\/www.jkg-bruchsal.de\/wordpress\/inhalte\/uploads\/2015\/08\/k-Fastnachtsparty-2017-1.jpg\" alt=\"Fastnachtsparty-2017-1\" \/><\/a>\n    <\/div><figcaption>\nDie Gewinner des Kost\u00fcmwettbewerbs.<br \/>\n  <\/figcaption><\/figure>\n<p><em>Text: Lisa Puteick (10e),<br \/>\nFotos: Hs<\/em><\/p>\n<p><\/br><\/p>\n<hr>\n<h3><a name=\"Halloween\"><\/a>Gruseliger Halloweenspa\u00df f\u00fcr die Klassen 5<\/h3>\n<h4>Klassenpaten veranstalten tolle Party am Campus<\/h4>\n<p>Am Donnerstag, den 27.10.2016 veranstalteten wir, die Klassenpaten der F\u00fcnftkl\u00e4ssler, eine Halloweenparty. Nachdem sich jeder an dem gro\u00dfen Buffet, f\u00fcr das von jedem etwas mitgebracht wurde, gest\u00e4rkt hatte, ging es mit den Partyspielen los. Jeder, der wollte, konnte dann bei Spielen wie Stopp-Tanz und Klopapiermumien mitmachen. Danach gab es noch einen Kost\u00fcmwettbewerb, bei dem das lustigste, das gruseligste und das einzigartigste Kost\u00fcm ausgezeichnet wurden. Die Gewinner der jeweiligen Kategorie bekam einen kleinen Preis. Alles in allem war es, wie wir fanden, ein sehr sch\u00f6ner Nachmittag. <\/p>\n<p>Dank geht an Frau Doppelbauer, Herrn Burkhardtsmaier, Herrn Farkas und Herrn B\u00fchler, die uns bei der Aufsicht unterst\u00fctzt haben und ganz besonders an Frau Hofmann und Frau Hiss, die uns zudem noch bei der Organisation unterst\u00fctzt haben.<\/p>\n<figure>\n<div class=\"row\">\n<div class=\"col-md-6\">\n      <a href=\"https:\/\/www.jkg-bruchsal.de\/wordpress\/inhalte\/uploads\/2015\/08\/k-Halloween-Okt-2016-1.jpg\" data-rel=\"lightbox-image-4\" data-rl_title=\"\" data-rl_caption=\"\" title=\"\"><img decoding=\"async\" class=\"img-responsive\" src=\"https:\/\/www.jkg-bruchsal.de\/wordpress\/inhalte\/uploads\/2015\/08\/k-Halloween-Okt-2016-1.jpg\" alt=\"Halloween-1\" \/><\/a>\n    <\/div>\n<div class=\"col-md-6\">\n      <a href=\"https:\/\/www.jkg-bruchsal.de\/wordpress\/inhalte\/uploads\/2015\/08\/k-Halloween-Okt-2016-2.jpg\" data-rel=\"lightbox-image-5\" data-rl_title=\"\" data-rl_caption=\"\" title=\"\"><img decoding=\"async\" class=\"img-responsive\" src=\"https:\/\/www.jkg-bruchsal.de\/wordpress\/inhalte\/uploads\/2015\/08\/k-Halloween-Okt-2016-2.jpg\" alt=\"Halloween-2\" \/><\/a>\n    <\/div>\n<\/p><\/div><figcaption>\nWer hat das gruseligste Kost\u00fcm?<br \/>\n  <\/figcaption><\/figure>\n<p><em>Text: Lisa Puteick (10e)<br \/>\nFotos: N. Hiss (Oktober 2016)<\/em><\/p>\n<hr>\n<h3><a name=\"Faschingsparty\"><\/a>Justus Helau!<\/h3>\n<h4>Faschingsparty auf dem Campus ein voller Erfolg!<\/h4>\n<p>Am 4.2.2016, dem Schmutzigen Donnerstag, fand die allj\u00e4hrliche Faschingsparty f\u00fcr die f\u00fcnften Klassen auf dem Campus statt. Die Klassenpaten hatten f\u00fcr ihre Sch\u00fctzlinge eine Faschingsparty mit tollem Programm organisiert. Mit Spielen im faschingsm\u00e4\u00dfig dekorierten Spielezimmer und  einem professionell mit Licht- und Tontechnik ausgestatteten Partyzimmer lie\u00dfen die Party und gute Stimmung nicht lange auf sich warten. Die Klassenpaten schafften es problemlos, die Tanzfl\u00e4che mit gro\u00dfen und kleinen T\u00e4nzern zu f\u00fcllen und lie\u00dfen durch eine gute Musikauswahl und viele Spielideen keine Langeweile aufkommen. Wer nach all der Action eine kleine St\u00e4rkung ben\u00f6tigte, wurde auch nicht entt\u00e4uscht. Im ebenfalls toll dekorierten Verpflegungszimmer gab es ein gro\u00dfes Buffet an selbst gemachten s\u00fc\u00dfen und deftigen Leckereien, sowie Knabberzeug und Getr\u00e4nke. <\/p>\n<p>Den H\u00f6hepunkt bildete der Kost\u00fcmwettbewerb, an dem die meisten toll und kreativ verkleideten F\u00fcnftkl\u00e4ssler teilnahmen und die Sieger am Ende gek\u00fcrt wurden. <\/p>\n<p>Danken m\u00f6chten wir an dieser Stelle allen Klassenpaten, die diesen gelungenen Nachmittag organisiert und durchgef\u00fchrt haben, der Technik-AG f\u00fcr die Ausstattung mit Licht und Ton, den Hausmeistern f\u00fcr das Aufschlie\u00dfen,  den aufsichtf\u00fchrenden Lehrern und der Schulleitung f\u00fcr das OK zum Durchf\u00fchren solcher Events! <\/p>\n<figure>\n<div class=\"row\">\n<div class=\"col-md-6\">\n      <a href=\"https:\/\/www.jkg-bruchsal.de\/wordpress\/inhalte\/uploads\/2015\/08\/k-Faschingsparty-1.jpg\" data-rel=\"lightbox-image-6\" data-rl_title=\"\" data-rl_caption=\"\" title=\"\"><img decoding=\"async\" class=\"img-responsive\" src=\"https:\/\/www.jkg-bruchsal.de\/wordpress\/inhalte\/uploads\/2015\/08\/k-Faschingsparty-1.jpg\" alt=\"Faschingsparty-1\" \/><\/a>\n    <\/div>\n<div class=\"col-md-6\">\n      <a href=\"https:\/\/www.jkg-bruchsal.de\/wordpress\/inhalte\/uploads\/2015\/08\/k-Faschingsparty-2.jpg\" data-rel=\"lightbox-image-7\" data-rl_title=\"\" data-rl_caption=\"\" title=\"\"><img decoding=\"async\" class=\"img-responsive\" src=\"https:\/\/www.jkg-bruchsal.de\/wordpress\/inhalte\/uploads\/2015\/08\/k-Faschingsparty-2.jpg\" alt=\"Faschingsparty-2\" \/><\/a>\n    <\/div>\n<\/p><\/div><figcaption>\n    Hier steppen B\u00e4r, Hase &#038; Zebra &#8211; Unsere F\u00fcnftkl\u00e4ssler hatten jede Menge Spa\u00df auf der Fastnachtsparty 2016<br \/>\n  <\/figcaption><\/figure>\n<p><\/br><\/p>\n<p><\/br><br \/>\n<em>Text und Fotos: Hs, Hof (Februar 2016)<\/em><br \/>\n<\/br><\/p>\n","protected":false},"excerpt":{"rendered":"<p>> Unsere Klassenpaten &#8211; Ansprechpartner f\u00fcr die F\u00fcnfer Die Klassenpaten am JKG sind engagierte Zehntkl\u00e4ssler, die unseren neuen F\u00fcnftkl\u00e4sslern bei der Eingew\u00f6hnung am JKG helfen und als Ansprechpartner f\u00fcr sie da zu sein. Sie unterst\u00fctzen die neuen JKG-Sch\u00fcler bei der Schulrallye in der ersten Woche, helfen bei Fragen und Problemen und kommen regelm\u00e4\u00dfig in den [&hellip;]<\/p>\n","protected":false},"author":2,"featured_media":0,"parent":112,"menu_order":0,"comment_status":"closed","ping_status":"closed","template":"","meta":{"footnotes":""},"class_list":["post-1755","page","type-page","status-publish","hentry"],"_links":{"self":[{"href":"https:\/\/www.jkg-bruchsal.de\/index.php?rest_route=\/wp\/v2\/pages\/1755","targetHints":{"allow":["GET"]}}],"collection":[{"href":"https:\/\/www.jkg-bruchsal.de\/index.php?rest_route=\/wp\/v2\/pages"}],"about":[{"href":"https:\/\/www.jkg-bruchsal.de\/index.php?rest_route=\/wp\/v2\/types\/page"}],"author":[{"embeddable":true,"href":"https:\/\/www.jkg-bruchsal.de\/index.php?rest_route=\/wp\/v2\/users\/2"}],"replies":[{"embeddable":true,"href":"https:\/\/www.jkg-bruchsal.de\/index.php?rest_route=%2Fwp%2Fv2%2Fcomments&post=1755"}],"version-history":[{"count":0,"href":"https:\/\/www.jkg-bruchsal.de\/index.php?rest_route=\/wp\/v2\/pages\/1755\/revisions"}],"up":[{"embeddable":true,"href":"https:\/\/www.jkg-bruchsal.de\/index.php?rest_route=\/wp\/v2\/pages\/112"}],"wp:attachment":[{"href":"https:\/\/www.jkg-bruchsal.de\/index.php?rest_route=%2Fwp%2Fv2%2Fmedia&parent=1755"}],"curies":[{"name":"wp","href":"https:\/\/api.w.org\/{rel}","templated":true}]}}