{"id":4935,"date":"2015-10-07T20:04:46","date_gmt":"2015-10-07T18:04:46","guid":{"rendered":"https:\/\/www.jkg-bruchsal.de\/?page_id=4935"},"modified":"2024-10-01T18:01:27","modified_gmt":"2024-10-01T16:01:27","slug":"bogy","status":"publish","type":"page","link":"https:\/\/www.jkg-bruchsal.de\/?page_id=4935","title":{"rendered":"BOGY"},"content":{"rendered":"<h3>Betriebspraktikum im Schuljahr 2024\/25<\/h3>\n<p><a href=\"https:\/\/www.jkg-bruchsal.de\/wordpress\/inhalte\/uploads\/2024\/10\/Terminuebersicht-BOGy-2023-_2025.pdf\" rel=\"noopener\" target=\"_blank\">Termin\u00fcbersicht 2024\/25<\/a> <em>(Krg, Stand September 2024)<\/em><\/p>\n<p>Formulare f\u00fcr das BOGy-Praktikum im Mai 2025<\/p>\n<p>In diesem Bereich finden sich zum Herunterladen:<\/p>\n<ul>\n<li><a href=\"https:\/\/www.jkg-bruchsal.de\/wordpress\/inhalte\/uploads\/2024\/10\/Infobrief-Schueler.pdf\" rel=\"noopener\" target=\"_blank\">Sch\u00fclerinfo zum Bogy<\/a><\/li>\n<li><a href=\"https:\/\/www.jkg-bruchsal.de\/wordpress\/inhalte\/uploads\/2024\/10\/Elterninfo-BOGy-2023-_2025.pdf\" rel=\"noopener\" target=\"_blank\">Elterninfo zum Bogy<\/a><\/li>\n<li>Die <a href=\"https:\/\/www.jkg-bruchsal.de\/wordpress\/inhalte\/uploads\/2024\/10\/Zustimmungserklaerung-der-Eltern.pdf\" rel=\"noopener\" target=\"_blank\">Zustimmungserkl\u00e4rung der Eltern<\/a>, bitte ausgef\u00fcllt bei Frau Krug abgeben.<\/li>\n<li>Ein <a href=\"https:\/\/www.jkg-bruchsal.de\/wordpress\/inhalte\/uploads\/2024\/10\/Schreiben-Betriebe.pdf\" rel=\"noopener\" target=\"_blank\">Anschreiben der Schule<\/a> f\u00fcr m\u00f6gliche Praktikumsbetriebe, das bei Bedarf der Bewerbung beigelegt werden kann.<\/li>\n<li>Eine <a href=\"https:\/\/www.jkg-bruchsal.de\/wordpress\/inhalte\/uploads\/2024\/10\/Bestaetigung-der-Firmen-25.pdf\" rel=\"noopener\" target=\"_blank\">Best\u00e4tigung des Praktikumsplatzes<\/a> durch den Betrieb, sofern dieser diese nicht selbst erstellt oder per Mail verschickt.<\/li>\n<\/ul>\n<p>Bei Unklarheiten und R\u00fcckfragen hilft Frau Krug gerne weiter.<\/p>\n<p><a href=\"https:\/\/service.jkg-bruchsal.de\/\" target=\"_blank\" rel=\"noopener\">Link zur BOGY-Verwaltung (externer Link zum Service-Portal)<\/a><\/p>\n<p><\/br><\/p>\n<hr>\n<h3>Erzieher, Mechatronikerin oder doch zum Anwalt \u2013 Berufsorientierung am JKG<\/h3>\n<p><strong>Bericht \u00fcber das BOGy-Praktikum im Schuljahr 21\/22<\/strong><\/p>\n<p>Das einw\u00f6chige Betriebspraktikum im Rahmen der Berufsorientierung an Gymnasien (BOGy) ein fester Bestandteil in den zehnten Klassen unserer Schule. BOGy ist weit mehr als die eine Woche Praktikum. In Kooperation mit dem Fach Deutsch \u00fcben sich die Sch\u00fclerinnen und Sch\u00fcler im Verfassen einer perfekten Bewerbung, simulieren Vorstellungsgespr\u00e4che und bewerben sich selbstst\u00e4ndig um eine Praktikumsstelle. Zuvor spielt in WBS das Thema Berufsorientierung eine zentrale Rolle: mit Informationsreferaten, Berufswahltest und Diskussionen \u00fcber die Entwicklungen in der Arbeitswelt wird versucht, den Sch\u00fclerinnen und Sch\u00fclern umfassende Entscheidungshilfen bei der Berufswahl zu geben.<\/p>\n<p>Der H\u00f6hepunkt ist aber zweifellos die Praktikumswoche, in der unsere Sch\u00fclerinnen und Sch\u00fcler betreut durch die Kolleginnen und Kollegen des JKG authentische Eindr\u00fccke ihrer Traumberufe sammeln k\u00f6nnen. Einige Originalt\u00f6ne finden sich hier:<\/p>\n<p>\u201eObwohl es in der Kanzlei oft sehr hektisch zuging, wurde ich ausgesprochen freundlich aufgenommen.\u201c<\/p>\n<p>\u201eNach zwei Tagen Eingew\u00f6hnungsphase bin ich gerne in die Praxis gegangen, da mir die Arbeit Spa\u00df gemacht hat. Ich fand die BOGy-Woche eine gute Erfahrung und habe viel Interessantes erlebt.\u201c<\/p>\n<p>\u201eWenn man mir vor ein paar Jahren gesagt h\u00e4tte, ich solle sp\u00e4ter einmal Lehrerin werden, h\u00e4tte ich nur dar\u00fcber gelacht, da ich fr\u00fcher einmal Polizistin werden und nichts mit kleinen Kindern machen wollte. Aber heute ist Lehrerin an einer Grundschule mein Traumberuf.\u201c\n<\/p>\n<p>\u201eDa ich vor Praktikumsbeginn schon wusste, dass ich nicht viel selbst machen k\u00f6nnte, sondern eher zusehen w\u00fcrde, war ich \u00fcberrascht, wie viel ich tats\u00e4chlich doch machen durfte.\u201c<\/p>\n<p>\u201eDurch diese Woche habe ich einen guten Einblick in das Berufsleben der EDV bekommen. Ich konnte sogar aktiv den Kunden helfen.\u201c\n<\/p>\n<p>Nach der Praktikumswoche haben die Sch\u00fclerinnen und Sch\u00fcler in WBS die Gelegenheit, ihre Eindr\u00fccke zu reflektieren. An dieser Stelle gilt allen Firmen, die dieses Jahr unter Coronabedingungen Sch\u00fclerinnen und Sch\u00fclern des Justus-Knecht-Gymnasiums umfassende Einblicke in die Berufs- und Arbeitswelt erm\u00f6glicht haben, ein herzliches Dankesch\u00f6n!<\/p>\n<p>Wir freuen uns auf die weitere gute Zusammenarbeit!<\/p>\n<p><em>Text: Anja Krug (GK, D), BOGy Beauftragte des JKG<\/em><\/p>\n<p><\/br><\/p>\n","protected":false},"excerpt":{"rendered":"<p>Betriebspraktikum im Schuljahr 2024\/25 Termin\u00fcbersicht 2024\/25 (Krg, Stand September 2024) Formulare f\u00fcr das BOGy-Praktikum im Mai 2025 In diesem Bereich finden sich zum Herunterladen: Sch\u00fclerinfo zum Bogy Elterninfo zum Bogy Die Zustimmungserkl\u00e4rung der Eltern, bitte ausgef\u00fcllt bei Frau Krug abgeben. Ein Anschreiben der Schule f\u00fcr m\u00f6gliche Praktikumsbetriebe, das bei Bedarf der Bewerbung beigelegt werden kann. [&hellip;]<\/p>\n","protected":false},"author":2,"featured_media":0,"parent":116,"menu_order":20,"comment_status":"closed","ping_status":"closed","template":"","meta":{"footnotes":""},"class_list":["post-4935","page","type-page","status-publish","hentry"],"_links":{"self":[{"href":"https:\/\/www.jkg-bruchsal.de\/index.php?rest_route=\/wp\/v2\/pages\/4935","targetHints":{"allow":["GET"]}}],"collection":[{"href":"https:\/\/www.jkg-bruchsal.de\/index.php?rest_route=\/wp\/v2\/pages"}],"about":[{"href":"https:\/\/www.jkg-bruchsal.de\/index.php?rest_route=\/wp\/v2\/types\/page"}],"author":[{"embeddable":true,"href":"https:\/\/www.jkg-bruchsal.de\/index.php?rest_route=\/wp\/v2\/users\/2"}],"replies":[{"embeddable":true,"href":"https:\/\/www.jkg-bruchsal.de\/index.php?rest_route=%2Fwp%2Fv2%2Fcomments&post=4935"}],"version-history":[{"count":8,"href":"https:\/\/www.jkg-bruchsal.de\/index.php?rest_route=\/wp\/v2\/pages\/4935\/revisions"}],"predecessor-version":[{"id":14660,"href":"https:\/\/www.jkg-bruchsal.de\/index.php?rest_route=\/wp\/v2\/pages\/4935\/revisions\/14660"}],"up":[{"embeddable":true,"href":"https:\/\/www.jkg-bruchsal.de\/index.php?rest_route=\/wp\/v2\/pages\/116"}],"wp:attachment":[{"href":"https:\/\/www.jkg-bruchsal.de\/index.php?rest_route=%2Fwp%2Fv2%2Fmedia&parent=4935"}],"curies":[{"name":"wp","href":"https:\/\/api.w.org\/{rel}","templated":true}]}}