{"id":5199,"date":"2016-01-01T21:53:14","date_gmt":"2016-01-01T20:53:14","guid":{"rendered":"https:\/\/www.jkg-bruchsal.de\/?page_id=5199"},"modified":"2024-03-27T20:33:23","modified_gmt":"2024-03-27T19:33:23","slug":"faecheruebergreifende-projekte","status":"publish","type":"page","link":"https:\/\/www.jkg-bruchsal.de\/?page_id=5199","title":{"rendered":"F\u00e4cher\u00fcbergreifende Projekte"},"content":{"rendered":"<h3><a name=\"G9-Diskussion\"><\/a>Das G9-Modell am JKG als Blaupause f\u00fcr ganz Baden-W\u00fcrttemberg?<\/h3>\n<div class=\"col-md-12\">\n<div class=\"row\">\n<div class=\"col-md-5 bootstrapfloat\">\n      <a href=\"https:\/\/www.jkg-bruchsal.de\/wordpress\/inhalte\/uploads\/2024\/03\/G9-Diskussion.jpg\" data-rel=\"lightbox-image-0\" data-rl_title=\"\" data-rl_caption=\"\" title=\"\"><img decoding=\"async\" class=\"img-responsive\" src=\"https:\/\/www.jkg-bruchsal.de\/wordpress\/inhalte\/uploads\/2024\/03\/G9-Diskussion.jpg\" alt=\"G9-Diskussion\" \/><\/a>\n    <\/div>\n<p>106.950 B\u00fcrgerinnen und B\u00fcrger aus Baden-W\u00fcrttemberg haben beim Volksantrag G9 im letzten Jahr eine Unterschrift f\u00fcr die Wiedereinf\u00fchrung eines fl\u00e4chendeckenden G9-Gymnasiums abgegeben und damit hat die Elterninitiative die ben\u00f6tigte H\u00fcrde von 39.000 Stimmen bei weitem \u00fcbertroffen. Auch das eigens eingerichtete B\u00fcrgerforum votierte f\u00fcr eine Wiedereinf\u00fchrung von G9 in Baden-W\u00fcrttemberg.<\/p>\n<p>Der bildungspolitische Sprecher der SPD-Fraktion im Landtag in Baden-W\u00fcrttemberg, Dr. Stefan Fulst-Blei, nutzte die Gelegenheit, einen Tag nach der Zulassung des Volksantrages im Landtag, mit dem JKG eine der 43 Modellschulen G9 \u201eIn zwei Geschwindigkeiten zum Abitur\u201c zu besuchen und Erkenntnisse der Erfahrungen der letzten Jahre zu erhalten. <\/p>\n<p>Dabei tauschte er sich in einer Gespr\u00e4chsrunde mit der Schulleiterin des JKG Bruchsal (Andrea Mutter), dem Vorsitzenden des \u00d6rtlichen Personalrates (Mathias Fuchs), einem Mitglied des Gemeindesrates Bruchsal (Anja Krug), dem Kreisvorsitzenden der SPD (Volker Geisel), aus und die Runde konnte, von den vielen positiven Erfahrungen, die die l\u00e4ngere Lernzeit f\u00fcr die Sch\u00fclerinnen und Sch\u00fcler bietet, berichten. Im gemeinsamen Gespr\u00e4ch wurden verschiedene Ideen f\u00fcr ein zuk\u00fcnftiges G9-Modell in Baden-W\u00fcrttemberg ausgetauscht.<\/p>\n<p>In einer gr\u00f6\u00dferen Runde gab es anschlie\u00dfend noch die M\u00f6glichkeit mit Sch\u00fclerinnen und Sch\u00fclern (SMV, Leistungskurs Gemeinschaftskunde) in den Austausch zu kommen und aus der Sicht der Sch\u00fclerschaft ihre Erfahrungen (teilweise aus dem G8-Zug und teilweise aus dem G9-Zug) zu berichten. Auch hier zeigten sich \u00e4hnliche Erfahrungen. Die Sch\u00fclerinnen und Sch\u00fcler nutzen die einmalige M\u00f6glichkeit um ihrerseits mit dem Landtagsabgeordneten ins Gespr\u00e4ch zu kommen.<\/p>\n<\/p><\/div>\n<\/p><\/div>\n<p><em>Text und Foto: N.N. (M\u00e4rz 2024)<\/em><\/p>\n<hr>\n<p><\/br><\/p>\n<h3><a name=\"Winterball2024\"><\/a>Winterball im Februar 2024<\/h3>\n<div class=\"col-md-12\">\n<div class=\"row\">\n<div class=\"col-md-5 bootstrapfloat\">\n      <a href=\"https:\/\/www.jkg-bruchsal.de\/wordpress\/inhalte\/uploads\/2024\/02\/Winerball-2024-Collage.jpg\" data-rel=\"lightbox-image-1\" data-rl_title=\"\" data-rl_caption=\"\" title=\"\"><img decoding=\"async\" class=\"img-responsive\" src=\"https:\/\/www.jkg-bruchsal.de\/wordpress\/inhalte\/uploads\/2024\/02\/Winerball-2024-Collage.jpg\" alt=\"Winterball 2024\" \/><\/a>\n    <\/div>\n<p>Am Freitag, den 02.02.2024 fand ab 18 Uhr der Winterball f\u00fcr die zehnten und elften Klasse in der Aula statt. Wir haben uns als SMV \u00fcberlegt das letztj\u00e4hrige Projekt von Herrn Burkhardtsmaier wieder aufleben zu lassen und den 10ern &#038; 11ern ern eine Art Abschlussball zu erm\u00f6glichen.<\/p>\n<p>Wir haben uns daf\u00fcr Hilfe von den ehemaligen Veranstaltern aus der jetzigen K1, der Technik AG und aus der K2 geholt. Gemeinsam schaffen wir ein winterliches Ambiente und einen Ballsaal, indem wir gemeinsame LineDance tanzten und die Grundschritte f\u00fcr den Discofox lernten! <\/p>\n<p>Alles in allem war es ein sehr gelungener Abend, an dem Sch\u00fcler und Sch\u00fclerinnen mit Lehrkr\u00e4ften gemeinsam tanzen, lachen und Spa\u00df haben konnten!!<\/p>\n<\/p><\/div>\n<\/p><\/div>\n<p>Text: Melissa Engeln<br \/>\nFoto: Gy<\/p>\n<hr>\n<p><\/br><\/p>\n<h3><a name=\"Spielenachmittag\"><\/a>Spielenachmittag im M\u00e4rz 2023<\/h3>\n<div class=\"col-md-12\">\n<div class=\"row\">\n<div class=\"col-md-5 bootstrapfloat\">\n      <a href=\"https:\/\/www.jkg-bruchsal.de\/wordpress\/inhalte\/uploads\/2023\/04\/k-Foto-1.-Spielenachmittag.jpeg\" data-rel=\"lightbox-image-2\" data-rl_title=\"\" data-rl_caption=\"\" title=\"\"><img decoding=\"async\" class=\"img-responsive\" src=\"https:\/\/www.jkg-bruchsal.de\/wordpress\/inhalte\/uploads\/2023\/04\/k-Foto-1.-Spielenachmittag.jpeg\" alt=\"Spielenachmittag 2023\" \/><\/a>\n    <\/div>\n<p>Am Freitag, den 10.03.2023 war es so weit, der Tag des ersten Spielenachmittages am JKG war gekommen! <\/p>\n<p>Die Spiele lagen auf dem gro\u00dfen Tisch im Eingangsbereich bereit und ein herrlicher Duft nach frischen Waffeln, der aus der Ecke des Kuchenverkaufs der Klasse 7w kam, wehte den Sch\u00fclern schon beim Betreten des Neubaus um die Nase.<\/p>\n<p>Und schon ging es los! Die Sch\u00fcler fanden sich in selbstgew\u00e4hlten Gr\u00fcppchen zusammen, nahmen sich ein Spiel vom Tisch, das sie am meisten interessierte und verzogen sich in eines der vier Klassenr\u00e4ume im Erdgeschoss des Neubaus. War ein Spiel ausgespielt, so wurde es zur\u00fcckgebracht und das n\u00e4chste genommen. Es war sch\u00f6n zu sehen wie neue Spiele und Spielpartner gew\u00e4hlt und ausprobiert, geschlemmt und gelacht wurde!<\/p>\n<p>Wer den Spielenachmittag verpasst oder sich wom\u00f6glich nicht getraut hat zu kommen, wer dabei war und wieder kommen m\u00f6chte, dem sei gesagt: der 2. Spielenachmittag naht!! <\/p>\n<p><strong>Der n\u00e4chste Termin ist der Freitag, der 23. Juni 2023 von 15.30 \u2013 17.30 Uhr.<\/strong> <\/p>\n<p>Die ganze Schulgemeinschaft ist dazu herzlich eingeladen: Sch\u00fclerInnen, LehrerInnen, Eltern, kommt gerne vorbei und erlebt zwei entspannte, gen\u00fcssliche und vor allem verspielte Stunden! <\/p>\n<p>Das Spieleteam des JKG freut sich auf euch!<\/p>\n<\/p><\/div>\n<\/p><\/div>\n<p><em>Text und Foto: Stz (M\u00e4rz 2023)<\/em><\/p>\n<hr>\n<p><\/br><\/p>\n<h3><a name=\"Winterball\"><\/a>Winterball im Januar 2023<\/h3>\n<div class=\"col-md-12\">\n<div class=\"row\">\n<div class=\"col-md-5 bootstrapfloat\">\n      <a href=\"https:\/\/www.jkg-bruchsal.de\/wordpress\/inhalte\/uploads\/2023\/01\/Ballbild_2.jpg\" data-rel=\"lightbox-image-3\" data-rl_title=\"\" data-rl_caption=\"\" title=\"\"><img decoding=\"async\" class=\"img-responsive\" src=\"https:\/\/www.jkg-bruchsal.de\/wordpress\/inhalte\/uploads\/2023\/01\/Ballbild_2.jpg\" alt=\"Winterball 2023\" \/><\/a>\n    <\/div>\n<p><strong>\u201eNiemand wei\u00df was er kann, bevor er es nicht versucht.\u201c<\/strong> (Publilius Syrus- r\u00f6mischer Dichter)<\/p>\n<p>Mit dieser Motivation packten mutige Sch\u00fclerinnen und Sch\u00fcler der Klasse 10c des Justus-Knecht-Gymnasiums Bruchsal die Aufgabe an, erstmals in der Geschichte des JKG\u00b4s einen Winterball zu organisieren.<\/p>\n<p>Und so erstrahlte am Samstag den 20.01.2023 nicht nur die Aula in wundersch\u00f6nem Glanz, sondern auch die ca. 100 wundersch\u00f6nen Menschen in ihrem festlichem Gewand.<\/p>\n<p>Ein attraktives Programm, professionelle Moderatorinnen und eine Vielzahl sichtbarer und unsichtbarer helfender H\u00e4nde verhalfen der guten Vororganisation zu einem sichtbaren Erfolg &#8230; und sicherlich auch zu bislang ungewohnten Erfahrungen, sich mit teils unsicheren Schritten einem anderen Menschen vertrauensvoll zu n\u00e4hern, sich f\u00fchren zu lassen oder selbst die F\u00fchrung zu \u00fcbernehmen \u2013 das ganze auch noch im Scheinwerferlicht einer Tanzfl\u00e4che.<\/p>\n<\/p><\/div>\n<\/p><\/div>\n<p>\u201eDie Welt ver\u00e4ndert sich durch dein Vorbild \u2013 nicht durch deine Meinung!\u201c (Paul Coelho).<\/p>\n<p>Vielleicht wird mit diesem mutigen Vorbild der 10c ein B\u00e4umchen in der JKG-Tradition gepflanzt, welches Wurzeln schl\u00e4gt und von zuk\u00fcnftigen Generationen weiter gepflegt wird. Ich w\u00fcrde mich sehr freuen!<\/p>\n<div class=\"col-md-12\">\n<div class=\"row\">\n<div class=\"col-md-12 bootstrapfloat\">\n      <a href=\"https:\/\/www.jkg-bruchsal.de\/wordpress\/inhalte\/uploads\/2023\/01\/Ballbild_1.jpg\" data-rel=\"lightbox-image-4\" data-rl_title=\"\" data-rl_caption=\"\" title=\"\"><img decoding=\"async\" class=\"img-responsive\" src=\"https:\/\/www.jkg-bruchsal.de\/wordpress\/inhalte\/uploads\/2023\/01\/Ballbild_1.jpg\" alt=\"Winterball 2023-2\" \/><\/a>\n    <\/div>\n<\/p><\/div>\n<\/p><\/div>\n<p><em>Text und Fotos: J. Burkhardtsmaier (Januar 2023)<\/em><\/p>\n<hr>\n<p><\/br><\/p>\n<h3>P\u00e4dagogischer Tag im November 2022<\/h3>\n<div class=\"col-md-12\">\n<div class=\"row\">\n<div class=\"col-md-5 bootstrapfloat\">\n      <a href=\"https:\/\/www.jkg-bruchsal.de\/wordpress\/inhalte\/uploads\/2022\/11\/k-_DSC7876.jpg\" data-rel=\"lightbox-image-5\" data-rl_title=\"\" data-rl_caption=\"\" title=\"\"><img decoding=\"async\" class=\"img-responsive\" src=\"https:\/\/www.jkg-bruchsal.de\/wordpress\/inhalte\/uploads\/2022\/11\/k-_DSC7876.jpg\" alt=\"P\u00e4dagogischer Tag 2022\" \/><\/a>\n    <\/div>\n<p>Am 16.11.2022 fand unter dem Thema \u201eDigitalisierung technisch, didaktisch und p\u00e4dagogisch gestalten \u2013 wie k\u00f6nnen wir die Erkenntnisse des Fernunterrichts f\u00fcr die Zukunft nutzen? \u201c ein p\u00e4dagogischer Tag am JKG statt.  Nachdem die \u201eGarage Band\u201c der Fachschaft Musik den Takt vorgegeben  und das Kollegium eingestimmt hatte,  pr\u00e4sentierte Sebastian Schmidt, Lehrer des Jahres 2019,  in seinem Vortrag \u201e10 Chancen \u2013 die bleiben!\u201c  dem Kollegium sowie den anwesenden Eltern und Sch\u00fcler*innen \u00dcberlegungen wie sich die Erfahrungen des Fernunterrichts f\u00fcr die Zukunft konstruktiv nutzen lassen. Neben der Wertsch\u00e4tzung des Digitalen und der Bedeutsamkeit der Zusammenarbeit der Lehrkr\u00e4fte hob er auch besonders den Aspekt der Selbstst\u00e4ndigkeit und Selbstdisziplin hervor sowie die Reflexion der eigenen Selbstwirksamkeit auf Seiten der Lehrkr\u00e4fte. Der Austausch in den sich an den Vortrag anschlie\u00dfenden Kleingruppen f\u00f6rderte zahlreiche Anregungen  f\u00fcr die Weiterarbeit zutage.<\/p>\n<p>Nach diesem Auftakt ging es in die Workshops. Das Angebot von 16 verschiedenen Optionen, die von  externen Referent*innen des Landesmedienzentrums, einem Kollegen aus dem Gymnasium in Walldorf sowie zahlreichen Kolleg*innen aus den Reihen des JKG bestritten wurde, stellte so manchen vor die Frage \u201eQuo vadis?\u201c. Neben einer grundlegenden Einf\u00fchrung in die Dienst-iPads standen das Erstellen von Erkl\u00e4rvideos oder Podcasts, eine Einf\u00fchrung in Goodnotes,  die Nutzung digitaler kollaborativer Tools im Unterricht, die Vorstellung des Konzepts des \u201eDeeper Learning\u201c, ein App-Caf\u00e9, die Weiterentwicklung des digtialen Klassenbuchs, der Umgang mit Fake-News, die Nutzung digitaler Endger\u00e4te durch Sch\u00fcler*innen im Unterricht, das Ausprobieren neuer Tools in Moodle, die Handhabung der  Sch\u00fcler-iPads, digitale fachdidaktische Konzepte in den Naturwissenschaften, die Verwendung von \u201eKahoot\u201c als Lernzielkontrolle, das JKG-Serviceportal sowie eine Einf\u00fchrung in das interaktive Quiz \u201eActionbound\u201c auf dem Programm. Die Abschlusspr\u00e4sentation der Ergebnisse im Plenum in der Aula lies auf einen arbeitsintensiven und inspirierenden Tag schlie\u00dfen, der durch einen Ausblick auf die k\u00fcnftige Weiterentwicklung der technischen Ausstattung am JKG abgerundet wurde. <\/p>\n<\/p><\/div>\n<\/p><\/div>\n<p><em>Text: De<br \/>\nFoto: Sei (Nov. 2022)<\/em><\/p>\n<p><\/br><\/p>\n<hr>\n","protected":false},"excerpt":{"rendered":"<p>Das G9-Modell am JKG als Blaupause f\u00fcr ganz Baden-W\u00fcrttemberg? 106.950 B\u00fcrgerinnen und B\u00fcrger aus Baden-W\u00fcrttemberg haben beim Volksantrag G9 im letzten Jahr eine Unterschrift f\u00fcr die Wiedereinf\u00fchrung eines fl\u00e4chendeckenden G9-Gymnasiums abgegeben und damit hat die Elterninitiative die ben\u00f6tigte H\u00fcrde von 39.000 Stimmen bei weitem \u00fcbertroffen. Auch das eigens eingerichtete B\u00fcrgerforum votierte f\u00fcr eine Wiedereinf\u00fchrung von [&hellip;]<\/p>\n","protected":false},"author":2,"featured_media":0,"parent":1366,"menu_order":50,"comment_status":"closed","ping_status":"closed","template":"","meta":{"footnotes":""},"class_list":["post-5199","page","type-page","status-publish","hentry"],"_links":{"self":[{"href":"https:\/\/www.jkg-bruchsal.de\/index.php?rest_route=\/wp\/v2\/pages\/5199","targetHints":{"allow":["GET"]}}],"collection":[{"href":"https:\/\/www.jkg-bruchsal.de\/index.php?rest_route=\/wp\/v2\/pages"}],"about":[{"href":"https:\/\/www.jkg-bruchsal.de\/index.php?rest_route=\/wp\/v2\/types\/page"}],"author":[{"embeddable":true,"href":"https:\/\/www.jkg-bruchsal.de\/index.php?rest_route=\/wp\/v2\/users\/2"}],"replies":[{"embeddable":true,"href":"https:\/\/www.jkg-bruchsal.de\/index.php?rest_route=%2Fwp%2Fv2%2Fcomments&post=5199"}],"version-history":[{"count":13,"href":"https:\/\/www.jkg-bruchsal.de\/index.php?rest_route=\/wp\/v2\/pages\/5199\/revisions"}],"predecessor-version":[{"id":14939,"href":"https:\/\/www.jkg-bruchsal.de\/index.php?rest_route=\/wp\/v2\/pages\/5199\/revisions\/14939"}],"up":[{"embeddable":true,"href":"https:\/\/www.jkg-bruchsal.de\/index.php?rest_route=\/wp\/v2\/pages\/1366"}],"wp:attachment":[{"href":"https:\/\/www.jkg-bruchsal.de\/index.php?rest_route=%2Fwp%2Fv2%2Fmedia&parent=5199"}],"curies":[{"name":"wp","href":"https:\/\/api.w.org\/{rel}","templated":true}]}}