{"id":570,"date":"2015-07-31T11:11:11","date_gmt":"2015-07-31T09:11:11","guid":{"rendered":"https:\/\/www.jkg-bruchsal.de\/wordpress\/?page_id=570"},"modified":"2026-02-26T07:44:44","modified_gmt":"2026-02-26T06:44:44","slug":"abitur-2019","status":"publish","type":"page","link":"https:\/\/www.jkg-bruchsal.de\/?page_id=570","title":{"rendered":"Abitur 2028"},"content":{"rendered":"<div class=\"row\">\n<div class=\"col-md-6\"><a class=\"btn btn-primary\" style=\"float: left;\" href=\"https:\/\/www.jkg-bruchsal.de\/?page_id=568\"><span class=\"hidden-xs\">&lt;&lt; Allgemeine Informationen zur Oberstufe<\/span><\/a><\/div>\n<div class=\"col-md-6\"><a class=\"btn btn-primary\" style=\"float: right;\" href=\"https:\/\/www.jkg-bruchsal.de\/?page_id=572\"><span class=\"hidden-xs\">Abitur 2026 &gt;&gt;<\/span><\/a><\/div>\n<div><\/div>\n<\/div>\n<hr \/>\n<p>Alle wichtigen Informationen f\u00fcr Sch\u00fclerinnen und Sch\u00fcler des Abiturjahrgangs 2028 werden im <strong>moodle-Kurs Abitur 2028<\/strong> ver\u00f6ffentlicht. Bitte dort regelm\u00e4\u00dfig nachlesen.<\/p>\n<hr \/>\n<h3>Informationen und Dokumente f\u00fcr den Abiturjahrgang 2028<\/h3>\n<p><a href=\"https:\/\/km.baden-wuerttemberg.de\/de\/service\/publikation\/did\/leitfaden-fuer-die-gymnasiale-oberstufe-2028\" target=\"_blank\" rel=\"noopener noreferrer\">Leitfaden Abitur 2028 (externer Link)<\/a><\/p>\n","protected":false},"excerpt":{"rendered":"<p>&lt;&lt; Allgemeine Informationen zur Oberstufe Abitur 2026 &gt;&gt; Alle wichtigen Informationen f\u00fcr Sch\u00fclerinnen und Sch\u00fcler des Abiturjahrgangs 2028 werden im moodle-Kurs Abitur 2028 ver\u00f6ffentlicht. Bitte dort regelm\u00e4\u00dfig nachlesen. Informationen und Dokumente f\u00fcr den Abiturjahrgang 2028 Leitfaden Abitur 2028 (externer Link)<\/p>\n","protected":false},"author":7,"featured_media":0,"parent":106,"menu_order":20,"comment_status":"closed","ping_status":"closed","template":"","meta":{"footnotes":""},"class_list":["post-570","page","type-page","status-publish","hentry"],"_links":{"self":[{"href":"https:\/\/www.jkg-bruchsal.de\/index.php?rest_route=\/wp\/v2\/pages\/570","targetHints":{"allow":["GET"]}}],"collection":[{"href":"https:\/\/www.jkg-bruchsal.de\/index.php?rest_route=\/wp\/v2\/pages"}],"about":[{"href":"https:\/\/www.jkg-bruchsal.de\/index.php?rest_route=\/wp\/v2\/types\/page"}],"author":[{"embeddable":true,"href":"https:\/\/www.jkg-bruchsal.de\/index.php?rest_route=\/wp\/v2\/users\/7"}],"replies":[{"embeddable":true,"href":"https:\/\/www.jkg-bruchsal.de\/index.php?rest_route=%2Fwp%2Fv2%2Fcomments&post=570"}],"version-history":[{"count":16,"href":"https:\/\/www.jkg-bruchsal.de\/index.php?rest_route=\/wp\/v2\/pages\/570\/revisions"}],"predecessor-version":[{"id":16871,"href":"https:\/\/www.jkg-bruchsal.de\/index.php?rest_route=\/wp\/v2\/pages\/570\/revisions\/16871"}],"up":[{"embeddable":true,"href":"https:\/\/www.jkg-bruchsal.de\/index.php?rest_route=\/wp\/v2\/pages\/106"}],"wp:attachment":[{"href":"https:\/\/www.jkg-bruchsal.de\/index.php?rest_route=%2Fwp%2Fv2%2Fmedia&parent=570"}],"curies":[{"name":"wp","href":"https:\/\/api.w.org\/{rel}","templated":true}]}}