{"id":6014,"date":"2016-06-10T18:26:57","date_gmt":"2016-06-10T16:26:57","guid":{"rendered":"https:\/\/www.jkg-bruchsal.de\/?page_id=6014"},"modified":"2024-09-18T16:07:24","modified_gmt":"2024-09-18T14:07:24","slug":"schulgottesdienste","status":"publish","type":"page","link":"https:\/\/www.jkg-bruchsal.de\/?page_id=6014","title":{"rendered":"Geistliche Impulse"},"content":{"rendered":"<h3>Ist da jemand? <\/h3>\n<h4>Ein Raketenstart ins neue Schuljahr<\/h4>\n<p>Mit voller Raketenpower starteten die Sch\u00fclerinnen und Sch\u00fcler des Raumschiffs Justus Explorer \u00a0in ihre neue Mission Schuljahr 2024\/2025. Bei \u00a0der Erkundung der weiten R\u00e4ume unseres schulischen Universums konnten\u00a0auch die F\u00fcnftkl\u00e4sslerinnen und F\u00fcnftkl\u00e4ssler entdecken, dass eine ganze Menge Menschen da sind, die sie auf ihrer aufregenden Mission begleiten und und lie\u00dfen sich dazu den Segen Gottes zusprechen. So ausger\u00fcstet konnte Frau Mutter zuversichtlich den Startschuss in das neue Schuljahr geben.<\/p>\n<p><\/p>\n<p><\/br><\/p>\n<div class=\"row\">\n<div class=\"col-md-6\">\n  <a href=\"https:\/\/www.jkg-bruchsal.de\/wordpress\/inhalte\/uploads\/2024\/09\/k-IMG_2351.jpg\" data-rel=\"lightbox-image-0\" data-rl_title=\"\" data-rl_caption=\"\" title=\"\"><img decoding=\"async\" style=\"margin-bottom: 20px\" class=\"img-responsive\" src=\"https:\/\/www.jkg-bruchsal.de\/wordpress\/inhalte\/uploads\/2024\/09\/k-IMG_2351.jpg\" alt=\"Schulgottesdienst 1\" \/><\/a>\n<\/div>\n<div class=\"col-md-6\">\n  <a href=\"https:\/\/www.jkg-bruchsal.de\/wordpress\/inhalte\/uploads\/2024\/09\/k-IMG_20240913_084019.jpg\" data-rel=\"lightbox-image-1\" data-rl_title=\"\" data-rl_caption=\"\" title=\"\"><img decoding=\"async\" style=\"margin-bottom: 20px\" class=\"img-responsive\" src=\"https:\/\/www.jkg-bruchsal.de\/wordpress\/inhalte\/uploads\/2024\/09\/k-IMG_20240913_084019.jpg\" alt=\"Schulgottesdienst 2\" \/><\/a>\n<\/div>\n<\/div>\n<p><em>Text und Foto: Ba (September 2024)<\/em><\/p>\n<p><\/br><\/p>\n<p><\/p>\n<hr>\n<p><\/p>\n<h3>Ein Friedenslicht &#8230; Weihnachten 2021<\/h3>\n<p>Am 22. Dezember 2021, dem letzten Schultag vor den Weihnachtsferien, erklingt etwas ganz Besonderes durch unsere Lautsprecheranlage im Hauptgeb\u00e4ude. Die Weihnachtsandacht der Fachschaft Religion gibt es hier zum Nachh\u00f6ren:<\/p>\n<p><\/p>\n<div align=\"center\" class=\"embed-responsive embed-responsive-16by9\">\n    <video class=\"embed-responsive-item\" controls><source src=\"https:\/\/www.jkg-bruchsal.de\/wordpress\/inhalte\/uploads\/2021\/12\/Mein-Film3.mp4\" type=\"video\/mp4\"><\/video>\n<\/div>\n<p><\/br><\/p>\n<p><\/p>\n<hr>\n<p><\/p>\n<h3>Ostersteine<\/h3>\n<h4>Projekt der evangelischen Religionsgruppe 5v + 5w im M\u00e4rz 2021<\/h4>\n<p><\/p>\n<p><em>Auch aus Steinen, die dir in den Weg gelegt werden, kannst du etwas Sch\u00f6nes machen\u2026 <\/em><\/p>\n<p><em>(Erich K\u00e4stner)<\/em><\/p>\n<p><\/p>\n<p>Die\u00a0Religionsklasse 5vw hat \u2013 passend zu den Geschichten der Karwoche (Palmsonntag, Gr\u00fcndonnerstag, Karfreitag, Karsamstag und Ostern) &#8211; Steine gestaltet und w\u00fcnscht damit der gesamten Schulgemeinde ein frohes Osterfest!<\/p>\n<p>Anbei einige \u201eKostproben\u201c\u2026<\/p>\n<div id=\"myCarouselOstern\" class=\"carousel slide\" data-ride=\"carousel\">\n  <!-- Indicators --><\/p>\n<ol class=\"carousel-indicators\">\n<li data-target=\"#myCarouselOstern\" data-slide-to=\"0\" class=\"active\"><\/li>\n<li data-target=\"#myCarouselOstern\" data-slide-to=\"1\"><\/li>\n<li data-target=\"#myCarouselOstern\" data-slide-to=\"2\"><\/li>\n<li data-target=\"#myCarouselOstern\" data-slide-to=\"3\"><\/li>\n<li data-target=\"#myCarouselOstern\" data-slide-to=\"4\"><\/li>\n<li data-target=\"#myCarouselOstern\" data-slide-to=\"5\"><\/li>\n<li data-target=\"#myCarouselOstern\" data-slide-to=\"6\"><\/li>\n<\/ol>\n<p>  <!-- Wrapper for slides --><\/p>\n<div class=\"carousel-inner\" role=\"listbox\">\n<div class=\"item active\">\n      <a href=\"https:\/\/www.jkg-bruchsal.de\/wordpress\/inhalte\/uploads\/2021\/03\/Anna.jpg\" data-rel=\"lightbox-image-2\" data-rl_title=\"\" data-rl_caption=\"\" title=\"\"><img decoding=\"async\" class=\"img-responsive\" src=\"https:\/\/www.jkg-bruchsal.de\/wordpress\/inhalte\/uploads\/2021\/03\/Anna.jpg\" alt=\"Ostern2021\" \/><\/a>\n    <\/div>\n<div class=\"item\">\n      <a href=\"https:\/\/www.jkg-bruchsal.de\/wordpress\/inhalte\/uploads\/2021\/03\/Anna-Maria.jpg\" data-rel=\"lightbox-image-3\" data-rl_title=\"\" data-rl_caption=\"\" title=\"\"><img decoding=\"async\" class=\"img-responsive\" src=\"https:\/\/www.jkg-bruchsal.de\/wordpress\/inhalte\/uploads\/2021\/03\/Anna-Maria.jpg\" alt=\"Ostern2021\" \/><\/a>\n    <\/div>\n<div class=\"item\">\n      <a href=\"https:\/\/www.jkg-bruchsal.de\/wordpress\/inhalte\/uploads\/2021\/03\/Melina.jpg\" data-rel=\"lightbox-image-4\" data-rl_title=\"\" data-rl_caption=\"\" title=\"\"><img decoding=\"async\" class=\"img-responsive\" src=\"https:\/\/www.jkg-bruchsal.de\/wordpress\/inhalte\/uploads\/2021\/03\/Melina.jpg\" alt=\"Ostern2021\" \/><\/a>\n    <\/div>\n<div class=\"item\">\n      <a href=\"https:\/\/www.jkg-bruchsal.de\/wordpress\/inhalte\/uploads\/2021\/03\/Mia.jpg\" data-rel=\"lightbox-image-5\" data-rl_title=\"\" data-rl_caption=\"\" title=\"\"><img decoding=\"async\" class=\"img-responsive\" src=\"https:\/\/www.jkg-bruchsal.de\/wordpress\/inhalte\/uploads\/2021\/03\/Mia.jpg\" alt=\"Ostern2021\" \/><\/a>\n    <\/div>\n<div class=\"item\">\n       <a href=\"https:\/\/www.jkg-bruchsal.de\/wordpress\/inhalte\/uploads\/2021\/03\/Niklas-B.jpg\" data-rel=\"lightbox-image-6\" data-rl_title=\"\" data-rl_caption=\"\" title=\"\"><img decoding=\"async\" class=\"img-responsive\" src=\"https:\/\/www.jkg-bruchsal.de\/wordpress\/inhalte\/uploads\/2021\/03\/Niklas-B.jpg\" alt=\"Ostern2021\" \/><\/a>\n    <\/div>\n<div class=\"item\">\n       <a href=\"https:\/\/www.jkg-bruchsal.de\/wordpress\/inhalte\/uploads\/2021\/03\/Noah.jpg\" data-rel=\"lightbox-image-7\" data-rl_title=\"\" data-rl_caption=\"\" title=\"\"><img decoding=\"async\" class=\"img-responsive\" src=\"https:\/\/www.jkg-bruchsal.de\/wordpress\/inhalte\/uploads\/2021\/03\/Noah.jpg\" alt=\"Ostern2021\" \/><\/a>\n    <\/div>\n<div class=\"item\">\n     <a href=\"https:\/\/www.jkg-bruchsal.de\/wordpress\/inhalte\/uploads\/2021\/03\/Niklas-S.jpg\" data-rel=\"lightbox-image-8\" data-rl_title=\"\" data-rl_caption=\"\" title=\"\"><img decoding=\"async\" class=\"img-responsive\" src=\"https:\/\/www.jkg-bruchsal.de\/wordpress\/inhalte\/uploads\/2021\/03\/Niklas-S.jpg\" alt=\"Ostern2021\" \/><\/a>\n    <\/div>\n<\/p><\/div>\n<p>  <!-- Left and right controls --><br \/>\n  <a class=\"left carousel-control\" href=\"#myCarouselOstern\" role=\"button\" data-slide=\"prev\"><br \/>\n    <span class=\"glyphicon glyphicon-chevron-left\"><\/span><br \/>\n  <\/a><br \/>\n  <a class=\"right carousel-control\" href=\"#myCarouselOstern\" role=\"button\" data-slide=\"next\"><br \/>\n    <span class=\"glyphicon glyphicon-chevron-right\"><\/span><br \/>\n  <\/a>\n<\/div>\n<p><\/br><\/p>\n<p><em>Text: Sylvia Ganter<br \/>\nFotos: Sch\u00fclerinnen und Sch\u00fcler der Klassen 5v und 5w<\/em><\/p>\n<p><\/p>\n<hr>\n<p><\/p>\n<h3>Mit Gottes Segen in die Ferien \u2026<\/h3>\n<h4>Ferienbeginn unter Pandemiebedingungen<\/h4>\n<p><\/p>\n<div class=\"col-md-12\">\n<div class=\"row\">\n<div class=\"col-md-3 bootstrapfloat\">\n      <a href=\"https:\/\/www.jkg-bruchsal.de\/wordpress\/inhalte\/uploads\/2020\/08\/k-DSC06057-scaled.jpg\" data-rel=\"lightbox-image-9\" data-rl_title=\"\" data-rl_caption=\"\" title=\"\"><img decoding=\"async\" class=\"img-responsive\" src=\"https:\/\/www.jkg-bruchsal.de\/wordpress\/inhalte\/uploads\/2020\/08\/k-DSC06057-scaled.jpg\" alt=\"Sommersegen\" \/><\/a>\n    <\/div>\n<p>Auch wenn es in diesem Schuljahr keinen Abschlussgottesdienst geben konnte, wollte die Fachschaft Religion eine M\u00f6glichkeit bieten, sich einen Segen f\u00fcr die Ferien zusprechen zu lassen. Fu\u00dfspuren im Schulhaus wiesen den Weg in den Schulhof, wo ein Segensbogen auf die Sch\u00fcler*innen und Lehrer*innen wartete. Wer wollte, konnte ein Segenswort ziehen und sich dieses unter dem Bogen von den Religionslehrkr\u00e4ften zusprechen lassen.<\/p>\n<p>Anschlie\u00dfend gab es noch Gelegenheit, mit Farbkreiden Hoffnungszeichen auf den Schulhof zu zeichnen. Untermalt wurde die Aktion durch Live-Musik des Bibelkreises \u2013 so dass \u2013 wie die Bilder auf dieser Seite zeigen &#8211; ein bunter, hoffnungsvoller und lebendiger Start in die Ferien erfolgen konnte.<\/p>\n<\/p><\/div>\n<\/p><\/div>\n<p><\/br><\/p>\n<div class=\"row\">\n<div class=\"col-md-6\">\n  <a href=\"https:\/\/www.jkg-bruchsal.de\/wordpress\/inhalte\/uploads\/2020\/08\/k-DSC06065-scaled.jpg\" data-rel=\"lightbox-image-10\" data-rl_title=\"\" data-rl_caption=\"\" title=\"\"><img decoding=\"async\" style=\"margin-bottom: 20px\" class=\"img-responsive\" src=\"https:\/\/www.jkg-bruchsal.de\/wordpress\/inhalte\/uploads\/2020\/08\/k-DSC06065-scaled.jpg\" alt=\"Regenbogen\" \/><\/a>\n<\/div>\n<div class=\"col-md-6\">\n  <a href=\"https:\/\/www.jkg-bruchsal.de\/wordpress\/inhalte\/uploads\/2020\/08\/k-DSC06062-scaled.jpg\" data-rel=\"lightbox-image-11\" data-rl_title=\"\" data-rl_caption=\"\" title=\"\"><img decoding=\"async\" style=\"margin-bottom: 20px\" class=\"img-responsive\" src=\"https:\/\/www.jkg-bruchsal.de\/wordpress\/inhalte\/uploads\/2020\/08\/k-DSC06062-scaled.jpg\" alt=\"Praystation\" \/><\/a>\n<\/div>\n<\/div>\n<p><em>Foto: Sw<br \/>\nText: De (Juli 2020)<\/em><\/p>\n<p><\/p>\n<hr>\n<p><\/p>\n<h3>In dieser Nacht, mein Freund, hab\u00b4 ich vom Frieden getr\u00e4umt<\/h3>\n<h4>\u00d6kumenischer Weihnachtsgottesdienst des JKG in der Paulskirche<\/h4>\n<p><\/p>\n<div class=\"col-md-12\">\n<div class=\"row\">\n<div class=\"col-md-5 bootstrapfloat\">\n      <a href=\"https:\/\/www.jkg-bruchsal.de\/wordpress\/inhalte\/uploads\/2016\/01\/k-Foto-Weihnachtsgottesdienst-2015-2.jpg\" data-rel=\"lightbox-image-12\" data-rl_title=\"\" data-rl_caption=\"\" title=\"\"><img decoding=\"async\" class=\"img-responsive\" src=\"https:\/\/www.jkg-bruchsal.de\/wordpress\/inhalte\/uploads\/2016\/01\/k-Foto-Weihnachtsgottesdienst-2015-2.jpg\" alt=\"Weihnachtsgottesdienst-2015\" \/><\/a>\n    <\/div>\n<p>Wie in jedem Jahr traf sich die Schulgemeinschaft des Justus-Knecht-Gymnasiums in der Bruchsaler Paulskirche zum gemeinsamen Schulgottesdienst, welcher diesmal ganz im Zeichen des Friedens stand. Zahlreiche Sch\u00fclerinnen und Sch\u00fcler gestalteten den Gottesdienst mit, unter anderem die Theater-AG, die Bl\u00e4ser der Bigband und der Gemischte Chor, welcher gemeinsam mit einigen Schulklassen das Lied \u201eWei\u00dfe Fahnen\u201c sang (Foto).<\/p>\n<p><em>Foto: Db<br \/>\nText: Kow (Dezember 2015)<\/em><\/p>\n<\/p><\/div>\n<\/p><\/div>\n","protected":false},"excerpt":{"rendered":"<p>Ist da jemand? Ein Raketenstart ins neue Schuljahr Mit voller Raketenpower starteten die Sch\u00fclerinnen und Sch\u00fcler des Raumschiffs Justus Explorer \u00a0in ihre neue Mission Schuljahr 2024\/2025. Bei \u00a0der Erkundung der weiten R\u00e4ume unseres schulischen Universums konnten\u00a0auch die F\u00fcnftkl\u00e4sslerinnen und F\u00fcnftkl\u00e4ssler entdecken, dass eine ganze Menge Menschen da sind, die sie auf ihrer aufregenden Mission begleiten [&hellip;]<\/p>\n","protected":false},"author":2,"featured_media":0,"parent":1366,"menu_order":100,"comment_status":"closed","ping_status":"closed","template":"","meta":{"footnotes":""},"class_list":["post-6014","page","type-page","status-publish","hentry"],"_links":{"self":[{"href":"https:\/\/www.jkg-bruchsal.de\/index.php?rest_route=\/wp\/v2\/pages\/6014","targetHints":{"allow":["GET"]}}],"collection":[{"href":"https:\/\/www.jkg-bruchsal.de\/index.php?rest_route=\/wp\/v2\/pages"}],"about":[{"href":"https:\/\/www.jkg-bruchsal.de\/index.php?rest_route=\/wp\/v2\/types\/page"}],"author":[{"embeddable":true,"href":"https:\/\/www.jkg-bruchsal.de\/index.php?rest_route=\/wp\/v2\/users\/2"}],"replies":[{"embeddable":true,"href":"https:\/\/www.jkg-bruchsal.de\/index.php?rest_route=%2Fwp%2Fv2%2Fcomments&post=6014"}],"version-history":[{"count":3,"href":"https:\/\/www.jkg-bruchsal.de\/index.php?rest_route=\/wp\/v2\/pages\/6014\/revisions"}],"predecessor-version":[{"id":15999,"href":"https:\/\/www.jkg-bruchsal.de\/index.php?rest_route=\/wp\/v2\/pages\/6014\/revisions\/15999"}],"up":[{"embeddable":true,"href":"https:\/\/www.jkg-bruchsal.de\/index.php?rest_route=\/wp\/v2\/pages\/1366"}],"wp:attachment":[{"href":"https:\/\/www.jkg-bruchsal.de\/index.php?rest_route=%2Fwp%2Fv2%2Fmedia&parent=6014"}],"curies":[{"name":"wp","href":"https:\/\/api.w.org\/{rel}","templated":true}]}}

<h3>Ist da jemand? </h3>
<h4>Ein Raketenstart ins neue Schuljahr</h4>
<p>Mit voller Raketenpower starteten die Schülerinnen und Schüler des Raumschiffs Justus Explorer  in ihre neue Mission Schuljahr 2024/2025. Bei  der Erkundung der weiten Räume unseres schulischen Universums konnten auch die Fünftklässlerinnen und Fünftklässler entdecken, dass eine ganze Menge Menschen da sind, die sie auf ihrer aufregenden Mission begleiten und und ließen sich dazu den Segen Gottes zusprechen. So ausgerüstet konnte Frau Mutter zuversichtlich den Startschuss in das neue Schuljahr geben.</p>
<p></p>
<p></br></p>
<div class="row">
<div class="col-md-6">
  <a href="https://www.jkg-bruchsal.de/wordpress/inhalte/uploads/2024/09/k-IMG_2351.jpg" data-rel="lightbox-image-0" data-rl_title="" data-rl_caption="" title=""><img decoding="async" style="margin-bottom: 20px" class="img-responsive" src="https://www.jkg-bruchsal.de/wordpress/inhalte/uploads/2024/09/k-IMG_2351.jpg" alt="Schulgottesdienst 1" /></a>
</div>
<div class="col-md-6">
  <a href="https://www.jkg-bruchsal.de/wordpress/inhalte/uploads/2024/09/k-IMG_20240913_084019.jpg" data-rel="lightbox-image-1" data-rl_title="" data-rl_caption="" title=""><img decoding="async" style="margin-bottom: 20px" class="img-responsive" src="https://www.jkg-bruchsal.de/wordpress/inhalte/uploads/2024/09/k-IMG_20240913_084019.jpg" alt="Schulgottesdienst 2" /></a>
</div>
</div>
<p><em>Text und Foto: Ba (September 2024)</em></p>
<p></br></p>
<p></p>
<hr>
<p></p>
<h3>Ein Friedenslicht &#8230; Weihnachten 2021</h3>
<p>Am 22. Dezember 2021, dem letzten Schultag vor den Weihnachtsferien, erklingt etwas ganz Besonderes durch unsere Lautsprecheranlage im Hauptgebäude. Die Weihnachtsandacht der Fachschaft Religion gibt es hier zum Nachhören:</p>
<p></p>
<div align="center" class="embed-responsive embed-responsive-16by9">
    <video class="embed-responsive-item" controls><source src="https://www.jkg-bruchsal.de/wordpress/inhalte/uploads/2021/12/Mein-Film3.mp4" type="video/mp4"></video>
</div>
<p></br></p>
<p></p>
<hr>
<p></p>
<h3>Ostersteine</h3>
<h4>Projekt der evangelischen Religionsgruppe 5v + 5w im März 2021</h4>
<p></p>
<p><em>Auch aus Steinen, die dir in den Weg gelegt werden, kannst du etwas Schönes machen… </em></p>
<p><em>(Erich Kästner)</em></p>
<p></p>
<p>Die Religionsklasse 5vw hat – passend zu den Geschichten der Karwoche (Palmsonntag, Gründonnerstag, Karfreitag, Karsamstag und Ostern) &#8211; Steine gestaltet und wünscht damit der gesamten Schulgemeinde ein frohes Osterfest!</p>
<p>Anbei einige „Kostproben“…</p>
<div id="myCarouselOstern" class="carousel slide" data-ride="carousel">
  <!-- Indicators --></p>
<ol class="carousel-indicators">
<li data-target="#myCarouselOstern" data-slide-to="0" class="active"></li>
<li data-target="#myCarouselOstern" data-slide-to="1"></li>
<li data-target="#myCarouselOstern" data-slide-to="2"></li>
<li data-target="#myCarouselOstern" data-slide-to="3"></li>
<li data-target="#myCarouselOstern" data-slide-to="4"></li>
<li data-target="#myCarouselOstern" data-slide-to="5"></li>
<li data-target="#myCarouselOstern" data-slide-to="6"></li>
</ol>
<p>  <!-- Wrapper for slides --></p>
<div class="carousel-inner" role="listbox">
<div class="item active">
      <a href="https://www.jkg-bruchsal.de/wordpress/inhalte/uploads/2021/03/Anna.jpg" data-rel="lightbox-image-2" data-rl_title="" data-rl_caption="" title=""><img decoding="async" class="img-responsive" src="https://www.jkg-bruchsal.de/wordpress/inhalte/uploads/2021/03/Anna.jpg" alt="Ostern2021" /></a>
    </div>
<div class="item">
      <a href="https://www.jkg-bruchsal.de/wordpress/inhalte/uploads/2021/03/Anna-Maria.jpg" data-rel="lightbox-image-3" data-rl_title="" data-rl_caption="" title=""><img decoding="async" class="img-responsive" src="https://www.jkg-bruchsal.de/wordpress/inhalte/uploads/2021/03/Anna-Maria.jpg" alt="Ostern2021" /></a>
    </div>
<div class="item">
      <a href="https://www.jkg-bruchsal.de/wordpress/inhalte/uploads/2021/03/Melina.jpg" data-rel="lightbox-image-4" data-rl_title="" data-rl_caption="" title=""><img decoding="async" class="img-responsive" src="https://www.jkg-bruchsal.de/wordpress/inhalte/uploads/2021/03/Melina.jpg" alt="Ostern2021" /></a>
    </div>
<div class="item">
      <a href="https://www.jkg-bruchsal.de/wordpress/inhalte/uploads/2021/03/Mia.jpg" data-rel="lightbox-image-5" data-rl_title="" data-rl_caption="" title=""><img decoding="async" class="img-responsive" src="https://www.jkg-bruchsal.de/wordpress/inhalte/uploads/2021/03/Mia.jpg" alt="Ostern2021" /></a>
    </div>
<div class="item">
       <a href="https://www.jkg-bruchsal.de/wordpress/inhalte/uploads/2021/03/Niklas-B.jpg" data-rel="lightbox-image-6" data-rl_title="" data-rl_caption="" title=""><img decoding="async" class="img-responsive" src="https://www.jkg-bruchsal.de/wordpress/inhalte/uploads/2021/03/Niklas-B.jpg" alt="Ostern2021" /></a>
    </div>
<div class="item">
       <a href="https://www.jkg-bruchsal.de/wordpress/inhalte/uploads/2021/03/Noah.jpg" data-rel="lightbox-image-7" data-rl_title="" data-rl_caption="" title=""><img decoding="async" class="img-responsive" src="https://www.jkg-bruchsal.de/wordpress/inhalte/uploads/2021/03/Noah.jpg" alt="Ostern2021" /></a>
    </div>
<div class="item">
     <a href="https://www.jkg-bruchsal.de/wordpress/inhalte/uploads/2021/03/Niklas-S.jpg" data-rel="lightbox-image-8" data-rl_title="" data-rl_caption="" title=""><img decoding="async" class="img-responsive" src="https://www.jkg-bruchsal.de/wordpress/inhalte/uploads/2021/03/Niklas-S.jpg" alt="Ostern2021" /></a>
    </div>
</p></div>
<p>  <!-- Left and right controls --><br />
  <a class="left carousel-control" href="#myCarouselOstern" role="button" data-slide="prev"><br />
    <span class="glyphicon glyphicon-chevron-left"></span><br />
  </a><br />
  <a class="right carousel-control" href="#myCarouselOstern" role="button" data-slide="next"><br />
    <span class="glyphicon glyphicon-chevron-right"></span><br />
  </a>
</div>
<p></br></p>
<p><em>Text: Sylvia Ganter<br />
Fotos: Schülerinnen und Schüler der Klassen 5v und 5w</em></p>
<p></p>
<hr>
<p></p>
<h3>Mit Gottes Segen in die Ferien …</h3>
<h4>Ferienbeginn unter Pandemiebedingungen</h4>
<p></p>
<div class="col-md-12">
<div class="row">
<div class="col-md-3 bootstrapfloat">
      <a href="https://www.jkg-bruchsal.de/wordpress/inhalte/uploads/2020/08/k-DSC06057-scaled.jpg" data-rel="lightbox-image-9" data-rl_title="" data-rl_caption="" title=""><img decoding="async" class="img-responsive" src="https://www.jkg-bruchsal.de/wordpress/inhalte/uploads/2020/08/k-DSC06057-scaled.jpg" alt="Sommersegen" /></a>
    </div>
<p>Auch wenn es in diesem Schuljahr keinen Abschlussgottesdienst geben konnte, wollte die Fachschaft Religion eine Möglichkeit bieten, sich einen Segen für die Ferien zusprechen zu lassen. Fußspuren im Schulhaus wiesen den Weg in den Schulhof, wo ein Segensbogen auf die Schüler*innen und Lehrer*innen wartete. Wer wollte, konnte ein Segenswort ziehen und sich dieses unter dem Bogen von den Religionslehrkräften zusprechen lassen.</p>
<p>Anschließend gab es noch Gelegenheit, mit Farbkreiden Hoffnungszeichen auf den Schulhof zu zeichnen. Untermalt wurde die Aktion durch Live-Musik des Bibelkreises – so dass – wie die Bilder auf dieser Seite zeigen &#8211; ein bunter, hoffnungsvoller und lebendiger Start in die Ferien erfolgen konnte.</p>
</p></div>
</p></div>
<p></br></p>
<div class="row">
<div class="col-md-6">
  <a href="https://www.jkg-bruchsal.de/wordpress/inhalte/uploads/2020/08/k-DSC06065-scaled.jpg" data-rel="lightbox-image-10" data-rl_title="" data-rl_caption="" title=""><img decoding="async" style="margin-bottom: 20px" class="img-responsive" src="https://www.jkg-bruchsal.de/wordpress/inhalte/uploads/2020/08/k-DSC06065-scaled.jpg" alt="Regenbogen" /></a>
</div>
<div class="col-md-6">
  <a href="https://www.jkg-bruchsal.de/wordpress/inhalte/uploads/2020/08/k-DSC06062-scaled.jpg" data-rel="lightbox-image-11" data-rl_title="" data-rl_caption="" title=""><img decoding="async" style="margin-bottom: 20px" class="img-responsive" src="https://www.jkg-bruchsal.de/wordpress/inhalte/uploads/2020/08/k-DSC06062-scaled.jpg" alt="Praystation" /></a>
</div>
</div>
<p><em>Foto: Sw<br />
Text: De (Juli 2020)</em></p>
<p></p>
<hr>
<p></p>
<h3>In dieser Nacht, mein Freund, hab´ ich vom Frieden geträumt</h3>
<h4>Ökumenischer Weihnachtsgottesdienst des JKG in der Paulskirche</h4>
<p></p>
<div class="col-md-12">
<div class="row">
<div class="col-md-5 bootstrapfloat">
      <a href="https://www.jkg-bruchsal.de/wordpress/inhalte/uploads/2016/01/k-Foto-Weihnachtsgottesdienst-2015-2.jpg" data-rel="lightbox-image-12" data-rl_title="" data-rl_caption="" title=""><img decoding="async" class="img-responsive" src="https://www.jkg-bruchsal.de/wordpress/inhalte/uploads/2016/01/k-Foto-Weihnachtsgottesdienst-2015-2.jpg" alt="Weihnachtsgottesdienst-2015" /></a>
    </div>
<p>Wie in jedem Jahr traf sich die Schulgemeinschaft des Justus-Knecht-Gymnasiums in der Bruchsaler Paulskirche zum gemeinsamen Schulgottesdienst, welcher diesmal ganz im Zeichen des Friedens stand. Zahlreiche Schülerinnen und Schüler gestalteten den Gottesdienst mit, unter anderem die Theater-AG, die Bläser der Bigband und der Gemischte Chor, welcher gemeinsam mit einigen Schulklassen das Lied „Weiße Fahnen“ sang (Foto).</p>
<p><em>Foto: Db<br />
Text: Kow (Dezember 2015)</em></p>
</p></div>
</p></div>

<p>Ist da jemand? Ein Raketenstart ins neue Schuljahr Mit voller Raketenpower starteten die Schülerinnen und Schüler des Raumschiffs Justus Explorer  in ihre neue Mission Schuljahr 2024/2025. Bei  der Erkundung der weiten Räume unseres schulischen Universums konnten auch die Fünftklässlerinnen und Fünftklässler entdecken, dass eine ganze Menge Menschen da sind, die sie auf ihrer aufregenden Mission begleiten [&hellip;]</p>
