{"id":7121,"date":"2017-03-02T16:27:08","date_gmt":"2017-03-02T15:27:08","guid":{"rendered":"https:\/\/www.jkg-bruchsal.de\/?page_id=7121"},"modified":"2023-12-02T09:48:25","modified_gmt":"2023-12-02T08:48:25","slug":"medienknigge","status":"publish","type":"page","link":"https:\/\/www.jkg-bruchsal.de\/?page_id=7121","title":{"rendered":"Medienknigge"},"content":{"rendered":"<p>\n  <a class=\"btn btn-primary\" style=\"float:right;\" href=\"https:\/\/www.jkg-bruchsal.de\/?page_id=7125\"><span class=\"hidden-xs\">Kids Online >><\/span><i class=\"glyphicon glyphicon-arrow-right visible-xs\"><\/i><\/a>\n<\/p>\n<h3>Medienknigge f\u00fcr Kids<\/h3>\n<p>Neben dem Basiskurs Medienbildung in Klassenstufe 5 und 6 ist es uns sehr wichtig, die Sch\u00fclerinnen und Sch\u00fcler der Klassestufe 7 im Bereich der sozialen Medien fit zu machen. Dank der finanziellen Unterst\u00fctzung des Freundeskreises finden j\u00e4hrlich medienp\u00e4dagogische Workshops zum Thema <a href=\"https:\/\/www.jkg-bruchsal.de\/?page_id=7125\">\u201eWhatsApp und Co\u201c statt<\/a>.<\/p>\n<p>Die Sch\u00fclerinnen und Sch\u00fcler sollen daf\u00fcr sensibilisiert werden, welchen Gefahren sie bei der Nutzung der sozialen Netzwerke ausgesetzt sein k\u00f6nnen und was Cybermobbing ist.<\/p>\n","protected":false},"excerpt":{"rendered":"<p>Kids Online >> Medienknigge f\u00fcr Kids Neben dem Basiskurs Medienbildung in Klassenstufe 5 und 6 ist es uns sehr wichtig, die Sch\u00fclerinnen und Sch\u00fcler der Klassestufe 7 im Bereich der sozialen Medien fit zu machen. Dank der finanziellen Unterst\u00fctzung des Freundeskreises finden j\u00e4hrlich medienp\u00e4dagogische Workshops zum Thema \u201eWhatsApp und Co\u201c statt. Die Sch\u00fclerinnen und Sch\u00fcler [&hellip;]<\/p>\n","protected":false},"author":2,"featured_media":0,"parent":1466,"menu_order":0,"comment_status":"closed","ping_status":"closed","template":"","meta":{"footnotes":""},"class_list":["post-7121","page","type-page","status-publish","hentry"],"_links":{"self":[{"href":"https:\/\/www.jkg-bruchsal.de\/index.php?rest_route=\/wp\/v2\/pages\/7121","targetHints":{"allow":["GET"]}}],"collection":[{"href":"https:\/\/www.jkg-bruchsal.de\/index.php?rest_route=\/wp\/v2\/pages"}],"about":[{"href":"https:\/\/www.jkg-bruchsal.de\/index.php?rest_route=\/wp\/v2\/types\/page"}],"author":[{"embeddable":true,"href":"https:\/\/www.jkg-bruchsal.de\/index.php?rest_route=\/wp\/v2\/users\/2"}],"replies":[{"embeddable":true,"href":"https:\/\/www.jkg-bruchsal.de\/index.php?rest_route=%2Fwp%2Fv2%2Fcomments&post=7121"}],"version-history":[{"count":3,"href":"https:\/\/www.jkg-bruchsal.de\/index.php?rest_route=\/wp\/v2\/pages\/7121\/revisions"}],"predecessor-version":[{"id":15527,"href":"https:\/\/www.jkg-bruchsal.de\/index.php?rest_route=\/wp\/v2\/pages\/7121\/revisions\/15527"}],"up":[{"embeddable":true,"href":"https:\/\/www.jkg-bruchsal.de\/index.php?rest_route=\/wp\/v2\/pages\/1466"}],"wp:attachment":[{"href":"https:\/\/www.jkg-bruchsal.de\/index.php?rest_route=%2Fwp%2Fv2%2Fmedia&parent=7121"}],"curies":[{"name":"wp","href":"https:\/\/api.w.org\/{rel}","templated":true}]}}