{"id":899,"date":"2015-08-03T21:12:13","date_gmt":"2015-08-03T19:12:13","guid":{"rendered":"https:\/\/www.jkg-bruchsal.de\/wordpress\/?page_id=899"},"modified":"2025-11-28T22:34:43","modified_gmt":"2025-11-28T21:34:43","slug":"online-krankmeldung","status":"publish","type":"page","link":"https:\/\/www.jkg-bruchsal.de\/?page_id=899","title":{"rendered":"Krankmeldung"},"content":{"rendered":"<p style=\"float: right; margin-left: 20px;\"><a class=\"btn btn-primary\" href=\"https:\/\/www.jkg-bruchsal.de\/?page_id=16528\">FAQ &gt;&gt;<\/a><\/p>\n<p><\/br><\/p>\n<p>Liebe Eltern und Erziehungsberechtigte,<\/p>\n<p>da sich in in Baden-W\u00fcrttemberg \u00c4nderungen der Schulbesuchsverordnung ergeben haben, die die Entschuldigungs- und Nachreichfrist betreffen, gibt es ab dem Schuljahr 2025\/26 am Justus-Knecht-Gymnasium ein neues, elektronisches Entschuldigungsverfahren \u00fcber <a href=\"https:\/\/jkg-bruchsal.webuntis.com\/WebUntis\/?school=jkg-bruchsal\" target=\"_blank\">WebUntis<\/a>.<\/p>\n<p>Die Anleitung zur Krankmeldung und Entschuldigung f\u00fcr Eltern, Erziehungsberechtigte und vollj\u00e4hrige Sch\u00fclerinnen und Sch\u00fcler kann hier im PDF-Format heruntergeladen werden:<\/p>\n<p><a href=\"https:\/\/www.jkg-bruchsal.de\/wordpress\/inhalte\/uploads\/2025\/10\/Info-Entschuldigungsverfahren-neu.pdf\" target=\"_blank\" rel=\"noopener noreferrer\">Anleitung Krankmeldung und Entschuldigung \u00fcber WebUntis (PDF)<\/a><\/p>\n<div class=\"col-md-12\">\n<div class=\"row\">\n<div class=\"col-md-5 bootstrapfloat\">\n<a href=\"https:\/\/www.jkg-bruchsal.de\/wordpress\/inhalte\/uploads\/2025\/10\/Info-Entschuldigungsverfahren-neu.pdf\" rel=\"noopener\" target=\"_blank\"><img decoding=\"async\" class=\"img-responsive\" src=\"https:\/\/www.jkg-bruchsal.de\/wordpress\/inhalte\/uploads\/2025\/10\/Bild-Krankmeldung-2025.jpg\" alt=\"Krankmeldung und Entschuldigung \u00fcber WebUntis\" \/><\/a>\n<\/div>\n<\/div>\n<\/div>\n<p><!-- \n\n<h3>Online-Krankmeldung von Sch\u00fclerInnen durch ihre Eltern<\/h3>\n\n\n\n\n<p><strong>Ist Ihr Kind am Schulbesuch verhindert (z.B. wegen Krankheit), ist dies der Schule unverz\u00fcglich mitzuteilen. Verwenden Sie hierf\u00fcr das unten stehende Formular zur Online-Krankmeldung.<\/strong>\n\n<\/br>\n\n\n\n<p>Die Krankmeldung sollte am Krankheitstag bis sp\u00e4testens 7:30\u00a0Uhr erfolgen. Sie ersetzt keine schriftliche Entschuldigung.<\/p>\n\n\n\n\n\n<p>In <strong>Ausnahmef\u00e4llen<\/strong> (z.B. bei technischen Schwierigkeiten) k\u00f6nnen Sie Ihr Kind auch per Mail krankmelden:\nsekretariat@jkg-bruchsal.de  Bitte geben Sie den Namen und die Klasse des Kindes an.<\/p>\n\n\n\n\n<\/br>\n\n\n<p><strong>In jedem Fall ist <u> binnen drei Tagen<\/u>  eine <u>schriftliche Entschuldigung<\/u>  beim Klassenlehrer \/ Tutor nachzureichen!<\/strong><\/p>\n\n\n\n<\/br>\n\n\n<p>Bitte beachten Sie:<\/p>\n\n\n\n\n<ul>\n  \n\n<li>Die Online-Krankmeldung darf ausschlie\u00dflich von den Erziehungsberechtigten vorgenommen werden. (Ausnahme: Vollj\u00e4hrige Sch\u00fclerInnen k\u00f6nnen sich auch selbst krankmelden und entschuldigen.)<\/li>\n\n\n  \n\n<li>Das Formular bitte <u>nicht<\/u> verwenden f\u00fcr Befreiungen, Beurlaubungen oder eine Kontaktaufnahme aus anderen Gr\u00fcnden.<\/li>\n\n\n  \n\n<li>Ihre Nachricht wird an das Sekretariat, an den Klassenlehrer \/ den Tutor und zur Best\u00e4tigung an Ihre angegebene eigene E-Mailadresse gesendet. <\/li>\n\n\n<\/ul>\n\n\n<\/br>\n\n\n\n<form class=\"form\" method=\"post\" action=\"https:\/\/www.jkg-bruchsal.de\/wordpress\/inhalte\/themes\/wpbootstrap\/krankmeldung.php\">\n  \n\n<legend>Online-Formular<\/legend>\n\n\n\n  <script>\n    jQuery(function(){\n      jQuery(\"#startdate\").on('change', function(){\n        jQuery(\"#enddate\").attr({'min': jQuery(\"#startdate\").val()});\n      })\n    });\n  <\/script>\n\n  \n\n<div class=\"form-group\">\n    <label class=\"control-label col-md-12\" for=\"selectclass\">Klasse \/ Stammkurs:<\/label>\n    \n\n<div class=\"col-md-12\">\n      \n\n<div class=\"input-group\">\n        \n\n<div class=\"input-group-addon\"><i class=\"glyphicon glyphicon-education\"><\/i><\/div>\n\n\n        <select class=\"form-control\" id=\"selectclass\" name=\"klasse\" required onchange=\"showMe3('tutor', 'selectclass', 'selecttutor')\"> \n<option value disabled selected> -- Bitte w\u00e4hlen Sie eine Klasse aus -- <\/option>\n           [xyz-ips snippet=\"LdapKlassenOhneKursstufe\"] \n<option value=\"K1\">Kursstufe 1<\/option>\n<option value=\"K2\">Kursstufe 2<\/option>\n         <\/select>\n      <\/div>\n\n\n    <\/div>\n\n\n  <\/div>\n\n\n\n  \n\n<div class=\"form-group\" id=\"tutor\" style=\"display:none\">\n    <\/br>\n    <label class=\"control-label col-md-12\" for=\"selecttutor\">Tutor\/in:<\/label>\n    \n\n<div class=\"col-md-12\">\n      \n\n<div class=\"input-group\">\n        \n\n<div class=\"input-group-addon\"><i class=\"glyphicon glyphicon-user\"><\/i><\/div>\n\n\n        <select class=\"form-control\" id=\"selecttutor\" name=\"tutor\"> \n<option value disabled selected> -- Bitte w\u00e4hlen Sie Ihre\/n Tutor\/in aus -- <\/option>\n           [xyz-ips snippet=\"Lehrer\"]\n        <\/select>\n      <\/div>\n\n\n    <\/div>\n\n\n  <\/div>\n\n\n\n  <\/br>\n\n  \n\n<div class=\"form-group\">\n    <label class=\"control-label col-md-12\" for=\"nameofchild\">Name der Sch\u00fclerin \/ des Sch\u00fclers:<\/label>\n    \n\n<div class=\"col-md-12\">\n      \n\n<div class=\"input-group\">\n        \n\n<div class=\"input-group-addon\"><i class=\"glyphicon glyphicon-user\"><\/i><\/div>\n\n\n        <input type=\"text\" class=\"form-control\" id=\"nameofchild\" name=\"nameschueler\" placeholder=\"Name der Sch\u00fclerin \/ des Sch\u00fclers\" required>\n      <\/div>\n\n\n    <\/div>\n\n\n  <\/div>\n\n\n\n  \n\n<div class=\"form-group\">\n    <label class=\"control-label col-md-12\" for=\"acoupledays\">Nur heute krank?<\/label>\n    \n\n<div class=\"col-md-12\">\n      <input type=\"checkbox\" id=\"acoupledays\" name=\"nurheute\" value=\"ja\" checked=\"checked\" onclick=\"showMe('sickfrom', 'nurheute', 'startdate'), showMe('sickto', 'nurheute', 'enddate')\">\n    <\/div>\n\n\n  <\/div>\n\n\n\n  <\/br>\n\n  \n\n<div class=\"form-group\" id=\"sickfrom\" style=\"display:none\">\n    <\/br>\n    <label class=\"control-label col-md-12\" for=\"startdate\">Erkrankt ab:<\/label>\n    \n\n<div class=\"col-md-12\">\n      \n\n<div class=\"input-group\">\n        \n\n<div class=\"input-group-addon\"><i class=\"glyphicon glyphicon-calendar\"><\/i><\/div>\n\n\n        <input type=\"date\" data-dependent-validation='{\"from\": \"enddate\", \"prop\": \"max\"}' [xyz-ips snippet=\"Today\"] class=\"form-control\" id=\"startdate\" name=\"startdatum\" placeholder=\"Erster Abwesenheitstag\">\n      <\/div>\n\n\n    <\/div>\n\n\n  <\/div>\n\n\n\n  \n\n<div class=\"form-group\" id=\"sickto\" style=\"display:none\">\n    <label class=\"control-label col-md-12\" for=\"enddate\">Voraussichtlich erkrankt bis:<\/label>\n    \n\n<div class=\"col-md-12\">\n      \n\n<div class=\"input-group\">\n        \n\n<div class=\"input-group-addon\"><i class=\"glyphicon glyphicon-calendar\"><\/i><\/div>\n\n\n        <input type=\"date\" data-dependent-validation='{\"from\": \"startdate\", \"prop\": \"min\"}' class=\"form-control\" id=\"enddate\" name=\"enddatum\" placeholder=\"Letzter Abwesenheitstag\">\n      <\/div>\n\n\n    <\/div>\n\n\n  <\/div>\n\n\n\n  <\/br>\n\n  \n\n<div class=\"form-group\">\n    <label class=\"control-label col-md-12\" for=\"exam\">Klassenarbeit \/ Klausur \/ GFS \/ au\u00dferunterr. Veranstaltung betroffen?<\/label>\n    \n\n<div class=\"col-md-12\">\n      <input type=\"checkbox\" id=\"exam\" name=\"arbeit\" value=\"ja\" onclick=\"showMe2('teacher', 'arbeit', 'selectteacher')\">\n    <\/div>\n\n\n  <\/div>\n\n\n\n  \n\n<div class=\"form-group\" id=\"teacher\" style=\"display:none\">\n    <\/br>\n    <label class=\"control-label col-md-12\" for=\"selectteacher\">Betroffene Lehrerin \/ betroffener Lehrer:<\/label>\n    \n\n<div class=\"col-md-12\">\n      \n\n<div class=\"input-group\">\n        \n\n<div class=\"input-group-addon\"><i class=\"glyphicon glyphicon-user\"><\/i><\/div>\n\n\n        <select class=\"form-control\" id=\"selectteacher\" name=\"lehrer\"> \n<option value disabled selected> -- Bitte w\u00e4hlen Sie den betroffenen Lehrer aus -- <\/option>\n           [xyz-ips snippet=\"Lehrer\"]\n        <\/select>\n      <\/div>\n\n\n    <\/div>\n\n\n  <\/div>\n\n\n\n  <\/br>\n\n  \n\n<div class=\"form-group\">\n    <label class=\"control-label col-md-12\" for=\"nameofparent\">Ihr Name:<\/label>\n    \n\n<div class=\"col-md-12\">\n      \n\n<div class=\"input-group\">\n        \n\n<div class=\"input-group-addon\"><i class=\"glyphicon glyphicon-user\"><\/i><\/div>\n\n\n        <input type=\"text\" class=\"form-control\" id=\"nameofparent\" name=\"nameeltern\" placeholder=\"Ihr Name (Vor- und Nachname)\" required>\n      <\/div>\n\n\n    <\/div>\n\n\n  <\/div>\n\n\n\n  \n\n<div class=\"form-group\">\n    <label class=\"control-label col-md-12\" for=\"email\">Ihre E-Mail-Adresse<\/label>\n    \n\n<div class=\"col-md-12\">\n      \n\n<div class=\"input-group\">\n        \n\n<div class=\"input-group-addon\">@<\/div>\n\n\n        <input type=\"email\" class=\"form-control\" id=\"email\" name=\"mail\" pattern=\"[a-zA-Z0-9._%+-]+@[a-zA-Z0-9.-]+\\.[a-zA-Z]{2,4}$\" placeholder=\"Ihre E-Mail-Adresse\" required>\n      <\/div>\n\n\n    <\/div>\n\n\n  <\/div>\n\n --><\/p>\n<p>  <!-- Captcha --><br \/>\n<!--  \n\n<div class=\"form-group\">\n    <label class=\"control-label col-md-12\" for=\"captcha\">Captcha<\/label>\n    \n\n<div class=\"col-md-12\">\n      \n\n<p>Bitte geben Sie zur Sicherheit den folgenden Code ein:<\/p>\n\n\n      <img decoding=\"async\" id=\"captcha\" src=\"https:\/\/www.jkg-bruchsal.de\/wordpress\/inhalte\/securimage\/securimage_show.php\">\n      \n\n<div class=\"input-group\">\n        \n\n<div class=\"input-group-addon\"><i class=\"glyphicon glyphicon-pencil\"><\/i><\/div>\n\n\n        <input type=\"text\" class=\"form-control\" id=\"captcha\" name=\"captchaeingabe\" placeholder=\"Captcha\" required>\n      <\/div>\n\n\n    <\/div>\n\n\n  <\/div>\n\n\n\n  \n\n<div class=\"form-group\">\n    \n\n<div class=\"col-md-12\">\n      <button type=\"submit\" class=\"btn btn-success\">Krankmeldung abschicken<\/button>\n    <\/div>\n\n\n  <\/div>\n\n\n\n<\/form>\n\n\n\n\n\n<p style=\"color: white;\">Placeholder<\/p>\n\n --><\/p>\n","protected":false},"excerpt":{"rendered":"<p>FAQ &gt;&gt; Liebe Eltern und Erziehungsberechtigte, da sich in in Baden-W\u00fcrttemberg \u00c4nderungen der Schulbesuchsverordnung ergeben haben, die die Entschuldigungs- und Nachreichfrist betreffen, gibt es ab dem Schuljahr 2025\/26 am Justus-Knecht-Gymnasium ein neues, elektronisches Entschuldigungsverfahren \u00fcber WebUntis. Die Anleitung zur Krankmeldung und Entschuldigung f\u00fcr Eltern, Erziehungsberechtigte und vollj\u00e4hrige Sch\u00fclerinnen und Sch\u00fcler kann hier im PDF-Format heruntergeladen [&hellip;]<\/p>\n","protected":false},"author":2,"featured_media":0,"parent":0,"menu_order":0,"comment_status":"closed","ping_status":"closed","template":"donotcachepage.php","meta":{"footnotes":""},"class_list":["post-899","page","type-page","status-publish","hentry"],"_links":{"self":[{"href":"https:\/\/www.jkg-bruchsal.de\/index.php?rest_route=\/wp\/v2\/pages\/899","targetHints":{"allow":["GET"]}}],"collection":[{"href":"https:\/\/www.jkg-bruchsal.de\/index.php?rest_route=\/wp\/v2\/pages"}],"about":[{"href":"https:\/\/www.jkg-bruchsal.de\/index.php?rest_route=\/wp\/v2\/types\/page"}],"author":[{"embeddable":true,"href":"https:\/\/www.jkg-bruchsal.de\/index.php?rest_route=\/wp\/v2\/users\/2"}],"replies":[{"embeddable":true,"href":"https:\/\/www.jkg-bruchsal.de\/index.php?rest_route=%2Fwp%2Fv2%2Fcomments&post=899"}],"version-history":[{"count":17,"href":"https:\/\/www.jkg-bruchsal.de\/index.php?rest_route=\/wp\/v2\/pages\/899\/revisions"}],"predecessor-version":[{"id":16737,"href":"https:\/\/www.jkg-bruchsal.de\/index.php?rest_route=\/wp\/v2\/pages\/899\/revisions\/16737"}],"wp:attachment":[{"href":"https:\/\/www.jkg-bruchsal.de\/index.php?rest_route=%2Fwp%2Fv2%2Fmedia&parent=899"}],"curies":[{"name":"wp","href":"https:\/\/api.w.org\/{rel}","templated":true}]}}