{"id":9268,"date":"2018-10-03T17:54:14","date_gmt":"2018-10-03T15:54:14","guid":{"rendered":"https:\/\/www.jkg-bruchsal.de\/?page_id=9268"},"modified":"2018-10-03T22:33:42","modified_gmt":"2018-10-03T20:33:42","slug":"schulchronik","status":"publish","type":"page","link":"https:\/\/www.jkg-bruchsal.de\/?page_id=9268","title":{"rendered":"Schulchronik"},"content":{"rendered":"<h4>Das Justus-Knecht-Gymnasium &#8211; 125 Jahre Schulgeschichte in Bruchsal<\/h4>\n<div class=\"col-md-12\">\n<div class=\"row\">\n<div class=\"col-md-5 bootstrapfloat\">\n      <a href=\"https:\/\/www.jkg-bruchsal.de\/wordpress\/inhalte\/uploads\/2017\/12\/k-Schulchronik.jpg\" data-rel=\"lightbox-image-0\" data-rl_title=\"\" data-rl_caption=\"\" title=\"\"><img decoding=\"async\" class=\"img-responsive\" src=\"https:\/\/www.jkg-bruchsal.de\/wordpress\/inhalte\/uploads\/2017\/12\/k-Schulchronik-300x300.jpg\" alt=\"Schulchronik\" \/><\/a>\n    <\/div>\n<p>Zum 125j\u00e4hrigen Schuljubil\u00e4um des Justus-Knecht-Gymnasiums ist eine 432 Seiten umfassende Schulchronik erschienen. Das Buch beinhaltet 1200 gro\u00dfteils farbige Abbildungen und kostet \u20ac 22,80.<\/p>\n<p>Bezugsm\u00f6glichkeiten:<\/p>\n<ul>\n\ta) Abholung am JKG-Sekretariat des Hauptgeb\u00e4udes<\/p>\n<p>\tb) Das PDF-Dokument ausdrucken, ausf\u00fcllen und an die dort angegebene Adresse senden oder im Sekretariat abgeben: <a href=\"https:\/\/www.jkg-bruchsal.de\/wordpress\/inhalte\/uploads\/2018\/01\/JKG-Schulchronik-Flyer_n_Buchvorstellung.pdf\" rel=\"noopener\" target=\"_blank\">Bestellformular (PDF)<\/a><\/p>\n<p>\tc) Bestellung per Mail an chronik@jkg-bruchsal.de &#8211; in diesem Fall bitte die Adresse angeben und dazu, ob man selbst abholen m\u00f6chte oder eine Zusendung w\u00fcnscht (Versandkostenzuschuss \u20ac 3,00).<\/p>\n<\/ul>\n<p><em>Text: Kow<\/em><\/p>\n<\/p><\/div>\n<\/p><\/div>\n<p>Schulchronik<\/p>\n<hr>\n<h3>Florian Jung stellt Neuerscheinung einem interessierten Publikum in der Aula vor<\/h3>\n<div class=\"col-md-12\">\n<div class=\"row\">\n<div class=\"col-md-5 bootstrapfloat\">\n      <a href=\"https:\/\/www.jkg-bruchsal.de\/wordpress\/inhalte\/uploads\/2018\/01\/k-DSC02901.jpg\" data-rel=\"lightbox-image-1\" data-rl_title=\"\" data-rl_caption=\"\" title=\"\"><img decoding=\"async\" class=\"img-responsive\" src=\"https:\/\/www.jkg-bruchsal.de\/wordpress\/inhalte\/uploads\/2018\/01\/k-DSC02901-300x200.jpg\" alt=\"chronikvorstellung\" \/><\/a>\n    <\/div>\n<p>Einen w\u00fcrdigen Schlusspunkt zum 125-j\u00e4hrigen Jubil\u00e4um der Schule bildete die Pr\u00e4sentation der umfangreichen Schulchronik in der Aula der Schule. Nach einer flotten musikalischen Einstimmung mit &#8222;Rock around the clock&#8220; von Christian Kowollik am Klavier konnte der Schulleiter Hanspeter Gaal zahlreiche interessierte Zuh\u00f6rer begr\u00fc\u00dfen. Er verwies auf die immense Flei\u00dfarbeit des Autors, Lehrers und Historikers Florian Jung, der mit einer F\u00fclle von Daten, Fakten und Bildern die 125-j\u00e4hrige Geschichte des JKG dokumentiert und illustriert hat. <\/p>\n<p>Er dankte den Sponsoren, der Bildungsstiftung mit Gilbert B\u00fcrk, der Volksbank Bruchsal-Bretten, der Sparkasse Kraichgau, dem Freundeskreis der Schule sowie dem Verlag Regionalkultur f\u00fcr deren Unterst\u00fctzung. Als Vertreterin des Verlags Regionalkultur konnte Andrea Sitzler symbolisch den ersten Band an Florian Jung und Hanspeter Gaal \u00fcberreichen. Sie verglich die Ver\u00f6ffentlichung eines solchen Werks mit der Geburt eines Babys, das nun ins Leben entlassen werde. Es sei ein Nachschlagewerk sowie ein Lesebuch mit 432 Seiten, \u00fcber 1000 Bildern und somit ein St\u00fcck lebendig gewordener Schulgeschichte der Stadt Bruchsal. <\/p>\n<p>Der Autor Florian Jung erl\u00e4uterte anschlie\u00dfend Inhalt und Aufbau seines Werks und verwies auf die fr\u00fchere Dokumentation zum 100-j\u00e4hrigen Jubil\u00e4um. Dessen Autor Rolf Maier hatte die schlechte Dokumentenlage beklagt, was nun ihn, Florian Jung, zu umfangreichen, eigenst\u00e4ndigen Recherchen mit nahezu 1000 Telefonaten und E-Mails mit Zeitzeugen veranlasst hatte. Dies mache das Buch zu einem riesigen Gemeinschaftswerk, das ein komplettes Verzeichnis von 550 Lehrern und 7000 Abiturienten enthalte. <\/p>\n<p>Der Autor bedankte sich bei seinen Mitstreitern, bei seiner Frau f\u00fcr ihre Geduld und bei seinen Eltern f\u00fcr deren Rat als &#8222;Ehemalige&#8220;. Im Rahmen der Buchvorstellung signierte die K\u00fcnstlerin und ehemalige Lehrerin Annette Ziegler das von ihr um 1970 gefertigte &#8222;Direktorengem\u00e4lde&#8220;, das die beiden damaligen Direktoren OStD Hans Burger und StD Albrecht Weick zeigt und unterhielt die Zuh\u00f6rer noch mit witzigen Anekdoten aus dieser Zeit. Den musikalischen Abschluss bildeten das Abspielen der fr\u00fcheren JKG-Hymne &#8222;Zum letzten Mal aus unserer Mitte&#8220; in einer Aufnahme aus dem Jahr 1965 und die Darbietung der aktuellen Hymne &#8222;Hier bei uns am JKG&#8220; vom Unterstufenchor mit Anne Doppelbauer. Der viel beschworene &#8222;Spirit&#8220; und der Gemeinschaftsgeist dieser p\u00e4dagogischen Institution war hier einmal mehr zu sp\u00fcren.<\/p>\n<\/p><\/div>\n<\/p><\/div>\n<p>Text: Bl (Januar 2018)<br \/>\nFotos: Sw<\/p>\n","protected":false},"excerpt":{"rendered":"<p>Das Justus-Knecht-Gymnasium &#8211; 125 Jahre Schulgeschichte in Bruchsal Zum 125j\u00e4hrigen Schuljubil\u00e4um des Justus-Knecht-Gymnasiums ist eine 432 Seiten umfassende Schulchronik erschienen. Das Buch beinhaltet 1200 gro\u00dfteils farbige Abbildungen und kostet \u20ac 22,80. Bezugsm\u00f6glichkeiten: a) Abholung am JKG-Sekretariat des Hauptgeb\u00e4udes b) Das PDF-Dokument ausdrucken, ausf\u00fcllen und an die dort angegebene Adresse senden oder im Sekretariat abgeben: Bestellformular [&hellip;]<\/p>\n","protected":false},"author":2,"featured_media":0,"parent":64,"menu_order":0,"comment_status":"closed","ping_status":"closed","template":"","meta":{"footnotes":""},"class_list":["post-9268","page","type-page","status-publish","hentry"],"_links":{"self":[{"href":"https:\/\/www.jkg-bruchsal.de\/index.php?rest_route=\/wp\/v2\/pages\/9268","targetHints":{"allow":["GET"]}}],"collection":[{"href":"https:\/\/www.jkg-bruchsal.de\/index.php?rest_route=\/wp\/v2\/pages"}],"about":[{"href":"https:\/\/www.jkg-bruchsal.de\/index.php?rest_route=\/wp\/v2\/types\/page"}],"author":[{"embeddable":true,"href":"https:\/\/www.jkg-bruchsal.de\/index.php?rest_route=\/wp\/v2\/users\/2"}],"replies":[{"embeddable":true,"href":"https:\/\/www.jkg-bruchsal.de\/index.php?rest_route=%2Fwp%2Fv2%2Fcomments&post=9268"}],"version-history":[{"count":0,"href":"https:\/\/www.jkg-bruchsal.de\/index.php?rest_route=\/wp\/v2\/pages\/9268\/revisions"}],"up":[{"embeddable":true,"href":"https:\/\/www.jkg-bruchsal.de\/index.php?rest_route=\/wp\/v2\/pages\/64"}],"wp:attachment":[{"href":"https:\/\/www.jkg-bruchsal.de\/index.php?rest_route=%2Fwp%2Fv2%2Fmedia&parent=9268"}],"curies":[{"name":"wp","href":"https:\/\/api.w.org\/{rel}","templated":true}]}}